File manager - Edit - /var/log/apache2/domlogs/aussies6/userlogin.aussieseafoodhouse.com.au-ssl_log
Back
160.22.78.242 - - [13/Jun/2026:22:04:50 +1000] "POST /wp-cron.php?doing_wp_cron=1781352290.9115900993347167968750 HTTP/1.1" 200 - "https://userlogin.aussieseafoodhouse.com.au/wp-cron.php?doing_wp_cron=1781352290.9115900993347167968750" "WordPress/5.5.18; https://userlogin.aussieseafoodhouse.com.au"
213.171.208.62 - - [13/Jun/2026:22:04:49 +1000] "GET /wp-login.php HTTP/1.1" 200 2119 "-" "Mozilla/5.0 (X11; CrOS x86_64 14541.0.0) AppleWebKit/537.36 (KHTML, like Gecko) Chrome/133.0.0.0 Safari/537.36"
213.171.208.62 - - [13/Jun/2026:22:04:51 +1000] "POST /wp-login.php HTTP/1.1" 503 7072 "https://userlogin.aussieseafoodhouse.com.au/wp-login.php" "Mozilla/5.0 (X11; CrOS x86_64 14541.0.0) AppleWebKit/537.36 (KHTML, like Gecko) Chrome/133.0.0.0 Safari/537.36"
160.22.78.242 - - [13/Jun/2026:22:06:05 +1000] "POST /wp-cron.php?doing_wp_cron=1781352365.9843211174011230468750 HTTP/1.1" 200 - "https://userlogin.aussieseafoodhouse.com.au/wp-cron.php?doing_wp_cron=1781352365.9843211174011230468750" "WordPress/5.5.18; https://userlogin.aussieseafoodhouse.com.au"
208.109.188.137 - - [13/Jun/2026:22:06:04 +1000] "GET /wp-login.php HTTP/1.1" 200 2119 "-" "Mozilla/5.0 (Windows NT 10.0; Win64; x64) AppleWebKit/537.36 (KHTML, like Gecko) Chrome/120.0.0.0 Safari/537.36"
208.109.188.137 - - [13/Jun/2026:22:06:06 +1000] "POST /wp-login.php HTTP/1.1" 503 7071 "https://userlogin.aussieseafoodhouse.com.au/wp-login.php" "Mozilla/5.0 (Windows NT 10.0; Win64; x64) AppleWebKit/537.36 (KHTML, like Gecko) Chrome/120.0.0.0 Safari/537.36"
160.22.78.242 - - [13/Jun/2026:22:11:12 +1000] "POST /wp-cron.php?doing_wp_cron=1781352672.1604080200195312500000 HTTP/1.1" 200 - "https://userlogin.aussieseafoodhouse.com.au/wp-cron.php?doing_wp_cron=1781352672.1604080200195312500000" "WordPress/5.5.18; https://userlogin.aussieseafoodhouse.com.au"
176.65.139.232 - - [13/Jun/2026:22:11:10 +1000] "GET /.env HTTP/1.1" 404 29228 "-" "Mozilla/5.0 (Windows NT 10.0; Win64; x64) AppleWebKit/537.36 (KHTML, like Gecko) Chrome/147.0.0.0 Safari/537.36"
160.22.78.242 - - [13/Jun/2026:22:13:25 +1000] "POST /wp-cron.php?doing_wp_cron=1781352805.6404778957366943359375 HTTP/1.1" 200 - "https://userlogin.aussieseafoodhouse.com.au/wp-cron.php?doing_wp_cron=1781352805.6404778957366943359375" "WordPress/5.5.18; https://userlogin.aussieseafoodhouse.com.au"
185.68.18.52 - - [13/Jun/2026:22:13:23 +1000] "GET /wp-login.php HTTP/1.1" 200 2119 "-" "Mozilla/5.0 (Windows NT 10.0; Win64; x64) AppleWebKit/537.36 (KHTML, like Gecko) Chrome/120.0.0.0 Safari/537.36"
185.68.18.52 - - [13/Jun/2026:22:13:34 +1000] "GET /wp-login.php HTTP/1.1" 200 2119 "-" "Mozilla/5.0 (Windows NT 10.0; Win64; x64) AppleWebKit/537.36 (KHTML, like Gecko) Chrome/120.0.0.0 Safari/537.36"
34.187.227.17 - - [13/Jun/2026:22:13:37 +1000] "GET /wp-login.php HTTP/1.1" 200 2119 "-" "Mozilla/5.0 (Windows NT 10.0; Win64; x64) AppleWebKit/537.36 (KHTML, like Gecko) Chrome/120.0.0.0 Safari/537.36"
34.187.227.17 - - [13/Jun/2026:22:13:37 +1000] "POST /wp-login.php HTTP/1.1" 503 7072 "https://userlogin.aussieseafoodhouse.com.au/wp-login.php" "Mozilla/5.0 (Windows NT 10.0; Win64; x64) AppleWebKit/537.36 (KHTML, like Gecko) Chrome/120.0.0.0 Safari/537.36"
160.22.78.242 - - [13/Jun/2026:22:22:30 +1000] "POST /wp-cron.php?doing_wp_cron=1781353350.5096349716186523437500 HTTP/1.1" 200 - "https://userlogin.aussieseafoodhouse.com.au/wp-cron.php?doing_wp_cron=1781353350.5096349716186523437500" "WordPress/5.5.18; https://userlogin.aussieseafoodhouse.com.au"
185.125.27.44 - - [13/Jun/2026:22:22:28 +1000] "GET /wp-login.php HTTP/1.1" 200 2119 "-" "Mozilla/5.0 (X11; Ubuntu; Linux x86_64; rv:133.0) Gecko/20100101 Firefox/133.0"
185.125.27.44 - - [13/Jun/2026:22:22:31 +1000] "POST /wp-login.php HTTP/1.1" 503 7072 "https://www.userlogin.aussieseafoodhouse.com.au/wp-login.php" "Mozilla/5.0 (X11; Ubuntu; Linux x86_64; rv:133.0) Gecko/20100101 Firefox/133.0"
34.238.162.167 - - [13/Jun/2026:22:22:49 +1000] "GET / HTTP/1.1" 301 - "https://www.google.com/" "Mozilla/5.0 (X11; Linux x86_64) AppleWebKit/537.36 (KHTML, like Gecko) Chrome/124.0.0.0 Safari/537.36"
34.238.162.167 - - [13/Jun/2026:22:22:51 +1000] "GET / HTTP/1.1" 200 12445 "https://www.google.com/" "Mozilla/5.0 (X11; Linux x86_64) AppleWebKit/537.36 (KHTML, like Gecko) Chrome/124.0.0.0 Safari/537.36"
34.238.162.167 - - [13/Jun/2026:22:22:51 +1000] "GET /wp-content/plugins/woocommerce/assets/js/js-cookie/js.cookie.min.js?ver=2.1.4 HTTP/1.1" 200 982 "https://www.userlogin.aussieseafoodhouse.com.au" "Mozilla/5.0 (X11; Linux x86_64) AppleWebKit/537.36 (KHTML, like Gecko) Chrome/124.0.0.0 Safari/537.36"
34.238.162.167 - - [13/Jun/2026:22:22:51 +1000] "GET /wp-includes/js/jquery/jquery.js?ver=1.12.4-wp HTTP/1.1" 200 33776 "https://www.userlogin.aussieseafoodhouse.com.au" "Mozilla/5.0 (X11; Linux x86_64) AppleWebKit/537.36 (KHTML, like Gecko) Chrome/124.0.0.0 Safari/537.36"
34.238.162.167 - - [13/Jun/2026:22:22:52 +1000] "GET /wp-content/plugins/woocommerce-thumbnail-input-quantities/wpbo_thumbnail_input_validation.js?ver=5.5.18 HTTP/1.1" 200 428 "https://www.userlogin.aussieseafoodhouse.com.au" "Mozilla/5.0 (X11; Linux x86_64) AppleWebKit/537.36 (KHTML, like Gecko) Chrome/124.0.0.0 Safari/537.36"
34.238.162.167 - - [13/Jun/2026:22:22:52 +1000] "GET /wp-content/themes/vantage/js/html5.min.js?ver=3.7.3 HTTP/1.1" 200 1228 "https://www.userlogin.aussieseafoodhouse.com.au" "Mozilla/5.0 (X11; Linux x86_64) AppleWebKit/537.36 (KHTML, like Gecko) Chrome/124.0.0.0 Safari/537.36"
34.238.162.167 - - [13/Jun/2026:22:22:52 +1000] "GET /wp-content/themes/vantage/js/jquery.flexslider.min.js?ver=2.1 HTTP/1.1" 200 6232 "https://www.userlogin.aussieseafoodhouse.com.au" "Mozilla/5.0 (X11; Linux x86_64) AppleWebKit/537.36 (KHTML, like Gecko) Chrome/124.0.0.0 Safari/537.36"
34.238.162.167 - - [13/Jun/2026:22:22:52 +1000] "GET /wp-content/themes/vantage/js/selectivizr.min.js?ver=1.0.2 HTTP/1.1" 200 21 "https://www.userlogin.aussieseafoodhouse.com.au" "Mozilla/5.0 (X11; Linux x86_64) AppleWebKit/537.36 (KHTML, like Gecko) Chrome/124.0.0.0 Safari/537.36"
34.238.162.167 - - [13/Jun/2026:22:22:52 +1000] "GET /wp-content/themes/vantage/js/jquery.touchSwipe.min.js?ver=1.6.6 HTTP/1.1" 200 3672 "https://www.userlogin.aussieseafoodhouse.com.au" "Mozilla/5.0 (X11; Linux x86_64) AppleWebKit/537.36 (KHTML, like Gecko) Chrome/124.0.0.0 Safari/537.36"
34.238.162.167 - - [13/Jun/2026:22:22:52 +1000] "GET /wp-content/themes/vantage/inc/mobilenav/js/mobilenav.min.js?ver=1.6.9 HTTP/1.1" 200 1072 "https://www.userlogin.aussieseafoodhouse.com.au" "Mozilla/5.0 (X11; Linux x86_64) AppleWebKit/537.36 (KHTML, like Gecko) Chrome/124.0.0.0 Safari/537.36"
34.238.162.167 - - [13/Jun/2026:22:22:52 +1000] "GET /wp-content/themes/vantage/js/jquery.theme-main.min.js?ver=1.6.9 HTTP/1.1" 200 2486 "https://www.userlogin.aussieseafoodhouse.com.au" "Mozilla/5.0 (X11; Linux x86_64) AppleWebKit/537.36 (KHTML, like Gecko) Chrome/124.0.0.0 Safari/537.36"
34.238.162.167 - - [13/Jun/2026:22:22:52 +1000] "GET /wp-content/themes/vantage/js/jquery.fitvids.min.js?ver=1.0 HTTP/1.1" 200 797 "https://www.userlogin.aussieseafoodhouse.com.au" "Mozilla/5.0 (X11; Linux x86_64) AppleWebKit/537.36 (KHTML, like Gecko) Chrome/124.0.0.0 Safari/537.36"
34.238.162.167 - - [13/Jun/2026:22:22:52 +1000] "GET /wp-content/plugins/woocommerce/assets/js/jquery-blockui/jquery.blockUI.min.js?ver=2.70 HTTP/1.1" 200 3491 "https://www.userlogin.aussieseafoodhouse.com.au" "Mozilla/5.0 (X11; Linux x86_64) AppleWebKit/537.36 (KHTML, like Gecko) Chrome/124.0.0.0 Safari/537.36"
34.238.162.167 - - [13/Jun/2026:22:22:52 +1000] "GET /wp-content/plugins/woocommerce/assets/js/frontend/add-to-cart.min.js?ver=5.5.5 HTTP/1.1" 200 1086 "https://www.userlogin.aussieseafoodhouse.com.au" "Mozilla/5.0 (X11; Linux x86_64) AppleWebKit/537.36 (KHTML, like Gecko) Chrome/124.0.0.0 Safari/537.36"
34.238.162.167 - - [13/Jun/2026:22:22:52 +1000] "GET /wp-content/plugins/woocommerce/assets/js/frontend/woocommerce.min.js?ver=5.5.5 HTTP/1.1" 200 794 "https://www.userlogin.aussieseafoodhouse.com.au" "Mozilla/5.0 (X11; Linux x86_64) AppleWebKit/537.36 (KHTML, like Gecko) Chrome/124.0.0.0 Safari/537.36"
34.238.162.167 - - [13/Jun/2026:22:22:52 +1000] "GET /wp-content/plugins/woocommerce/assets/js/frontend/cart-fragments.min.js?ver=5.5.5 HTTP/1.1" 200 1039 "https://www.userlogin.aussieseafoodhouse.com.au" "Mozilla/5.0 (X11; Linux x86_64) AppleWebKit/537.36 (KHTML, like Gecko) Chrome/124.0.0.0 Safari/537.36"
34.238.162.167 - - [13/Jun/2026:22:22:52 +1000] "GET /wp-includes/js/wp-embed.min.js?ver=5.5.18 HTTP/1.1" 200 804 "https://www.userlogin.aussieseafoodhouse.com.au" "Mozilla/5.0 (X11; Linux x86_64) AppleWebKit/537.36 (KHTML, like Gecko) Chrome/124.0.0.0 Safari/537.36"
34.238.162.167 - - [13/Jun/2026:22:22:52 +1000] "GET /wp-content/plugins/ml-slider/assets/sliders/flexslider/jquery.flexslider.min.js?ver=3.20.3 HTTP/1.1" 200 6671 "https://www.userlogin.aussieseafoodhouse.com.au" "Mozilla/5.0 (X11; Linux x86_64) AppleWebKit/537.36 (KHTML, like Gecko) Chrome/124.0.0.0 Safari/537.36"
34.238.162.167 - - [13/Jun/2026:22:22:52 +1000] "GET /wp-content/plugins/page-links-to/dist/new-tab.js?ver=3.3.5 HTTP/1.1" 200 8819 "https://www.userlogin.aussieseafoodhouse.com.au" "Mozilla/5.0 (X11; Linux x86_64) AppleWebKit/537.36 (KHTML, like Gecko) Chrome/124.0.0.0 Safari/537.36"
34.238.162.167 - - [13/Jun/2026:22:22:52 +1000] "GET /wp-content/plugins/ml-slider-pro/assets/public.js?ver=2.7.1 HTTP/1.1" 200 512 "https://www.userlogin.aussieseafoodhouse.com.au" "Mozilla/5.0 (X11; Linux x86_64) AppleWebKit/537.36 (KHTML, like Gecko) Chrome/124.0.0.0 Safari/537.36"
160.22.78.242 - - [13/Jun/2026:22:28:04 +1000] "POST /wp-cron.php?doing_wp_cron=1781353684.3596990108489990234375 HTTP/1.1" 200 - "https://userlogin.aussieseafoodhouse.com.au/wp-cron.php?doing_wp_cron=1781353684.3596990108489990234375" "WordPress/5.5.18; https://userlogin.aussieseafoodhouse.com.au"
180.93.137.9 - - [13/Jun/2026:22:28:02 +1000] "GET /wp-login.php HTTP/1.1" 200 2119 "-" "Mozilla/5.0 (Windows NT 10.0; Win64; x64) AppleWebKit/537.36 (KHTML, like Gecko) Chrome/120.0.0.0 Safari/537.36"
180.93.137.9 - - [13/Jun/2026:22:28:05 +1000] "POST /wp-login.php HTTP/1.1" 503 7072 "https://userlogin.aussieseafoodhouse.com.au/wp-login.php" "Mozilla/5.0 (Windows NT 10.0; Win64; x64) AppleWebKit/537.36 (KHTML, like Gecko) Chrome/120.0.0.0 Safari/537.36"
151.80.18.185 - - [13/Jun/2026:22:28:08 +1000] "GET /wp-login.php HTTP/1.1" 200 2119 "-" "Mozilla/5.0 (Macintosh; Intel Mac OS X 14_7_4) AppleWebKit/537.36 (KHTML, like Gecko) Chrome/133.0.0.0 Safari/537.36"
185.125.27.44 - - [13/Jun/2026:22:28:09 +1000] "GET /wp-login.php HTTP/1.1" 503 7121 "-" "Mozilla/5.0 (Windows NT 10.0; Win64; x64) AppleWebKit/537.36 (KHTML, like Gecko) Chrome/133.0.0.0 Safari/537.36"
151.80.18.185 - - [13/Jun/2026:22:28:09 +1000] "POST /wp-login.php HTTP/1.1" 503 7072 "https://userlogin.aussieseafoodhouse.com.au/wp-login.php" "Mozilla/5.0 (Macintosh; Intel Mac OS X 14_7_4) AppleWebKit/537.36 (KHTML, like Gecko) Chrome/133.0.0.0 Safari/537.36"
185.125.27.44 - - [13/Jun/2026:22:28:10 +1000] "POST /wp-login.php HTTP/1.1" 503 7121 "https://userlogin.aussieseafoodhouse.com.au/wp-login.php" "Mozilla/5.0 (Windows NT 10.0; Win64; x64) AppleWebKit/537.36 (KHTML, like Gecko) Chrome/133.0.0.0 Safari/537.36"
160.22.78.242 - - [13/Jun/2026:22:31:25 +1000] "POST /wp-cron.php?doing_wp_cron=1781353885.2327589988708496093750 HTTP/1.1" 200 - "https://userlogin.aussieseafoodhouse.com.au/wp-cron.php?doing_wp_cron=1781353885.2327589988708496093750" "WordPress/5.5.18; https://userlogin.aussieseafoodhouse.com.au"
62.84.186.183 - - [13/Jun/2026:22:31:22 +1000] "GET /wp-login.php HTTP/1.1" 200 2119 "-" "Mozilla/5.0 (X11; Ubuntu; Linux x86_64) AppleWebKit/537.36 (KHTML, like Gecko) Chrome/133.0.0.0 Safari/537.36"
62.84.186.183 - - [13/Jun/2026:22:31:26 +1000] "POST /wp-login.php HTTP/1.1" 503 7072 "https://userlogin.aussieseafoodhouse.com.au/wp-login.php" "Mozilla/5.0 (X11; Ubuntu; Linux x86_64) AppleWebKit/537.36 (KHTML, like Gecko) Chrome/133.0.0.0 Safari/537.36"
217.160.212.27 - - [13/Jun/2026:22:33:22 +1000] "GET /wp-login.php HTTP/1.1" 200 2119 "-" "Mozilla/5.0 (X11; Ubuntu; Linux x86_64; rv:133.0) Gecko/20100101 Firefox/133.0"
217.160.212.27 - - [13/Jun/2026:22:33:25 +1000] "POST /wp-login.php HTTP/1.1" 503 7072 "https://www.userlogin.aussieseafoodhouse.com.au/wp-login.php" "Mozilla/5.0 (X11; Ubuntu; Linux x86_64; rv:133.0) Gecko/20100101 Firefox/133.0"
160.22.78.242 - - [13/Jun/2026:22:33:23 +1000] "POST /wp-cron.php?doing_wp_cron=1781354003.9493980407714843750000 HTTP/1.1" 200 - "https://userlogin.aussieseafoodhouse.com.au/wp-cron.php?doing_wp_cron=1781354003.9493980407714843750000" "WordPress/5.5.18; https://userlogin.aussieseafoodhouse.com.au"
160.22.78.242 - - [13/Jun/2026:22:36:19 +1000] "POST /wp-cron.php?doing_wp_cron=1781354179.3789360523223876953125 HTTP/1.1" 200 - "https://userlogin.aussieseafoodhouse.com.au/wp-cron.php?doing_wp_cron=1781354179.3789360523223876953125" "WordPress/5.5.18; https://userlogin.aussieseafoodhouse.com.au"
167.86.85.122 - - [13/Jun/2026:22:36:17 +1000] "GET /wp-login.php HTTP/1.1" 200 2119 "-" "Mozilla/5.0 (Windows NT 10.0; Win64; x64) AppleWebKit/537.36 (KHTML, like Gecko) Chrome/120.0.0.0 Safari/537.36"
167.86.85.122 - - [13/Jun/2026:22:36:24 +1000] "GET /wp-login.php HTTP/1.1" 200 2119 "-" "Mozilla/5.0 (Windows NT 10.0; Win64; x64) AppleWebKit/537.36 (KHTML, like Gecko) Chrome/120.0.0.0 Safari/537.36"
167.86.85.122 - - [13/Jun/2026:22:36:25 +1000] "POST /wp-login.php HTTP/1.1" 503 7072 "https://userlogin.aussieseafoodhouse.com.au/wp-login.php" "Mozilla/5.0 (Windows NT 10.0; Win64; x64) AppleWebKit/537.36 (KHTML, like Gecko) Chrome/120.0.0.0 Safari/537.36"
160.22.78.242 - - [13/Jun/2026:22:45:17 +1000] "POST /wp-cron.php?doing_wp_cron=1781354717.4546329975128173828125 HTTP/1.1" 200 - "https://userlogin.aussieseafoodhouse.com.au/wp-cron.php?doing_wp_cron=1781354717.4546329975128173828125" "WordPress/5.5.18; https://userlogin.aussieseafoodhouse.com.au"
168.63.79.147 - - [13/Jun/2026:22:45:15 +1000] "GET /wp-login.php HTTP/1.1" 200 2119 "-" "Mozilla/5.0 (Windows NT 10.0; Win64; x64; rv:133.0) Gecko/20100101 Firefox/133.0"
168.63.79.147 - - [13/Jun/2026:22:45:36 +1000] "GET /wp-json/wp/v2/users/me HTTP/1.1" 401 102 "-" "Mozilla/5.0 (Windows NT 10.0; Win64; x64; rv:133.0) Gecko/20100101 Firefox/133.0"
160.22.78.242 - - [13/Jun/2026:22:48:44 +1000] "POST /wp-cron.php?doing_wp_cron=1781354924.6913149356842041015625 HTTP/1.1" 200 - "https://userlogin.aussieseafoodhouse.com.au/wp-cron.php?doing_wp_cron=1781354924.6913149356842041015625" "WordPress/5.5.18; https://userlogin.aussieseafoodhouse.com.au"
185.131.55.251 - - [13/Jun/2026:22:48:42 +1000] "GET /wp-login.php HTTP/1.1" 200 2119 "-" "Mozilla/5.0 (X11; Fedora; Linux x86_64) AppleWebKit/537.36 (KHTML, like Gecko) Chrome/133.0.0.0 Safari/537.36"
185.131.55.251 - - [13/Jun/2026:22:48:45 +1000] "POST /wp-login.php HTTP/1.1" 503 7072 "https://userlogin.aussieseafoodhouse.com.au/wp-login.php" "Mozilla/5.0 (X11; Fedora; Linux x86_64) AppleWebKit/537.36 (KHTML, like Gecko) Chrome/133.0.0.0 Safari/537.36"
160.22.78.242 - - [13/Jun/2026:22:54:18 +1000] "POST /wp-cron.php?doing_wp_cron=1781355258.1330211162567138671875 HTTP/1.1" 200 - "https://userlogin.aussieseafoodhouse.com.au/wp-cron.php?doing_wp_cron=1781355258.1330211162567138671875" "WordPress/5.5.18; https://userlogin.aussieseafoodhouse.com.au"
202.172.25.51 - - [13/Jun/2026:22:54:15 +1000] "GET /wp-login.php HTTP/1.1" 200 2119 "-" "Mozilla/5.0 (Windows NT 10.0; Win64; x64) AppleWebKit/537.36 (KHTML, like Gecko) Chrome/120.0.0.0 Safari/537.36"
160.22.78.242 - - [13/Jun/2026:23:02:44 +1000] "POST /wp-cron.php?doing_wp_cron=1781355764.7104539871215820312500 HTTP/1.1" 200 - "https://userlogin.aussieseafoodhouse.com.au/wp-cron.php?doing_wp_cron=1781355764.7104539871215820312500" "WordPress/5.5.18; https://userlogin.aussieseafoodhouse.com.au"
103.95.119.103 - - [13/Jun/2026:23:02:42 +1000] "GET /wp-login.php HTTP/1.1" 200 2119 "-" "Mozilla/5.0 (Windows NT 10.0; Win64; x64) AppleWebKit/537.36 (KHTML, like Gecko) Chrome/120.0.0.0 Safari/537.36"
103.95.119.103 - - [13/Jun/2026:23:02:45 +1000] "POST /wp-login.php HTTP/1.1" 503 7072 "https://userlogin.aussieseafoodhouse.com.au/wp-login.php" "Mozilla/5.0 (Windows NT 10.0; Win64; x64) AppleWebKit/537.36 (KHTML, like Gecko) Chrome/120.0.0.0 Safari/537.36"
160.22.78.242 - - [13/Jun/2026:23:03:29 +1000] "POST /wp-cron.php?doing_wp_cron=1781355809.9358170032501220703125 HTTP/1.1" 200 - "https://userlogin.aussieseafoodhouse.com.au/wp-cron.php?doing_wp_cron=1781355809.9358170032501220703125" "WordPress/5.5.18; https://userlogin.aussieseafoodhouse.com.au"
132.255.164.117 - - [13/Jun/2026:23:03:28 +1000] "GET /wp-login.php HTTP/1.1" 200 2119 "-" "Mozilla/5.0 (Windows NT 10.0; Win64; x64) AppleWebKit/537.36 (KHTML, like Gecko) Chrome/120.0.0.0 Safari/537.36"
132.255.164.117 - - [13/Jun/2026:23:03:31 +1000] "GET /wp-login.php HTTP/1.1" 200 2119 "-" "Mozilla/5.0 (Windows NT 10.0; Win64; x64) AppleWebKit/537.36 (KHTML, like Gecko) Chrome/120.0.0.0 Safari/537.36"
132.255.164.117 - - [13/Jun/2026:23:03:31 +1000] "POST /wp-login.php HTTP/1.1" 503 7073 "https://userlogin.aussieseafoodhouse.com.au/wp-login.php" "Mozilla/5.0 (Windows NT 10.0; Win64; x64) AppleWebKit/537.36 (KHTML, like Gecko) Chrome/120.0.0.0 Safari/537.36"
162.254.36.150 - - [13/Jun/2026:23:07:07 +1000] "GET /wp-login.php HTTP/1.1" 503 7120 "-" "Mozilla/5.0 (Windows NT 10.0) AppleWebKit/537.36 (KHTML, like Gecko) Chrome/133.0.0.0 Safari/537.36"
162.254.36.150 - - [13/Jun/2026:23:07:10 +1000] "POST /wp-login.php HTTP/1.1" 503 7121 "https://www.userlogin.aussieseafoodhouse.com.au/wp-login.php" "Mozilla/5.0 (Windows NT 10.0) AppleWebKit/537.36 (KHTML, like Gecko) Chrome/133.0.0.0 Safari/537.36"
94.23.12.112 - - [13/Jun/2026:23:10:07 +1000] "GET /wp-login.php HTTP/1.1" 200 2119 "-" "Mozilla/5.0 (X11; Linux x86_64) AppleWebKit/537.36 (KHTML, like Gecko) Chrome/133.0.0.0 Safari/537.36 Edg/133.0.0.0"
94.23.12.112 - - [13/Jun/2026:23:10:10 +1000] "POST /wp-login.php HTTP/1.1" 503 7071 "https://userlogin.aussieseafoodhouse.com.au/wp-login.php" "Mozilla/5.0 (X11; Linux x86_64) AppleWebKit/537.36 (KHTML, like Gecko) Chrome/133.0.0.0 Safari/537.36 Edg/133.0.0.0"
160.22.78.242 - - [13/Jun/2026:23:10:08 +1000] "POST /wp-cron.php?doing_wp_cron=1781356208.8890900611877441406250 HTTP/1.1" 200 - "https://userlogin.aussieseafoodhouse.com.au/wp-cron.php?doing_wp_cron=1781356208.8890900611877441406250" "WordPress/5.5.18; https://userlogin.aussieseafoodhouse.com.au"
160.22.78.242 - - [13/Jun/2026:23:11:19 +1000] "POST /wp-cron.php?doing_wp_cron=1781356279.7487208843231201171875 HTTP/1.1" 200 - "https://userlogin.aussieseafoodhouse.com.au/wp-cron.php?doing_wp_cron=1781356279.7487208843231201171875" "WordPress/5.5.18; https://userlogin.aussieseafoodhouse.com.au"
149.28.167.253 - - [13/Jun/2026:23:11:18 +1000] "GET /wp-login.php HTTP/1.1" 200 2119 "-" "Mozilla/5.0 (Windows NT 10.0; Win64; x64) AppleWebKit/537.36 (KHTML, like Gecko) Chrome/120.0.0.0 Safari/537.36"
160.22.78.242 - - [13/Jun/2026:23:11:35 +1000] "GET /wp-json/wp/v2/types/post?context=edit HTTP/1.1" 401 126 "https://userlogin.aussieseafoodhouse.com.au/wp-json/wp/v2/types/post?context=edit" "WordPress/5.5.18; https://userlogin.aussieseafoodhouse.com.au"
160.22.78.242 - - [13/Jun/2026:23:11:36 +1000] "POST /wp-admin/admin-ajax.php HTTP/1.1" 400 21 "https://userlogin.aussieseafoodhouse.com.au/wp-admin/admin-ajax.php" "WordPress/5.5.18; https://userlogin.aussieseafoodhouse.com.au"
149.28.167.253 - - [13/Jun/2026:23:11:35 +1000] "GET /wp-login.php HTTP/1.1" 200 2119 "-" "Mozilla/5.0 (Windows NT 10.0; Win64; x64) AppleWebKit/537.36 (KHTML, like Gecko) Chrome/120.0.0.0 Safari/537.36"
160.22.78.242 - - [13/Jun/2026:23:11:36 +1000] "POST /wp-admin/admin-ajax.php HTTP/1.1" 400 21 "https://userlogin.aussieseafoodhouse.com.au/wp-admin/admin-ajax.php" "WordPress/5.5.18; https://userlogin.aussieseafoodhouse.com.au"
160.22.78.242 - - [13/Jun/2026:23:11:36 +1000] "POST /wp-admin/admin-ajax.php HTTP/1.1" 400 21 "https://userlogin.aussieseafoodhouse.com.au/wp-admin/admin-ajax.php" "WordPress/5.5.18; https://userlogin.aussieseafoodhouse.com.au"
160.22.78.242 - - [13/Jun/2026:23:11:35 +1000] "POST /wp-cron.php?doing_wp_cron=1781356295.4926440715789794921875 HTTP/1.1" 200 - "https://userlogin.aussieseafoodhouse.com.au/wp-cron.php?doing_wp_cron=1781356295.4926440715789794921875" "WordPress/5.5.18; https://userlogin.aussieseafoodhouse.com.au"
149.28.167.253 - - [13/Jun/2026:23:11:38 +1000] "POST /wp-login.php HTTP/1.1" 503 7072 "https://userlogin.aussieseafoodhouse.com.au/wp-login.php" "Mozilla/5.0 (Windows NT 10.0; Win64; x64) AppleWebKit/537.36 (KHTML, like Gecko) Chrome/120.0.0.0 Safari/537.36"
160.22.78.242 - - [13/Jun/2026:23:29:23 +1000] "POST /wp-cron.php?doing_wp_cron=1781357363.2008800506591796875000 HTTP/1.1" 200 - "https://userlogin.aussieseafoodhouse.com.au/wp-cron.php?doing_wp_cron=1781357363.2008800506591796875000" "WordPress/5.5.18; https://userlogin.aussieseafoodhouse.com.au"
209.87.149.26 - - [13/Jun/2026:23:29:21 +1000] "GET /wp-login.php HTTP/1.1" 200 2119 "-" "Mozilla/5.0 (Macintosh; Intel Mac OS X 10_15_7) AppleWebKit/537.36 (KHTML, like Gecko) Chrome/133.0.0.0 Safari/537.36"
209.87.149.26 - - [13/Jun/2026:23:29:23 +1000] "POST /wp-login.php HTTP/1.1" 503 7072 "https://www.userlogin.aussieseafoodhouse.com.au/wp-login.php" "Mozilla/5.0 (Macintosh; Intel Mac OS X 10_15_7) AppleWebKit/537.36 (KHTML, like Gecko) Chrome/133.0.0.0 Safari/537.36"
160.22.78.242 - - [13/Jun/2026:23:39:48 +1000] "POST /wp-cron.php?doing_wp_cron=1781357988.1381020545959472656250 HTTP/1.1" 200 - "https://userlogin.aussieseafoodhouse.com.au/wp-cron.php?doing_wp_cron=1781357988.1381020545959472656250" "WordPress/5.5.18; https://userlogin.aussieseafoodhouse.com.au"
103.255.134.61 - - [13/Jun/2026:23:39:46 +1000] "GET /wp-login.php HTTP/1.1" 200 2119 "-" "Mozilla/5.0 (Macintosh; Intel Mac OS X 11_7_10) AppleWebKit/537.36 (KHTML, like Gecko) Chrome/133.0.0.0 Safari/537.36"
103.255.134.61 - - [13/Jun/2026:23:39:48 +1000] "POST /wp-login.php HTTP/1.1" 503 7072 "https://www.userlogin.aussieseafoodhouse.com.au/wp-login.php" "Mozilla/5.0 (Macintosh; Intel Mac OS X 11_7_10) AppleWebKit/537.36 (KHTML, like Gecko) Chrome/133.0.0.0 Safari/537.36"
160.22.78.242 - - [13/Jun/2026:23:49:06 +1000] "POST /wp-cron.php?doing_wp_cron=1781358546.8308279514312744140625 HTTP/1.1" 200 - "https://userlogin.aussieseafoodhouse.com.au/wp-cron.php?doing_wp_cron=1781358546.8308279514312744140625" "WordPress/5.5.18; https://userlogin.aussieseafoodhouse.com.au"
192.185.4.126 - - [13/Jun/2026:23:49:04 +1000] "GET /wp-login.php HTTP/1.1" 200 2119 "-" "Mozilla/5.0 (Windows NT 10.0; Win64; x64) AppleWebKit/537.36 (KHTML, like Gecko) Chrome/120.0.0.0 Safari/537.36"
192.185.4.126 - - [13/Jun/2026:23:49:08 +1000] "GET /wp-login.php HTTP/1.1" 200 2119 "-" "Mozilla/5.0 (Windows NT 10.0; Win64; x64) AppleWebKit/537.36 (KHTML, like Gecko) Chrome/120.0.0.0 Safari/537.36"
192.185.4.126 - - [13/Jun/2026:23:49:09 +1000] "POST /wp-login.php HTTP/1.1" 503 7072 "https://userlogin.aussieseafoodhouse.com.au/wp-login.php" "Mozilla/5.0 (Windows NT 10.0; Win64; x64) AppleWebKit/537.36 (KHTML, like Gecko) Chrome/120.0.0.0 Safari/537.36"
160.22.78.242 - - [13/Jun/2026:23:53:14 +1000] "POST /wp-cron.php?doing_wp_cron=1781358794.2752470970153808593750 HTTP/1.1" 200 - "https://userlogin.aussieseafoodhouse.com.au/wp-cron.php?doing_wp_cron=1781358794.2752470970153808593750" "WordPress/5.5.18; https://userlogin.aussieseafoodhouse.com.au"
208.68.37.246 - - [13/Jun/2026:23:53:12 +1000] "GET /wp-login.php HTTP/1.1" 200 2119 "-" "Mozilla/5.0 (X11; Linux x86_64) AppleWebKit/537.36 (KHTML, like Gecko) Chrome/133.0.0.0 Safari/537.36 Edg/133.0.0.0"
208.68.37.246 - - [13/Jun/2026:23:53:15 +1000] "POST /wp-login.php HTTP/1.1" 503 7073 "https://userlogin.aussieseafoodhouse.com.au/wp-login.php" "Mozilla/5.0 (X11; Linux x86_64) AppleWebKit/537.36 (KHTML, like Gecko) Chrome/133.0.0.0 Safari/537.36 Edg/133.0.0.0"
160.22.78.242 - - [13/Jun/2026:23:58:09 +1000] "POST /wp-cron.php?doing_wp_cron=1781359089.5747249126434326171875 HTTP/1.1" 200 - "https://userlogin.aussieseafoodhouse.com.au/wp-cron.php?doing_wp_cron=1781359089.5747249126434326171875" "WordPress/5.5.18; https://userlogin.aussieseafoodhouse.com.au"
107.189.29.12 - - [13/Jun/2026:23:58:07 +1000] "POST / HTTP/1.1" 200 12445 "-" "python-requests/2.33.1"
160.22.78.242 - - [14/Jun/2026:00:02:08 +1000] "POST /wp-cron.php?doing_wp_cron=1781359328.4275488853454589843750 HTTP/1.1" 200 - "https://userlogin.aussieseafoodhouse.com.au/wp-cron.php?doing_wp_cron=1781359328.4275488853454589843750" "WordPress/5.5.18; https://userlogin.aussieseafoodhouse.com.au"
80.82.115.208 - - [14/Jun/2026:00:02:06 +1000] "GET /wp-login.php HTTP/1.1" 200 2119 "-" "Mozilla/5.0 (Macintosh; Intel Mac OS X 14_7_4) AppleWebKit/537.36 (KHTML, like Gecko) Chrome/133.0.0.0 Safari/537.36"
80.82.115.208 - - [14/Jun/2026:00:02:12 +1000] "POST /wp-login.php HTTP/1.1" 503 7072 "https://www.userlogin.aussieseafoodhouse.com.au/wp-login.php" "Mozilla/5.0 (Macintosh; Intel Mac OS X 14_7_4) AppleWebKit/537.36 (KHTML, like Gecko) Chrome/133.0.0.0 Safari/537.36"
160.22.78.242 - - [14/Jun/2026:00:07:43 +1000] "POST /wp-cron.php?doing_wp_cron=1781359663.9673080444335937500000 HTTP/1.1" 200 - "https://userlogin.aussieseafoodhouse.com.au/wp-cron.php?doing_wp_cron=1781359663.9673080444335937500000" "WordPress/5.5.18; https://userlogin.aussieseafoodhouse.com.au"
208.109.188.137 - - [14/Jun/2026:00:07:42 +1000] "GET /wp-login.php HTTP/1.1" 200 2119 "-" "Mozilla/5.0 (X11; CrOS x86_64 14541.0.0) AppleWebKit/537.36 (KHTML, like Gecko) Chrome/133.0.0.0 Safari/537.36"
208.109.188.137 - - [14/Jun/2026:00:07:45 +1000] "POST /wp-login.php HTTP/1.1" 503 7073 "https://userlogin.aussieseafoodhouse.com.au/wp-login.php" "Mozilla/5.0 (X11; CrOS x86_64 14541.0.0) AppleWebKit/537.36 (KHTML, like Gecko) Chrome/133.0.0.0 Safari/537.36"
192.185.4.61 - - [14/Jun/2026:00:12:47 +1000] "GET /wp-login.php HTTP/1.1" 200 2119 "-" "Mozilla/5.0 (Windows NT 10.0; Win64; x64) AppleWebKit/537.36 (KHTML, like Gecko) Chrome/120.0.0.0 Safari/537.36"
160.22.78.242 - - [14/Jun/2026:00:12:49 +1000] "POST /wp-cron.php?doing_wp_cron=1781359968.9963328838348388671875 HTTP/1.1" 200 - "https://userlogin.aussieseafoodhouse.com.au/wp-cron.php?doing_wp_cron=1781359968.9963328838348388671875" "WordPress/5.5.18; https://userlogin.aussieseafoodhouse.com.au"
104.236.222.1 - - [14/Jun/2026:00:12:47 +1000] "GET /wp-login.php HTTP/1.1" 200 2119 "-" "Mozilla/5.0 (X11; Ubuntu; Linux x86_64; rv:133.0) Gecko/20100101 Firefox/133.0"
192.185.4.61 - - [14/Jun/2026:00:12:49 +1000] "POST /wp-login.php HTTP/1.1" 503 7072 "https://userlogin.aussieseafoodhouse.com.au/wp-login.php" "Mozilla/5.0 (Windows NT 10.0; Win64; x64) AppleWebKit/537.36 (KHTML, like Gecko) Chrome/120.0.0.0 Safari/537.36"
104.236.222.1 - - [14/Jun/2026:00:12:50 +1000] "POST /wp-login.php HTTP/1.1" 503 7072 "https://www.userlogin.aussieseafoodhouse.com.au/wp-login.php" "Mozilla/5.0 (X11; Ubuntu; Linux x86_64; rv:133.0) Gecko/20100101 Firefox/133.0"
160.22.78.242 - - [14/Jun/2026:00:13:39 +1000] "POST /wp-cron.php?doing_wp_cron=1781360019.3242249488830566406250 HTTP/1.1" 200 - "https://userlogin.aussieseafoodhouse.com.au/wp-cron.php?doing_wp_cron=1781360019.3242249488830566406250" "WordPress/5.5.18; https://userlogin.aussieseafoodhouse.com.au"
165.22.116.110 - - [14/Jun/2026:00:13:37 +1000] "GET /wp-login.php HTTP/1.1" 200 2119 "-" "Mozilla/5.0 (Windows NT 10.0; Win64; x64) AppleWebKit/537.36 (KHTML, like Gecko) Chrome/120.0.0.0 Safari/537.36"
165.22.116.110 - - [14/Jun/2026:00:13:40 +1000] "GET /wp-login.php HTTP/1.1" 200 2119 "-" "Mozilla/5.0 (Windows NT 10.0; Win64; x64) AppleWebKit/537.36 (KHTML, like Gecko) Chrome/120.0.0.0 Safari/537.36"
165.22.116.110 - - [14/Jun/2026:00:13:40 +1000] "POST /wp-login.php HTTP/1.1" 503 7072 "https://userlogin.aussieseafoodhouse.com.au/wp-login.php" "Mozilla/5.0 (Windows NT 10.0; Win64; x64) AppleWebKit/537.36 (KHTML, like Gecko) Chrome/120.0.0.0 Safari/537.36"
160.22.78.242 - - [14/Jun/2026:00:15:10 +1000] "POST /wp-cron.php?doing_wp_cron=1781360110.9534170627593994140625 HTTP/1.1" 200 - "https://userlogin.aussieseafoodhouse.com.au/wp-cron.php?doing_wp_cron=1781360110.9534170627593994140625" "WordPress/5.5.18; https://userlogin.aussieseafoodhouse.com.au"
62.60.201.34 - - [14/Jun/2026:00:15:08 +1000] "GET /wp-login.php HTTP/1.1" 200 2119 "-" "Mozilla/5.0 (X11; Linux x86_64) AppleWebKit/537.36 (KHTML, like Gecko) Chrome/133.0.0.0 Safari/537.36 Edg/133.0.0.0"
62.60.201.34 - - [14/Jun/2026:00:15:11 +1000] "POST /wp-login.php HTTP/1.1" 503 7072 "https://userlogin.aussieseafoodhouse.com.au/wp-login.php" "Mozilla/5.0 (X11; Linux x86_64) AppleWebKit/537.36 (KHTML, like Gecko) Chrome/133.0.0.0 Safari/537.36 Edg/133.0.0.0"
160.22.78.242 - - [14/Jun/2026:00:21:51 +1000] "POST /wp-cron.php?doing_wp_cron=1781360511.0304439067840576171875 HTTP/1.1" 200 - "https://userlogin.aussieseafoodhouse.com.au/wp-cron.php?doing_wp_cron=1781360511.0304439067840576171875" "WordPress/5.5.18; https://userlogin.aussieseafoodhouse.com.au"
50.87.144.169 - - [14/Jun/2026:00:21:48 +1000] "GET /wp-login.php HTTP/1.1" 200 2119 "-" "Mozilla/5.0 (Windows NT 10.0; Win64; x64) AppleWebKit/537.36 (KHTML, like Gecko) Chrome/120.0.0.0 Safari/537.36"
50.87.144.169 - - [14/Jun/2026:00:21:51 +1000] "POST /wp-login.php HTTP/1.1" 503 7073 "https://userlogin.aussieseafoodhouse.com.au/wp-login.php" "Mozilla/5.0 (Windows NT 10.0; Win64; x64) AppleWebKit/537.36 (KHTML, like Gecko) Chrome/120.0.0.0 Safari/537.36"
| ver. 1.4 |
Github
|
.
| PHP 7.4.33 | Generation time: 0 |
proxy
|
phpinfo
|
Settings