File manager - Edit - /var/log/apache2/domlogs/aussies6/seafoodwarehouse.aussieseafoodhouse.com.au-ssl_log
Back
45.63.28.202 - - [13/Jun/2026:22:04:02 +1000] "GET /services/ HTTP/1.1" 200 9943 "-" "Mozilla/5.0 (Windows NT 10.0; Win64; x64) AppleWebKit/537.36 (KHTML, like Gecko) Chrome/89.0.4389.128 Safari/537.36"
94.23.12.112 - - [13/Jun/2026:22:04:19 +1000] "GET /wp-login.php HTTP/1.1" 200 2245 "-" "Mozilla/5.0 (X11; Linux x86_64; rv:133.0) Gecko/20100101 Firefox/133.0"
107.173.9.84 - - [13/Jun/2026:22:04:19 +1000] "GET /services/ HTTP/1.1" 200 9955 "-" "Uptime-Kuma/2.0.0-beta.4"
94.23.12.112 - - [13/Jun/2026:22:04:20 +1000] "POST /wp-login.php HTTP/1.1" 503 7067 "https://seafoodwarehouse.aussieseafoodhouse.com.au/wp-login.php" "Mozilla/5.0 (X11; Linux x86_64; rv:133.0) Gecko/20100101 Firefox/133.0"
46.22.216.11 - - [13/Jun/2026:22:04:23 +1000] "GET / HTTP/1.1" 200 97422 "-" "Mozilla/5.0"
163.223.13.54 - - [13/Jun/2026:22:04:27 +1000] "GET /wp-login.php HTTP/1.1" 200 2244 "-" "Mozilla/5.0 (Windows NT 10.0; Win64; x64) AppleWebKit/537.36 (KHTML, like Gecko) Chrome/133.0.0.0 Safari/537.36"
163.223.13.54 - - [13/Jun/2026:22:04:28 +1000] "POST /wp-login.php HTTP/1.1" 503 7067 "https://www.seafoodwarehouse.com.au/wp-login.php" "Mozilla/5.0 (Windows NT 10.0; Win64; x64) AppleWebKit/537.36 (KHTML, like Gecko) Chrome/133.0.0.0 Safari/537.36"
160.22.78.242 - - [13/Jun/2026:22:05:09 +1000] "POST /wp-cron.php?doing_wp_cron=1781352309.7393610477447509765625 HTTP/1.1" 200 - "-" "WordPress/6.5.8; https://seafoodwarehouse.com.au"
101.33.81.73 - - [13/Jun/2026:22:05:09 +1000] "GET /product/prawn-cones/?add-to-cart=2091 HTTP/1.1" 200 12887 "-" "Mozilla/5.0 (iPhone; CPU iPhone OS 13_2_3 like Mac OS X) AppleWebKit/605.1.15 (KHTML, like Gecko) Version/13.0.3 Mobile/15E148 Safari/604.1"
20.228.106.63 - - [13/Jun/2026:22:05:10 +1000] "GET /product/boney-bream-2-40-5kg/?add-to-cart=25604 HTTP/1.1" 200 12646 "-" "Mozilla/5.0 (Macintosh; Intel Mac OS X 13_0) AppleWebKit/605.1.15 (KHTML, like Gecko) Version/16.0 Safari/605.1.15"
107.173.9.84 - - [13/Jun/2026:22:05:19 +1000] "GET /services/ HTTP/1.1" 200 9943 "-" "Uptime-Kuma/2.0.0-beta.4"
2001:4479:9404:ef00:756c:32e6:4176:1ab - - [13/Jun/2026:22:05:32 +1000] "GET /terms-and-conditions/ HTTP/1.1" 200 17547 "https://seafoodwarehouse.com.au/contact-us/" "Mozilla/5.0 (Windows NT 10.0; Win64; x64) AppleWebKit/537.36 (KHTML, like Gecko) Chrome/149.0.0.0 Safari/537.36 Edg/149.0.0.0"
160.22.78.242 - - [13/Jun/2026:22:06:02 +1000] "POST /wp-cron.php?doing_wp_cron=1781352362.2599790096282958984375 HTTP/1.1" 200 - "-" "WordPress/6.5.8; https://seafoodwarehouse.com.au"
45.63.28.202 - - [13/Jun/2026:22:06:02 +1000] "GET /services/ HTTP/1.1" 200 9945 "-" "Mozilla/5.0 (Windows NT 10.0; Win64; x64) AppleWebKit/537.36 (KHTML, like Gecko) Chrome/89.0.4389.128 Safari/537.36"
52.167.144.147 - - [13/Jun/2026:22:06:18 +1000] "GET /product/fresh-blue-mackerel-6kg-5-kg-buy/ HTTP/1.1" 200 12959 "-" "Mozilla/5.0 AppleWebKit/537.36 (KHTML, like Gecko; compatible; bingbot/2.0; +http://www.bing.com/bingbot.htm) Chrome/116.0.1938.76 Safari/537.36"
107.173.9.84 - - [13/Jun/2026:22:06:19 +1000] "GET /services/ HTTP/1.1" 200 9945 "-" "Uptime-Kuma/2.0.0-beta.4"
2001:4479:9404:ef00:756c:32e6:4176:1ab - - [13/Jun/2026:22:06:23 +1000] "POST /?wc-ajax=get_refreshed_fragments HTTP/1.1" 200 313 "https://seafoodwarehouse.com.au/contact-us/" "Mozilla/5.0 (Windows NT 10.0; Win64; x64) AppleWebKit/537.36 (KHTML, like Gecko) Chrome/149.0.0.0 Safari/537.36 Edg/149.0.0.0"
46.22.216.11 - - [13/Jun/2026:22:06:23 +1000] "GET / HTTP/1.1" 200 97440 "-" "Mozilla/5.0"
160.22.78.242 - - [13/Jun/2026:22:06:52 +1000] "POST /wp-cron.php?doing_wp_cron=1781352412.6087930202484130859375 HTTP/1.1" 200 - "-" "WordPress/6.5.8; https://seafoodwarehouse.com.au"
2a03:2880:f806:2d:: - - [13/Jun/2026:22:06:52 +1000] "GET /?attachment_id=2403 HTTP/1.1" 404 8103 "-" "meta-externalagent/1.1 (+https://developers.facebook.com/docs/sharing/webmasters/crawler)"
107.173.9.84 - - [13/Jun/2026:22:07:19 +1000] "GET /services/ HTTP/1.1" 200 9952 "-" "Uptime-Kuma/2.0.0-beta.4"
185.191.171.18 - - [13/Jun/2026:22:07:53 +1000] "GET /?attachment_id=40891 HTTP/1.1" 302 261 "-" "Mozilla/5.0 (compatible; SemrushBot/7~bl; +http://www.semrush.com/bot.html)"
160.22.78.242 - - [13/Jun/2026:22:08:03 +1000] "POST /wp-cron.php?doing_wp_cron=1781352483.8690760135650634765625 HTTP/1.1" 200 - "-" "WordPress/6.5.8; https://seafoodwarehouse.com.au"
45.63.28.202 - - [13/Jun/2026:22:08:02 +1000] "GET /services/ HTTP/1.1" 200 9935 "-" "Mozilla/5.0 (Windows NT 10.0; Win64; x64) AppleWebKit/537.36 (KHTML, like Gecko) Chrome/89.0.4389.128 Safari/537.36"
43.134.71.232 - - [13/Jun/2026:22:08:15 +1000] "GET / HTTP/1.1" 200 14528 "http://seafoodwarehouse.com" "Mozilla/5.0 (iPhone; CPU iPhone OS 13_2_3 like Mac OS X) AppleWebKit/605.1.15 (KHTML, like Gecko) Version/13.0.3 Mobile/15E148 Safari/604.1"
107.173.9.84 - - [13/Jun/2026:22:08:20 +1000] "GET /services/ HTTP/1.1" 200 9952 "-" "Uptime-Kuma/2.0.0-beta.4"
46.22.216.11 - - [13/Jun/2026:22:08:23 +1000] "GET / HTTP/1.1" 200 97447 "-" "Mozilla/5.0"
128.140.106.114 - - [13/Jun/2026:22:08:32 +1000] "HEAD / HTTP/1.1" 301 - "https://www.seafoodwarehouse.com.au" "Mozilla/5.0+(compatible; UptimeRobot/2.0; http://www.uptimerobot.com/)"
128.140.106.114 - - [13/Jun/2026:22:08:33 +1000] "HEAD / HTTP/1.1" 200 - "https://www.seafoodwarehouse.com.au" "Mozilla/5.0+(compatible; UptimeRobot/2.0; http://www.uptimerobot.com/)"
160.22.78.242 - - [13/Jun/2026:22:09:22 +1000] "POST /wp-cron.php?doing_wp_cron=1781352562.0219810009002685546875 HTTP/1.1" 200 - "-" "WordPress/6.5.8; https://seafoodwarehouse.com.au"
107.173.9.84 - - [13/Jun/2026:22:09:20 +1000] "GET /services/ HTTP/1.1" 200 9945 "-" "Uptime-Kuma/2.0.0-beta.4"
160.22.78.242 - - [13/Jun/2026:22:10:02 +1000] "POST /wp-cron.php?doing_wp_cron=1781352602.3725199699401855468750 HTTP/1.1" 200 - "-" "WordPress/6.5.8; https://seafoodwarehouse.com.au"
45.63.28.202 - - [13/Jun/2026:22:10:02 +1000] "GET /services/ HTTP/1.1" 200 9947 "-" "Mozilla/5.0 (Windows NT 10.0; Win64; x64) AppleWebKit/537.36 (KHTML, like Gecko) Chrome/89.0.4389.128 Safari/537.36"
107.173.9.84 - - [13/Jun/2026:22:10:20 +1000] "GET /services/ HTTP/1.1" 200 9945 "-" "Uptime-Kuma/2.0.0-beta.4"
46.22.216.11 - - [13/Jun/2026:22:10:23 +1000] "GET / HTTP/1.1" 200 97441 "-" "Mozilla/5.0"
160.22.78.242 - - [13/Jun/2026:22:11:03 +1000] "POST /wp-cron.php?doing_wp_cron=1781352663.6462249755859375000000 HTTP/1.1" 200 - "-" "WordPress/6.5.8; https://seafoodwarehouse.com.au"
128.199.17.23 - - [13/Jun/2026:22:11:03 +1000] "GET /wp-login.php HTTP/1.1" 200 2244 "-" "Mozilla/5.0 (Windows NT 10.0; Win64; x64) AppleWebKit/537.36 (KHTML, like Gecko) Chrome/120.0.0.0 Safari/537.36"
128.199.17.23 - - [13/Jun/2026:22:11:03 +1000] "POST /wp-login.php HTTP/1.1" 503 7067 "https://seafoodwarehouse.aussieseafoodhouse.com.au/wp-login.php" "Mozilla/5.0 (Windows NT 10.0; Win64; x64) AppleWebKit/537.36 (KHTML, like Gecko) Chrome/120.0.0.0 Safari/537.36"
160.22.78.242 - - [13/Jun/2026:22:11:05 +1000] "POST /wp-cron.php?doing_wp_cron=1781352665.7688629627227783203125 HTTP/1.1" 200 - "-" "WordPress/6.5.8; https://seafoodwarehouse.com.au"
98.83.10.183 - - [13/Jun/2026:22:11:05 +1000] "GET /product/scallops-tempura-24-53kg-4kg-box/ HTTP/1.1" 200 13239 "-" "Mozilla/5.0 AppleWebKit/537.36 (KHTML, like Gecko; compatible; Amazonbot/0.1; +https://developer.amazon.com/support/amazonbot) Chrome/119.0.6045.214 Safari/537.36"
52.3.26.180 - - [13/Jun/2026:22:11:07 +1000] "GET /wp-content/uploads/2017/03/scallopstemp-600x600.jpg HTTP/1.1" 200 45860 "-" "Mozilla/5.0 AppleWebKit/537.36 (KHTML, like Gecko; compatible; Amazonbot/0.1; +https://developer.amazon.com/support/amazonbot) Chrome/119.0.6045.214 Safari/537.36"
52.200.54.136 - - [13/Jun/2026:22:11:09 +1000] "GET /product/fresh-blue-mackerel-6kg-5-kg-buy/ HTTP/1.1" 200 12952 "-" "Mozilla/5.0 AppleWebKit/537.36 (KHTML, like Gecko; compatible; Amazonbot/0.1; +https://developer.amazon.com/support/amazonbot) Chrome/119.0.6045.214 Safari/537.36"
54.147.80.137 - - [13/Jun/2026:22:11:12 +1000] "GET /wp-content/uploads/2017/03/scallopsemp1515-600x408.jpg HTTP/1.1" 200 54654 "-" "Mozilla/5.0 AppleWebKit/537.36 (KHTML, like Gecko; compatible; Amazonbot/0.1; +https://developer.amazon.com/support/amazonbot) Chrome/119.0.6045.214 Safari/537.36"
3.221.222.168 - - [13/Jun/2026:22:11:14 +1000] "GET /product/scallops-crumbed-3-kg/ HTTP/1.1" 200 13175 "-" "Mozilla/5.0 AppleWebKit/537.36 (KHTML, like Gecko; compatible; Amazonbot/0.1; +https://developer.amazon.com/support/amazonbot) Chrome/119.0.6045.214 Safari/537.36"
34.204.150.196 - - [13/Jun/2026:22:11:15 +1000] "GET /wp-content/uploads/2017/03/scallopsbattered-600x424.jpg HTTP/1.1" 200 55467 "-" "Mozilla/5.0 AppleWebKit/537.36 (KHTML, like Gecko; compatible; Amazonbot/0.1; +https://developer.amazon.com/support/amazonbot) Chrome/119.0.6045.214 Safari/537.36"
54.157.99.244 - - [13/Jun/2026:22:11:18 +1000] "GET /product/queensland-raw-ocean-kings-prawns/ HTTP/1.1" 200 12979 "-" "Mozilla/5.0 AppleWebKit/537.36 (KHTML, like Gecko; compatible; Amazonbot/0.1; +https://developer.amazon.com/support/amazonbot) Chrome/119.0.6045.214 Safari/537.36"
107.173.9.84 - - [13/Jun/2026:22:11:20 +1000] "GET /services/ HTTP/1.1" 200 9946 "-" "Uptime-Kuma/2.0.0-beta.4"
160.22.78.242 - - [13/Jun/2026:22:11:47 +1000] "POST /wp-cron.php?doing_wp_cron=1781352707.3516669273376464843750 HTTP/1.1" 200 - "-" "WordPress/6.5.8; https://seafoodwarehouse.com.au"
52.190.140.96 - - [13/Jun/2026:22:11:47 +1000] "GET /wp-content/plugins/updraftplus/readme.txt HTTP/1.1" 404 8111 "-" "Python/3.12 aiohttp/3.14.1"
45.63.28.202 - - [13/Jun/2026:22:12:02 +1000] "GET /services/ HTTP/1.1" 200 9951 "-" "Mozilla/5.0 (Windows NT 10.0; Win64; x64) AppleWebKit/537.36 (KHTML, like Gecko) Chrome/89.0.4389.128 Safari/537.36"
107.173.9.84 - - [13/Jun/2026:22:12:20 +1000] "GET /services/ HTTP/1.1" 200 9945 "-" "Uptime-Kuma/2.0.0-beta.4"
46.22.216.11 - - [13/Jun/2026:22:12:23 +1000] "GET / HTTP/1.1" 200 97437 "-" "Mozilla/5.0"
34.16.230.204 - - [13/Jun/2026:22:13:17 +1000] "GET /wp-content/uploads/2017/05/black-trevally-600x399.jpg HTTP/1.1" 200 58611 "-" "Mozilla/5.0 AppleWebKit/537.36 (KHTML, like Gecko; compatible; ReyilBot/0.1"
160.22.78.242 - - [13/Jun/2026:22:13:21 +1000] "POST /wp-cron.php?doing_wp_cron=1781352801.8770799636840820312500 HTTP/1.1" 200 - "-" "WordPress/6.5.8; https://seafoodwarehouse.com.au"
107.173.9.84 - - [13/Jun/2026:22:13:20 +1000] "GET /services/ HTTP/1.1" 200 9944 "-" "Uptime-Kuma/2.0.0-beta.4"
34.182.123.159 - - [13/Jun/2026:22:13:34 +1000] "GET /wp-content/uploads/2017/02/flake600.jpg HTTP/1.1" 200 316610 "-" "Mozilla/5.0 (X11; Linux x86_64) AppleWebKit/537.36 (KHTML, like Gecko) Chrome/91.0.4472.114 Safari/537.36"
160.22.78.242 - - [13/Jun/2026:22:13:39 +1000] "POST /wp-cron.php?doing_wp_cron=1781352819.8857860565185546875000 HTTP/1.1" 200 - "-" "WordPress/6.5.8; https://seafoodwarehouse.com.au"
128.140.41.193 - - [13/Jun/2026:22:13:39 +1000] "HEAD / HTTP/1.1" 301 - "https://www.seafoodwarehouse.com.au" "Mozilla/5.0+(compatible; UptimeRobot/2.0; http://www.uptimerobot.com/)"
128.140.41.193 - - [13/Jun/2026:22:13:40 +1000] "HEAD / HTTP/1.1" 200 - "https://www.seafoodwarehouse.com.au" "Mozilla/5.0+(compatible; UptimeRobot/2.0; http://www.uptimerobot.com/)"
2a03:2880:7ff:4c:: - - [13/Jun/2026:22:13:49 +1000] "GET /meta.json HTTP/1.1" 404 8108 "-" "facebookexternalhit/1.1 (+http://www.facebook.com/externalhit_uatext.php)"
45.63.28.202 - - [13/Jun/2026:22:14:02 +1000] "GET /services/ HTTP/1.1" 200 9948 "-" "Mozilla/5.0 (Windows NT 10.0; Win64; x64) AppleWebKit/537.36 (KHTML, like Gecko) Chrome/89.0.4389.128 Safari/537.36"
107.173.9.84 - - [13/Jun/2026:22:14:20 +1000] "GET /services/ HTTP/1.1" 200 9940 "-" "Uptime-Kuma/2.0.0-beta.4"
46.22.216.11 - - [13/Jun/2026:22:14:23 +1000] "GET / HTTP/1.1" 200 97453 "-" "Mozilla/5.0"
87.106.70.198 - - [13/Jun/2026:22:14:26 +1000] "GET /wp-login.php HTTP/1.1" 200 2245 "-" "Mozilla/5.0 (X11; Linux i686) AppleWebKit/537.36 (KHTML, like Gecko) Chrome/133.0.0.0 Safari/537.36"
87.106.70.198 - - [13/Jun/2026:22:14:28 +1000] "POST /wp-login.php HTTP/1.1" 503 7066 "https://mail.seafoodwarehouse.com.au/wp-login.php" "Mozilla/5.0 (X11; Linux i686) AppleWebKit/537.36 (KHTML, like Gecko) Chrome/133.0.0.0 Safari/537.36"
160.22.78.242 - - [13/Jun/2026:22:14:35 +1000] "POST /wp-cron.php?doing_wp_cron=1781352875.3946011066436767578125 HTTP/1.1" 200 - "-" "WordPress/6.5.8; https://seafoodwarehouse.com.au"
202.172.25.51 - - [13/Jun/2026:22:14:35 +1000] "GET /wp-login.php HTTP/1.1" 200 2245 "-" "Mozilla/5.0 (Windows NT 10.0; Win64; x64) AppleWebKit/537.36 (KHTML, like Gecko) Chrome/120.0.0.0 Safari/537.36"
202.172.25.51 - - [13/Jun/2026:22:14:35 +1000] "POST /wp-login.php HTTP/1.1" 503 7066 "https://mail.seafoodwarehouse.com.au/wp-login.php" "Mozilla/5.0 (Windows NT 10.0; Win64; x64) AppleWebKit/537.36 (KHTML, like Gecko) Chrome/120.0.0.0 Safari/537.36"
20.228.77.66 - - [13/Jun/2026:22:14:41 +1000] "GET /product/bullet-tuna/?add-to-cart=55110 HTTP/1.1" 200 12643 "-" "Mozilla/5.0 (X11; Linux x86_64) AppleWebKit/537.36 (KHTML, like Gecko) Chrome/133.0.0.0 Safari/537.36"
160.22.78.242 - - [13/Jun/2026:22:15:20 +1000] "POST /wp-cron.php?doing_wp_cron=1781352920.2848119735717773437500 HTTP/1.1" 200 - "-" "WordPress/6.5.8; https://seafoodwarehouse.com.au"
107.173.9.84 - - [13/Jun/2026:22:15:20 +1000] "GET /services/ HTTP/1.1" 200 9944 "-" "Uptime-Kuma/2.0.0-beta.4"
66.249.66.65 - - [13/Jun/2026:22:15:23 +1000] "GET / HTTP/1.1" 200 6621 "-" "Mozilla/5.0 (Linux; Android 6.0.1; Nexus 5X Build/MMB29P) AppleWebKit/537.36 (KHTML, like Gecko) Chrome/148.0.7778.96 Mobile Safari/537.36 (compatible; Googlebot/2.1; +http://www.google.com/bot.html)"
160.22.78.242 - - [13/Jun/2026:22:16:02 +1000] "POST /wp-cron.php?doing_wp_cron=1781352962.2740349769592285156250 HTTP/1.1" 200 - "-" "WordPress/6.5.8; https://seafoodwarehouse.com.au"
45.63.28.202 - - [13/Jun/2026:22:16:02 +1000] "GET /services/ HTTP/1.1" 200 9947 "-" "Mozilla/5.0 (Windows NT 10.0; Win64; x64) AppleWebKit/537.36 (KHTML, like Gecko) Chrome/89.0.4389.128 Safari/537.36"
107.173.9.84 - - [13/Jun/2026:22:16:20 +1000] "GET /services/ HTTP/1.1" 200 9940 "-" "Uptime-Kuma/2.0.0-beta.4"
46.22.216.11 - - [13/Jun/2026:22:16:23 +1000] "GET / HTTP/1.1" 200 97421 "-" "Mozilla/5.0"
49.51.52.250 - - [13/Jun/2026:22:16:32 +1000] "GET /product/prawn-cones/?add-to-cart=2088 HTTP/1.1" 200 12911 "-" "Mozilla/5.0 (iPhone; CPU iPhone OS 13_2_3 like Mac OS X) AppleWebKit/605.1.15 (KHTML, like Gecko) Version/13.0.3 Mobile/15E148 Safari/604.1"
160.22.78.242 - - [13/Jun/2026:22:16:35 +1000] "POST /wp-cron.php?doing_wp_cron=1781352995.3806960582733154296875 HTTP/1.1" 200 - "-" "WordPress/6.5.8; https://seafoodwarehouse.com.au"
212.252.167.91 - - [13/Jun/2026:22:16:35 +1000] "GET /product-category/wholefish/?add-to-cart=25065 HTTP/1.1" 200 12655 "-" "Mozilla/5.0 (Windows NT 10.0; Win64; x64; rv:129.0) Gecko/20100101 Firefox/129.0"
52.167.144.18 - - [13/Jun/2026:22:16:51 +1000] "GET /product/milkfish/ HTTP/1.1" 200 13020 "-" "Mozilla/5.0 AppleWebKit/537.36 (KHTML, like Gecko; compatible; bingbot/2.0; +http://www.bing.com/bingbot.htm) Chrome/116.0.1938.76 Safari/537.36"
107.173.9.84 - - [13/Jun/2026:22:17:20 +1000] "GET /services/ HTTP/1.1" 200 9950 "-" "Uptime-Kuma/2.0.0-beta.4"
160.22.78.242 - - [13/Jun/2026:22:18:02 +1000] "POST /wp-cron.php?doing_wp_cron=1781353082.3208069801330566406250 HTTP/1.1" 200 - "-" "WordPress/6.5.8; https://seafoodwarehouse.com.au"
45.63.28.202 - - [13/Jun/2026:22:18:02 +1000] "GET /services/ HTTP/1.1" 200 9948 "-" "Mozilla/5.0 (Windows NT 10.0; Win64; x64) AppleWebKit/537.36 (KHTML, like Gecko) Chrome/89.0.4389.128 Safari/537.36"
107.173.9.84 - - [13/Jun/2026:22:18:20 +1000] "GET /services/ HTTP/1.1" 200 9943 "-" "Uptime-Kuma/2.0.0-beta.4"
46.22.216.11 - - [13/Jun/2026:22:18:25 +1000] "GET / HTTP/1.1" 200 97440 "-" "Mozilla/5.0"
160.22.78.242 - - [13/Jun/2026:22:18:46 +1000] "POST /wp-cron.php?doing_wp_cron=1781353126.1542880535125732421875 HTTP/1.1" 200 - "-" "WordPress/6.5.8; https://seafoodwarehouse.com.au"
3.77.67.4 - - [13/Jun/2026:22:18:45 +1000] "HEAD / HTTP/1.1" 301 - "https://www.seafoodwarehouse.com.au" "Mozilla/5.0+(compatible; UptimeRobot/2.0; http://www.uptimerobot.com/)"
3.77.67.4 - - [13/Jun/2026:22:18:47 +1000] "HEAD / HTTP/1.1" 200 - "https://www.seafoodwarehouse.com.au" "Mozilla/5.0+(compatible; UptimeRobot/2.0; http://www.uptimerobot.com/)"
107.173.9.84 - - [13/Jun/2026:22:19:20 +1000] "GET /services/ HTTP/1.1" 200 9946 "-" "Uptime-Kuma/2.0.0-beta.4"
160.22.78.242 - - [13/Jun/2026:22:19:36 +1000] "POST /wp-cron.php?doing_wp_cron=1781353176.3542699813842773437500 HTTP/1.1" 200 - "-" "WordPress/6.5.8; https://seafoodwarehouse.com.au"
2a03:2880:f806:11:: - - [13/Jun/2026:22:19:36 +1000] "GET /product/moreton-bay-black-trevally7-80/ HTTP/1.1" 404 8104 "-" "meta-externalagent/1.1 (+https://developers.facebook.com/docs/sharing/webmasters/crawler)"
64.233.173.202 - - [13/Jun/2026:22:20:00 +1000] "GET /.well-known/traffic-advice HTTP/1.1" 404 8106 "-" "Chrome Privacy Preserving Prefetch Proxy"
2001:4860:7:401::f1 - - [13/Jun/2026:22:20:01 +1000] "GET /product/seafood-basket-4-6-kg/ HTTP/1.1" 200 13190 "https://www.google.com/" "Mozilla/5.0 (Linux; Android 10; K) AppleWebKit/537.36 (KHTML, like Gecko) Chrome/149.0.0.0 Mobile Safari/537.36"
45.63.28.202 - - [13/Jun/2026:22:20:02 +1000] "GET /services/ HTTP/1.1" 200 9949 "-" "Mozilla/5.0 (Windows NT 10.0; Win64; x64) AppleWebKit/537.36 (KHTML, like Gecko) Chrome/89.0.4389.128 Safari/537.36"
107.173.9.84 - - [13/Jun/2026:22:20:20 +1000] "GET /services/ HTTP/1.1" 200 9946 "-" "Uptime-Kuma/2.0.0-beta.4"
46.22.216.11 - - [13/Jun/2026:22:20:25 +1000] "GET / HTTP/1.1" 200 97435 "-" "Mozilla/5.0"
160.22.78.242 - - [13/Jun/2026:22:21:22 +1000] "POST /wp-cron.php?doing_wp_cron=1781353282.1618659496307373046875 HTTP/1.1" 200 - "-" "WordPress/6.5.8; https://seafoodwarehouse.com.au"
107.173.9.84 - - [13/Jun/2026:22:21:20 +1000] "GET /services/ HTTP/1.1" 200 9942 "-" "Uptime-Kuma/2.0.0-beta.4"
160.22.78.242 - - [13/Jun/2026:22:22:02 +1000] "POST /wp-cron.php?doing_wp_cron=1781353322.4315888881683349609375 HTTP/1.1" 200 - "-" "WordPress/6.5.8; https://seafoodwarehouse.com.au"
45.63.28.202 - - [13/Jun/2026:22:22:02 +1000] "GET /services/ HTTP/1.1" 200 9949 "-" "Mozilla/5.0 (Windows NT 10.0; Win64; x64) AppleWebKit/537.36 (KHTML, like Gecko) Chrome/89.0.4389.128 Safari/537.36"
160.22.78.242 - - [13/Jun/2026:22:22:20 +1000] "POST /wp-cron.php?doing_wp_cron=1781353340.4000198841094970703125 HTTP/1.1" 200 - "-" "WordPress/6.5.8; https://seafoodwarehouse.com.au"
107.173.9.84 - - [13/Jun/2026:22:22:20 +1000] "GET /services/ HTTP/1.1" 200 9949 "-" "Uptime-Kuma/2.0.0-beta.4"
46.22.216.11 - - [13/Jun/2026:22:22:26 +1000] "GET / HTTP/1.1" 200 97440 "-" "Mozilla/5.0"
160.22.78.242 - - [13/Jun/2026:22:22:53 +1000] "POST /wp-cron.php?doing_wp_cron=1781353373.8492569923400878906250 HTTP/1.1" 200 - "-" "WordPress/6.5.8; https://seafoodwarehouse.com.au"
40.77.167.61 - - [13/Jun/2026:22:22:53 +1000] "GET /product/grey-sweetlip3-90/ HTTP/1.1" 200 12652 "-" "Mozilla/5.0 AppleWebKit/537.36 (KHTML, like Gecko; compatible; bingbot/2.0; +http://www.bing.com/bingbot.htm) Chrome/116.0.1938.76 Safari/537.36"
160.22.78.242 - - [13/Jun/2026:22:23:17 +1000] "POST /wp-cron.php?doing_wp_cron=1781353397.9109160900115966796875 HTTP/1.1" 200 - "-" "WordPress/6.5.8; https://seafoodwarehouse.com.au"
96.0.73.164 - - [13/Jun/2026:22:23:17 +1000] "GET / HTTP/1.1" 301 - "https://www.google.com/" "Mozilla/5.0 (Windows NT 10.0; Win64; x64) AppleWebKit/537.36 (KHTML, like Gecko) Chrome/149.0.0.0 Safari/537.36 Edg/149.0.0.0"
96.0.73.164 - - [13/Jun/2026:22:23:18 +1000] "GET / HTTP/1.1" 200 14536 "https://www.google.com/" "Mozilla/5.0 (Windows NT 10.0; Win64; x64) AppleWebKit/537.36 (KHTML, like Gecko) Chrome/149.0.0.0 Safari/537.36 Edg/149.0.0.0"
96.0.73.164 - - [13/Jun/2026:22:23:18 +1000] "GET /wp-content/plugins/honeypot/includes/css/wpa.css?ver=2.2.11 HTTP/1.1" 200 337 "https://seafoodwarehouse.com.au/" "Mozilla/5.0 (Windows NT 10.0; Win64; x64) AppleWebKit/537.36 (KHTML, like Gecko) Chrome/149.0.0.0 Safari/537.36 Edg/149.0.0.0"
96.0.73.164 - - [13/Jun/2026:22:23:18 +1000] "GET /wp-content/plugins/woocommerce/assets/css/woocommerce-layout.css?ver=5.5.5 HTTP/1.1" 200 2608 "https://seafoodwarehouse.com.au/" "Mozilla/5.0 (Windows NT 10.0; Win64; x64) AppleWebKit/537.36 (KHTML, like Gecko) Chrome/149.0.0.0 Safari/537.36 Edg/149.0.0.0"
96.0.73.164 - - [13/Jun/2026:22:23:18 +1000] "GET /wp-content/themes/topshop/templates/css/topshop-woocommerce-style.css?ver=10.2.2 HTTP/1.1" 200 4015 "https://seafoodwarehouse.com.au/" "Mozilla/5.0 (Windows NT 10.0; Win64; x64) AppleWebKit/537.36 (KHTML, like Gecko) Chrome/149.0.0.0 Safari/537.36 Edg/149.0.0.0"
96.0.73.164 - - [13/Jun/2026:22:23:18 +1000] "GET /wp-content/themes/topshop/style.css?ver=10.2.2 HTTP/1.1" 200 11423 "https://seafoodwarehouse.com.au/" "Mozilla/5.0 (Windows NT 10.0; Win64; x64) AppleWebKit/537.36 (KHTML, like Gecko) Chrome/149.0.0.0 Safari/537.36 Edg/149.0.0.0"
96.0.73.164 - - [13/Jun/2026:22:23:18 +1000] "GET /wp-content/themes/topshop/includes/font-awesome/css/font-awesome.css?ver=4.7.0 HTTP/1.1" 200 7439 "https://seafoodwarehouse.com.au/" "Mozilla/5.0 (Windows NT 10.0; Win64; x64) AppleWebKit/537.36 (KHTML, like Gecko) Chrome/149.0.0.0 Safari/537.36 Edg/149.0.0.0"
96.0.73.164 - - [13/Jun/2026:22:23:18 +1000] "GET /wp-content/uploads/2016/11/header3.png HTTP/1.1" 200 7549 "https://seafoodwarehouse.com.au/" "Mozilla/5.0 (Windows NT 10.0; Win64; x64) AppleWebKit/537.36 (KHTML, like Gecko) Chrome/149.0.0.0 Safari/537.36 Edg/149.0.0.0"
96.0.73.164 - - [13/Jun/2026:22:23:18 +1000] "GET /wp-content/plugins/woocommerce/assets/css/woocommerce.css?ver=5.5.5 HTTP/1.1" 200 8907 "https://seafoodwarehouse.com.au/" "Mozilla/5.0 (Windows NT 10.0; Win64; x64) AppleWebKit/537.36 (KHTML, like Gecko) Chrome/149.0.0.0 Safari/537.36 Edg/149.0.0.0"
96.0.73.164 - - [13/Jun/2026:22:23:18 +1000] "GET /wp-includes/css/dist/block-library/style.min.css?ver=6.5.8 HTTP/1.1" 200 14991 "https://seafoodwarehouse.com.au/" "Mozilla/5.0 (Windows NT 10.0; Win64; x64) AppleWebKit/537.36 (KHTML, like Gecko) Chrome/149.0.0.0 Safari/537.36 Edg/149.0.0.0"
96.0.73.164 - - [13/Jun/2026:22:23:18 +1000] "GET /wp-content/uploads/2016/11/hours-headingchange-2.jpg HTTP/1.1" 200 111151 "https://seafoodwarehouse.com.au/" "Mozilla/5.0 (Windows NT 10.0; Win64; x64) AppleWebKit/537.36 (KHTML, like Gecko) Chrome/149.0.0.0 Safari/537.36 Edg/149.0.0.0"
96.0.73.164 - - [13/Jun/2026:22:23:18 +1000] "GET /wp-content/themes/topshop/templates/css/topshop-header-standard.css?ver=10.2.2 HTTP/1.1" 200 761 "https://seafoodwarehouse.com.au/" "Mozilla/5.0 (Windows NT 10.0; Win64; x64) AppleWebKit/537.36 (KHTML, like Gecko) Chrome/149.0.0.0 Safari/537.36 Edg/149.0.0.0"
96.0.73.164 - - [13/Jun/2026:22:23:18 +1000] "GET /wp-content/uploads/2016/11/web-pic-222.jpg HTTP/1.1" 200 59839 "https://seafoodwarehouse.com.au/" "Mozilla/5.0 (Windows NT 10.0; Win64; x64) AppleWebKit/537.36 (KHTML, like Gecko) Chrome/149.0.0.0 Safari/537.36 Edg/149.0.0.0"
96.0.73.164 - - [13/Jun/2026:22:23:18 +1000] "GET /wp-content/uploads/2016/11/slide1.png HTTP/1.1" 200 138123 "https://seafoodwarehouse.com.au/" "Mozilla/5.0 (Windows NT 10.0; Win64; x64) AppleWebKit/537.36 (KHTML, like Gecko) Chrome/149.0.0.0 Safari/537.36 Edg/149.0.0.0"
96.0.73.164 - - [13/Jun/2026:22:23:19 +1000] "GET /wp-content/uploads/2016/11/slide2.png HTTP/1.1" 200 163373 "https://seafoodwarehouse.com.au/" "Mozilla/5.0 (Windows NT 10.0; Win64; x64) AppleWebKit/537.36 (KHTML, like Gecko) Chrome/149.0.0.0 Safari/537.36 Edg/149.0.0.0"
96.0.73.164 - - [13/Jun/2026:22:23:19 +1000] "GET /wp-content/plugins/ml-slider/assets/sliders/flexslider/flexslider.css?ver=3.98.0 HTTP/1.1" 200 1166 "https://seafoodwarehouse.com.au/" "Mozilla/5.0 (Windows NT 10.0; Win64; x64) AppleWebKit/537.36 (KHTML, like Gecko) Chrome/149.0.0.0 Safari/537.36 Edg/149.0.0.0"
96.0.73.164 - - [13/Jun/2026:22:23:19 +1000] "GET /wp-content/plugins/honeypot/includes/js/wpa.js?ver=2.2.11 HTTP/1.1" 200 1818 "https://seafoodwarehouse.com.au/" "Mozilla/5.0 (Windows NT 10.0; Win64; x64) AppleWebKit/537.36 (KHTML, like Gecko) Chrome/149.0.0.0 Safari/537.36 Edg/149.0.0.0"
96.0.73.164 - - [13/Jun/2026:22:23:19 +1000] "GET /wp-content/themes/topshop/js/waypoints-sticky.min.js?ver=10.2.2 HTTP/1.1" 200 602 "https://seafoodwarehouse.com.au/" "Mozilla/5.0 (Windows NT 10.0; Win64; x64) AppleWebKit/537.36 (KHTML, like Gecko) Chrome/149.0.0.0 Safari/537.36 Edg/149.0.0.0"
96.0.73.164 - - [13/Jun/2026:22:23:19 +1000] "GET /wp-content/uploads/2019/08/diy-300x300.jpg HTTP/1.1" 200 33591 "https://seafoodwarehouse.com.au/" "Mozilla/5.0 (Windows NT 10.0; Win64; x64) AppleWebKit/537.36 (KHTML, like Gecko) Chrome/149.0.0.0 Safari/537.36 Edg/149.0.0.0"
96.0.73.164 - - [13/Jun/2026:22:23:19 +1000] "GET /wp-content/uploads/2025/10/Tuna3-300x300.jpg HTTP/1.1" 200 22227 "https://seafoodwarehouse.com.au/" "Mozilla/5.0 (Windows NT 10.0; Win64; x64) AppleWebKit/537.36 (KHTML, like Gecko) Chrome/149.0.0.0 Safari/537.36 Edg/149.0.0.0"
96.0.73.164 - - [13/Jun/2026:22:23:19 +1000] "GET /wp-content/plugins/ml-slider/assets/metaslider/public.css?ver=3.98.0 HTTP/1.1" 200 3108 "https://seafoodwarehouse.com.au/" "Mozilla/5.0 (Windows NT 10.0; Win64; x64) AppleWebKit/537.36 (KHTML, like Gecko) Chrome/149.0.0.0 Safari/537.36 Edg/149.0.0.0"
96.0.73.164 - - [13/Jun/2026:22:23:19 +1000] "GET /wp-content/plugins/woocommerce/assets/js/frontend/add-to-cart.min.js?ver=5.5.5 HTTP/1.1" 200 1086 "https://seafoodwarehouse.com.au/" "Mozilla/5.0 (Windows NT 10.0; Win64; x64) AppleWebKit/537.36 (KHTML, like Gecko) Chrome/149.0.0.0 Safari/537.36 Edg/149.0.0.0"
96.0.73.164 - - [13/Jun/2026:22:23:19 +1000] "GET /wp-content/plugins/woocommerce/assets/js/js-cookie/js.cookie.min.js?ver=2.1.4 HTTP/1.1" 200 982 "https://seafoodwarehouse.com.au/" "Mozilla/5.0 (Windows NT 10.0; Win64; x64) AppleWebKit/537.36 (KHTML, like Gecko) Chrome/149.0.0.0 Safari/537.36 Edg/149.0.0.0"
96.0.73.164 - - [13/Jun/2026:22:23:19 +1000] "GET /wp-content/themes/topshop/js/waypoints.min.js?ver=10.2.2 HTTP/1.1" 200 2617 "https://seafoodwarehouse.com.au/" "Mozilla/5.0 (Windows NT 10.0; Win64; x64) AppleWebKit/537.36 (KHTML, like Gecko) Chrome/149.0.0.0 Safari/537.36 Edg/149.0.0.0"
96.0.73.164 - - [13/Jun/2026:22:23:19 +1000] "GET /wp-content/plugins/woocommerce/assets/js/jquery-blockui/jquery.blockUI.min.js?ver=2.70 HTTP/1.1" 200 3491 "https://seafoodwarehouse.com.au/" "Mozilla/5.0 (Windows NT 10.0; Win64; x64) AppleWebKit/537.36 (KHTML, like Gecko) Chrome/149.0.0.0 Safari/537.36 Edg/149.0.0.0"
96.0.73.164 - - [13/Jun/2026:22:23:19 +1000] "GET /wp-content/plugins/woocommerce/assets/js/frontend/woocommerce.min.js?ver=5.5.5 HTTP/1.1" 200 794 "https://seafoodwarehouse.com.au/" "Mozilla/5.0 (Windows NT 10.0; Win64; x64) AppleWebKit/537.36 (KHTML, like Gecko) Chrome/149.0.0.0 Safari/537.36 Edg/149.0.0.0"
96.0.73.164 - - [13/Jun/2026:22:23:19 +1000] "GET /wp-content/plugins/woocommerce/assets/css/woocommerce-smallscreen.css?ver=5.5.5 HTTP/1.1" 200 1177 "https://seafoodwarehouse.com.au/" "Mozilla/5.0 (Windows NT 10.0; Win64; x64) AppleWebKit/537.36 (KHTML, like Gecko) Chrome/149.0.0.0 Safari/537.36 Edg/149.0.0.0"
96.0.73.164 - - [13/Jun/2026:22:23:19 +1000] "GET /wp-content/themes/topshop/js/skip-link-focus-fix.js?ver=10.2.2 HTTP/1.1" 200 336 "https://seafoodwarehouse.com.au/" "Mozilla/5.0 (Windows NT 10.0; Win64; x64) AppleWebKit/537.36 (KHTML, like Gecko) Chrome/149.0.0.0 Safari/537.36 Edg/149.0.0.0"
96.0.73.164 - - [13/Jun/2026:22:23:19 +1000] "GET /wp-content/themes/topshop/js/waypoints-custom.js?ver=10.2.2 HTTP/1.1" 200 179 "https://seafoodwarehouse.com.au/" "Mozilla/5.0 (Windows NT 10.0; Win64; x64) AppleWebKit/537.36 (KHTML, like Gecko) Chrome/149.0.0.0 Safari/537.36 Edg/149.0.0.0"
96.0.73.164 - - [13/Jun/2026:22:23:19 +1000] "GET /wp-content/uploads/2019/08/wholefish-mainbarra-300x300.jpg HTTP/1.1" 200 29009 "https://seafoodwarehouse.com.au/" "Mozilla/5.0 (Windows NT 10.0; Win64; x64) AppleWebKit/537.36 (KHTML, like Gecko) Chrome/149.0.0.0 Safari/537.36 Edg/149.0.0.0"
96.0.73.164 - - [13/Jun/2026:22:23:19 +1000] "GET /wp-content/themes/topshop/js/jquery.carouFredSel-6.2.1-packed.js?ver=10.2.2 HTTP/1.1" 200 13676 "https://seafoodwarehouse.com.au/" "Mozilla/5.0 (Windows NT 10.0; Win64; x64) AppleWebKit/537.36 (KHTML, like Gecko) Chrome/149.0.0.0 Safari/537.36 Edg/149.0.0.0"
96.0.73.164 - - [13/Jun/2026:22:23:19 +1000] "GET /wp-content/plugins/woocommerce/assets/js/frontend/cart-fragments.min.js?ver=5.5.5 HTTP/1.1" 200 1039 "https://seafoodwarehouse.com.au/" "Mozilla/5.0 (Windows NT 10.0; Win64; x64) AppleWebKit/537.36 (KHTML, like Gecko) Chrome/149.0.0.0 Safari/537.36 Edg/149.0.0.0"
96.0.73.164 - - [13/Jun/2026:22:23:19 +1000] "GET /wp-content/plugins/ml-slider/assets/metaslider/script.min.js?ver=3.98.0 HTTP/1.1" 200 383 "https://seafoodwarehouse.com.au/" "Mozilla/5.0 (Windows NT 10.0; Win64; x64) AppleWebKit/537.36 (KHTML, like Gecko) Chrome/149.0.0.0 Safari/537.36 Edg/149.0.0.0"
96.0.73.164 - - [13/Jun/2026:22:23:19 +1000] "GET /wp-content/plugins/ml-slider/assets/sliders/flexslider/jquery.flexslider.min.js?ver=3.98.0 HTTP/1.1" 200 6999 "https://seafoodwarehouse.com.au/" "Mozilla/5.0 (Windows NT 10.0; Win64; x64) AppleWebKit/537.36 (KHTML, like Gecko) Chrome/149.0.0.0 Safari/537.36 Edg/149.0.0.0"
96.0.73.164 - - [13/Jun/2026:22:23:19 +1000] "GET /wp-content/uploads/2016/11/heading-5.png HTTP/1.1" 200 7309 "https://seafoodwarehouse.com.au/" "Mozilla/5.0 (Windows NT 10.0; Win64; x64) AppleWebKit/537.36 (KHTML, like Gecko) Chrome/149.0.0.0 Safari/537.36 Edg/149.0.0.0"
96.0.73.164 - - [13/Jun/2026:22:23:19 +1000] "GET /wp-content/plugins/ml-slider/assets/metaslider/bg_direction_nav.png HTTP/1.1" 200 2627 "https://seafoodwarehouse.com.au/wp-content/plugins/ml-slider/assets/metaslider/public.css?ver=3.98.0" "Mozilla/5.0 (Windows NT 10.0; Win64; x64) AppleWebKit/537.36 (KHTML, like Gecko) Chrome/149.0.0.0 Safari/537.36 Edg/149.0.0.0"
96.0.73.164 - - [13/Jun/2026:22:23:20 +1000] "GET /wp-content/uploads/2021/07/Coral-Trout-Fillet-SOffsss-300x300.jpg HTTP/1.1" 200 22344 "https://seafoodwarehouse.com.au/" "Mozilla/5.0 (Windows NT 10.0; Win64; x64) AppleWebKit/537.36 (KHTML, like Gecko) Chrome/149.0.0.0 Safari/537.36 Edg/149.0.0.0"
96.0.73.164 - - [13/Jun/2026:22:23:21 +1000] "GET /wp-content/uploads/2017/03/barratemp600-300x300.jpg HTTP/1.1" 200 13540 "https://seafoodwarehouse.com.au/" "Mozilla/5.0 (Windows NT 10.0; Win64; x64) AppleWebKit/537.36 (KHTML, like Gecko) Chrome/149.0.0.0 Safari/537.36 Edg/149.0.0.0"
96.0.73.164 - - [13/Jun/2026:22:23:21 +1000] "GET /wp-content/uploads/2024/04/icefish-mac22-300x300.jpg HTTP/1.1" 200 32858 "https://seafoodwarehouse.com.au/" "Mozilla/5.0 (Windows NT 10.0; Win64; x64) AppleWebKit/537.36 (KHTML, like Gecko) Chrome/149.0.0.0 Safari/537.36 Edg/149.0.0.0"
96.0.73.164 - - [13/Jun/2026:22:23:21 +1000] "GET /wp-content/uploads/2017/01/on-the-water-300x300.jpg HTTP/1.1" 200 40134 "https://seafoodwarehouse.com.au/" "Mozilla/5.0 (Windows NT 10.0; Win64; x64) AppleWebKit/537.36 (KHTML, like Gecko) Chrome/149.0.0.0 Safari/537.36 Edg/149.0.0.0"
96.0.73.164 - - [13/Jun/2026:22:23:21 +1000] "GET /wp-content/uploads/2021/11/mack-offcuts-300x300.jpg HTTP/1.1" 200 18867 "https://seafoodwarehouse.com.au/" "Mozilla/5.0 (Windows NT 10.0; Win64; x64) AppleWebKit/537.36 (KHTML, like Gecko) Chrome/149.0.0.0 Safari/537.36 Edg/149.0.0.0"
96.0.73.164 - - [13/Jun/2026:22:23:22 +1000] "GET /wp-content/uploads/2017/02/mosesperch60000-300x300.jpg HTTP/1.1" 200 24705 "https://seafoodwarehouse.com.au/" "Mozilla/5.0 (Windows NT 10.0; Win64; x64) AppleWebKit/537.36 (KHTML, like Gecko) Chrome/149.0.0.0 Safari/537.36 Edg/149.0.0.0"
96.0.73.164 - - [13/Jun/2026:22:23:22 +1000] "GET /wp-content/uploads/2018/02/browncrab600-300x300.jpg HTTP/1.1" 200 24516 "https://seafoodwarehouse.com.au/" "Mozilla/5.0 (Windows NT 10.0; Win64; x64) AppleWebKit/537.36 (KHTML, like Gecko) Chrome/149.0.0.0 Safari/537.36 Edg/149.0.0.0"
96.0.73.164 - - [13/Jun/2026:22:23:22 +1000] "GET /wp-content/uploads/2020/10/mackerelpic-300x300.jpg HTTP/1.1" 200 24667 "https://seafoodwarehouse.com.au/" "Mozilla/5.0 (Windows NT 10.0; Win64; x64) AppleWebKit/537.36 (KHTML, like Gecko) Chrome/149.0.0.0 Safari/537.36 Edg/149.0.0.0"
96.0.73.164 - - [13/Jun/2026:22:23:22 +1000] "GET /wp-content/uploads/2017/01/prawn-main-300x300.jpg HTTP/1.1" 200 31939 "https://seafoodwarehouse.com.au/" "Mozilla/5.0 (Windows NT 10.0; Win64; x64) AppleWebKit/537.36 (KHTML, like Gecko) Chrome/149.0.0.0 Safari/537.36 Edg/149.0.0.0"
96.0.73.164 - - [13/Jun/2026:22:23:22 +1000] "GET /wp-content/uploads/2016/11/musseltubs-300x300.jpg HTTP/1.1" 200 28416 "https://seafoodwarehouse.com.au/" "Mozilla/5.0 (Windows NT 10.0; Win64; x64) AppleWebKit/537.36 (KHTML, like Gecko) Chrome/149.0.0.0 Safari/537.36 Edg/149.0.0.0"
96.0.73.164 - - [13/Jun/2026:22:23:22 +1000] "GET /wp-content/uploads/2024/04/squid-wingsnsbnauj-300x300.jpg HTTP/1.1" 200 49939 "https://seafoodwarehouse.com.au/" "Mozilla/5.0 (Windows NT 10.0; Win64; x64) AppleWebKit/537.36 (KHTML, like Gecko) Chrome/149.0.0.0 Safari/537.36 Edg/149.0.0.0"
96.0.73.164 - - [13/Jun/2026:22:23:22 +1000] "GET /wp-content/uploads/2016/11/tiger-grn1-300x300.jpg HTTP/1.1" 200 38641 "https://seafoodwarehouse.com.au/" "Mozilla/5.0 (Windows NT 10.0; Win64; x64) AppleWebKit/537.36 (KHTML, like Gecko) Chrome/149.0.0.0 Safari/537.36 Edg/149.0.0.0"
96.0.73.164 - - [13/Jun/2026:22:23:22 +1000] "GET /wp-content/themes/topshop/includes/font-awesome/fonts/fontawesome-webfont.woff2?v=4.7.0 HTTP/1.1" 200 77162 "https://seafoodwarehouse.com.au/wp-content/themes/topshop/includes/font-awesome/css/font-awesome.css?ver=4.7.0" "Mozilla/5.0 (Windows NT 10.0; Win64; x64) AppleWebKit/537.36 (KHTML, like Gecko) Chrome/149.0.0.0 Safari/537.36 Edg/149.0.0.0"
96.0.73.164 - - [13/Jun/2026:22:23:23 +1000] "GET /wp-content/uploads/2020/03/gold-cod-300x300.jpg HTTP/1.1" 200 22964 "https://seafoodwarehouse.com.au/" "Mozilla/5.0 (Windows NT 10.0; Win64; x64) AppleWebKit/537.36 (KHTML, like Gecko) Chrome/149.0.0.0 Safari/537.36 Edg/149.0.0.0"
96.0.73.164 - - [13/Jun/2026:22:23:23 +1000] "GET /wp-includes/js/wp-emoji-release.min.js?ver=6.5.8 HTTP/1.1" 200 5062 "https://seafoodwarehouse.com.au/" "Mozilla/5.0 (Windows NT 10.0; Win64; x64) AppleWebKit/537.36 (KHTML, like Gecko) Chrome/149.0.0.0 Safari/537.36 Edg/149.0.0.0"
96.0.73.164 - - [13/Jun/2026:22:23:23 +1000] "POST /?wc-ajax=get_refreshed_fragments HTTP/1.1" 200 313 "https://seafoodwarehouse.com.au/" "Mozilla/5.0 (Windows NT 10.0; Win64; x64) AppleWebKit/537.36 (KHTML, like Gecko) Chrome/149.0.0.0 Safari/537.36 Edg/149.0.0.0"
107.173.9.84 - - [13/Jun/2026:22:23:23 +1000] "GET /services/ HTTP/1.1" 200 9948 "-" "Uptime-Kuma/2.0.0-beta.4"
96.0.73.164 - - [13/Jun/2026:22:23:24 +1000] "GET /shop/ HTTP/1.1" 200 14968 "https://seafoodwarehouse.com.au/" "Mozilla/5.0 (Windows NT 10.0; Win64; x64) AppleWebKit/537.36 (KHTML, like Gecko) Chrome/149.0.0.0 Safari/537.36 Edg/149.0.0.0"
96.0.73.164 - - [13/Jun/2026:22:23:24 +1000] "GET /wp-content/uploads/2019/08/squid-scallop22-300x300.jpg HTTP/1.1" 200 19588 "https://seafoodwarehouse.com.au/shop/" "Mozilla/5.0 (Windows NT 10.0; Win64; x64) AppleWebKit/537.36 (KHTML, like Gecko) Chrome/149.0.0.0 Safari/537.36 Edg/149.0.0.0"
96.0.73.164 - - [13/Jun/2026:22:23:24 +1000] "GET /wp-content/plugins/woocommerce/assets/css/select2.css?ver=5.5.5 HTTP/1.1" 200 1943 "https://seafoodwarehouse.com.au/shop/" "Mozilla/5.0 (Windows NT 10.0; Win64; x64) AppleWebKit/537.36 (KHTML, like Gecko) Chrome/149.0.0.0 Safari/537.36 Edg/149.0.0.0"
96.0.73.164 - - [13/Jun/2026:22:23:24 +1000] "GET /wp-content/uploads/2022/05/herring-300x285.jpg HTTP/1.1" 200 49097 "https://seafoodwarehouse.com.au/shop/" "Mozilla/5.0 (Windows NT 10.0; Win64; x64) AppleWebKit/537.36 (KHTML, like Gecko) Chrome/149.0.0.0 Safari/537.36 Edg/149.0.0.0"
96.0.73.164 - - [13/Jun/2026:22:23:24 +1000] "GET /wp-content/uploads/2020/06/whole-fishcat-300x300.jpg HTTP/1.1" 200 27897 "https://seafoodwarehouse.com.au/shop/" "Mozilla/5.0 (Windows NT 10.0; Win64; x64) AppleWebKit/537.36 (KHTML, like Gecko) Chrome/149.0.0.0 Safari/537.36 Edg/149.0.0.0"
96.0.73.164 - - [13/Jun/2026:22:23:24 +1000] "GET /wp-content/uploads/2017/06/facebook-300x300.jpg HTTP/1.1" 200 12974 "https://seafoodwarehouse.com.au/shop/" "Mozilla/5.0 (Windows NT 10.0; Win64; x64) AppleWebKit/537.36 (KHTML, like Gecko) Chrome/149.0.0.0 Safari/537.36 Edg/149.0.0.0"
96.0.73.164 - - [13/Jun/2026:22:23:24 +1000] "GET /wp-content/uploads/2026/05/Goats-cheese-image-300x300.webp HTTP/1.1" 200 19897 "https://seafoodwarehouse.com.au/shop/" "Mozilla/5.0 (Windows NT 10.0; Win64; x64) AppleWebKit/537.36 (KHTML, like Gecko) Chrome/149.0.0.0 Safari/537.36 Edg/149.0.0.0"
96.0.73.164 - - [13/Jun/2026:22:23:24 +1000] "GET /wp-content/uploads/2016/11/barrafiullet600.600-300x300.jpg HTTP/1.1" 200 20661 "https://seafoodwarehouse.com.au/shop/" "Mozilla/5.0 (Windows NT 10.0; Win64; x64) AppleWebKit/537.36 (KHTML, like Gecko) Chrome/149.0.0.0 Safari/537.36 Edg/149.0.0.0"
96.0.73.164 - - [13/Jun/2026:22:23:24 +1000] "GET /wp-content/plugins/woocommerce/assets/js/selectWoo/selectWoo.full.min.js?ver=1.0.9 HTTP/1.1" 200 21563 "https://seafoodwarehouse.com.au/shop/" "Mozilla/5.0 (Windows NT 10.0; Win64; x64) AppleWebKit/537.36 (KHTML, like Gecko) Chrome/149.0.0.0 Safari/537.36 Edg/149.0.0.0"
96.0.73.164 - - [13/Jun/2026:22:23:24 +1000] "GET /wp-content/uploads/2019/08/fish-fillets232-300x300.jpg HTTP/1.1" 200 27064 "https://seafoodwarehouse.com.au/shop/" "Mozilla/5.0 (Windows NT 10.0; Win64; x64) AppleWebKit/537.36 (KHTML, like Gecko) Chrome/149.0.0.0 Safari/537.36 Edg/149.0.0.0"
96.0.73.164 - - [13/Jun/2026:22:23:24 +1000] "GET /wp-content/uploads/2018/02/aasquid-300x300.jpg HTTP/1.1" 200 22049 "https://seafoodwarehouse.com.au/shop/" "Mozilla/5.0 (Windows NT 10.0; Win64; x64) AppleWebKit/537.36 (KHTML, like Gecko) Chrome/149.0.0.0 Safari/537.36 Edg/149.0.0.0"
96.0.73.164 - - [13/Jun/2026:22:23:24 +1000] "GET /wp-content/uploads/2017/01/trade-300x300.jpg HTTP/1.1" 200 21510 "https://seafoodwarehouse.com.au/shop/" "Mozilla/5.0 (Windows NT 10.0; Win64; x64) AppleWebKit/537.36 (KHTML, like Gecko) Chrome/149.0.0.0 Safari/537.36 Edg/149.0.0.0"
96.0.73.164 - - [13/Jun/2026:22:23:24 +1000] "GET /wp-content/uploads/2017/05/huon-300x300.jpg HTTP/1.1" 200 20735 "https://seafoodwarehouse.com.au/shop/" "Mozilla/5.0 (Windows NT 10.0; Win64; x64) AppleWebKit/537.36 (KHTML, like Gecko) Chrome/149.0.0.0 Safari/537.36 Edg/149.0.0.0"
96.0.73.164 - - [13/Jun/2026:22:23:24 +1000] "GET /wp-content/uploads/2017/01/nzproducts-300x300.jpg HTTP/1.1" 200 31844 "https://seafoodwarehouse.com.au/shop/" "Mozilla/5.0 (Windows NT 10.0; Win64; x64) AppleWebKit/537.36 (KHTML, like Gecko) Chrome/149.0.0.0 Safari/537.36 Edg/149.0.0.0"
96.0.73.164 - - [13/Jun/2026:22:23:24 +1000] "GET /wp-content/uploads/2017/01/salmon-300x300.jpg HTTP/1.1" 200 29223 "https://seafoodwarehouse.com.au/shop/" "Mozilla/5.0 (Windows NT 10.0; Win64; x64) AppleWebKit/537.36 (KHTML, like Gecko) Chrome/149.0.0.0 Safari/537.36 Edg/149.0.0.0"
96.0.73.164 - - [13/Jun/2026:22:23:24 +1000] "GET /wp-content/uploads/2019/12/u15main-300x300.jpg HTTP/1.1" 200 21138 "https://seafoodwarehouse.com.au/shop/" "Mozilla/5.0 (Windows NT 10.0; Win64; x64) AppleWebKit/537.36 (KHTML, like Gecko) Chrome/149.0.0.0 Safari/537.36 Edg/149.0.0.0"
160.22.78.242 - - [13/Jun/2026:22:23:35 +1000] "POST /wp-cron.php?doing_wp_cron=1781353415.7266790866851806640625 HTTP/1.1" 200 - "-" "WordPress/6.5.8; https://seafoodwarehouse.com.au"
96.0.73.164 - - [13/Jun/2026:22:23:35 +1000] "GET /?s=bug&post_type=product HTTP/1.1" 200 9509 "https://seafoodwarehouse.com.au/shop/" "Mozilla/5.0 (Windows NT 10.0; Win64; x64) AppleWebKit/537.36 (KHTML, like Gecko) Chrome/149.0.0.0 Safari/537.36 Edg/149.0.0.0"
96.0.73.164 - - [13/Jun/2026:22:23:36 +1000] "GET /wp-content/plugins/woocommerce/assets/fonts/WooCommerce.woff HTTP/1.1" 200 7644 "https://seafoodwarehouse.com.au/wp-content/plugins/woocommerce/assets/css/woocommerce.css?ver=5.5.5" "Mozilla/5.0 (Windows NT 10.0; Win64; x64) AppleWebKit/537.36 (KHTML, like Gecko) Chrome/149.0.0.0 Safari/537.36 Edg/149.0.0.0"
96.0.73.164 - - [13/Jun/2026:22:23:39 +1000] "GET / HTTP/1.1" 200 14538 "https://seafoodwarehouse.com.au/?s=bug&post_type=product" "Mozilla/5.0 (Windows NT 10.0; Win64; x64) AppleWebKit/537.36 (KHTML, like Gecko) Chrome/149.0.0.0 Safari/537.36 Edg/149.0.0.0"
96.0.73.164 - - [13/Jun/2026:22:23:43 +1000] "GET /product-category/wholefish/ HTTP/1.1" 200 12588 "https://seafoodwarehouse.com.au/" "Mozilla/5.0 (Windows NT 10.0; Win64; x64) AppleWebKit/537.36 (KHTML, like Gecko) Chrome/149.0.0.0 Safari/537.36 Edg/149.0.0.0"
96.0.73.164 - - [13/Jun/2026:22:23:44 +1000] "GET /wp-content/uploads/2020/09/bullets-300x300.jpg HTTP/1.1" 200 26057 "https://seafoodwarehouse.com.au/product-category/wholefish/" "Mozilla/5.0 (Windows NT 10.0; Win64; x64) AppleWebKit/537.36 (KHTML, like Gecko) Chrome/149.0.0.0 Safari/537.36 Edg/149.0.0.0"
96.0.73.164 - - [13/Jun/2026:22:23:44 +1000] "GET /wp-content/uploads/2017/08/kahawai600-300x300.jpg HTTP/1.1" 200 24051 "https://seafoodwarehouse.com.au/product-category/wholefish/" "Mozilla/5.0 (Windows NT 10.0; Win64; x64) AppleWebKit/537.36 (KHTML, like Gecko) Chrome/149.0.0.0 Safari/537.36 Edg/149.0.0.0"
96.0.73.164 - - [13/Jun/2026:22:23:44 +1000] "GET /wp-content/uploads/2016/11/salmon1-300x300.jpg HTTP/1.1" 200 33794 "https://seafoodwarehouse.com.au/product-category/wholefish/" "Mozilla/5.0 (Windows NT 10.0; Win64; x64) AppleWebKit/537.36 (KHTML, like Gecko) Chrome/149.0.0.0 Safari/537.36 Edg/149.0.0.0"
96.0.73.164 - - [13/Jun/2026:22:23:44 +1000] "GET /wp-content/uploads/2017/09/catfish-300x300.jpg HTTP/1.1" 200 22693 "https://seafoodwarehouse.com.au/product-category/wholefish/" "Mozilla/5.0 (Windows NT 10.0; Win64; x64) AppleWebKit/537.36 (KHTML, like Gecko) Chrome/149.0.0.0 Safari/537.36 Edg/149.0.0.0"
96.0.73.164 - - [13/Jun/2026:22:23:44 +1000] "GET /wp-content/uploads/2016/11/red-snap600-300x300.jpg HTTP/1.1" 200 26843 "https://seafoodwarehouse.com.au/product-category/wholefish/" "Mozilla/5.0 (Windows NT 10.0; Win64; x64) AppleWebKit/537.36 (KHTML, like Gecko) Chrome/149.0.0.0 Safari/537.36 Edg/149.0.0.0"
96.0.73.164 - - [13/Jun/2026:22:23:44 +1000] "GET /wp-content/uploads/2017/05/black-trevally-300x300.jpg HTTP/1.1" 200 25778 "https://seafoodwarehouse.com.au/product-category/wholefish/" "Mozilla/5.0 (Windows NT 10.0; Win64; x64) AppleWebKit/537.36 (KHTML, like Gecko) Chrome/149.0.0.0 Safari/537.36 Edg/149.0.0.0"
96.0.73.164 - - [13/Jun/2026:22:23:44 +1000] "GET /wp-content/uploads/2017/08/bonefish-300x300.jpg HTTP/1.1" 200 24395 "https://seafoodwarehouse.com.au/product-category/wholefish/" "Mozilla/5.0 (Windows NT 10.0; Win64; x64) AppleWebKit/537.36 (KHTML, like Gecko) Chrome/149.0.0.0 Safari/537.36 Edg/149.0.0.0"
96.0.73.164 - - [13/Jun/2026:22:23:44 +1000] "GET /wp-content/uploads/2017/01/bream02-300x300.jpg HTTP/1.1" 200 26415 "https://seafoodwarehouse.com.au/product-category/wholefish/" "Mozilla/5.0 (Windows NT 10.0; Win64; x64) AppleWebKit/537.36 (KHTML, like Gecko) Chrome/149.0.0.0 Safari/537.36 Edg/149.0.0.0"
96.0.73.164 - - [13/Jun/2026:22:23:44 +1000] "GET /wp-content/uploads/2017/02/pinkies600main-300x300.jpg HTTP/1.1" 200 25075 "https://seafoodwarehouse.com.au/product-category/wholefish/" "Mozilla/5.0 (Windows NT 10.0; Win64; x64) AppleWebKit/537.36 (KHTML, like Gecko) Chrome/149.0.0.0 Safari/537.36 Edg/149.0.0.0"
96.0.73.164 - - [13/Jun/2026:22:23:44 +1000] "GET /wp-content/uploads/2020/09/indian-mackerel-300x300.jpg HTTP/1.1" 200 28001 "https://seafoodwarehouse.com.au/product-category/wholefish/" "Mozilla/5.0 (Windows NT 10.0; Win64; x64) AppleWebKit/537.36 (KHTML, like Gecko) Chrome/149.0.0.0 Safari/537.36 Edg/149.0.0.0"
96.0.73.164 - - [13/Jun/2026:22:23:44 +1000] "GET /wp-content/uploads/2017/11/golden-pomfret-300x300.jpg HTTP/1.1" 200 22535 "https://seafoodwarehouse.com.au/product-category/wholefish/" "Mozilla/5.0 (Windows NT 10.0; Win64; x64) AppleWebKit/537.36 (KHTML, like Gecko) Chrome/149.0.0.0 Safari/537.36 Edg/149.0.0.0"
96.0.73.164 - - [13/Jun/2026:22:23:44 +1000] "GET /wp-content/uploads/2016/11/milkfish600-300x300.jpg HTTP/1.1" 200 21386 "https://seafoodwarehouse.com.au/product-category/wholefish/" "Mozilla/5.0 (Windows NT 10.0; Win64; x64) AppleWebKit/537.36 (KHTML, like Gecko) Chrome/149.0.0.0 Safari/537.36 Edg/149.0.0.0"
96.0.73.164 - - [13/Jun/2026:22:23:44 +1000] "GET /wp-content/uploads/2016/12/sweetlip-300x300.jpg HTTP/1.1" 200 25281 "https://seafoodwarehouse.com.au/product-category/wholefish/" "Mozilla/5.0 (Windows NT 10.0; Win64; x64) AppleWebKit/537.36 (KHTML, like Gecko) Chrome/149.0.0.0 Safari/537.36 Edg/149.0.0.0"
96.0.73.164 - - [13/Jun/2026:22:23:44 +1000] "GET /wp-content/uploads/2016/11/trevallynbew-300x300.jpg HTTP/1.1" 200 27198 "https://seafoodwarehouse.com.au/product-category/wholefish/" "Mozilla/5.0 (Windows NT 10.0; Win64; x64) AppleWebKit/537.36 (KHTML, like Gecko) Chrome/149.0.0.0 Safari/537.36 Edg/149.0.0.0"
96.0.73.164 - - [13/Jun/2026:22:23:47 +1000] "POST /?wc-ajax=get_refreshed_fragments HTTP/1.1" 200 313 "https://seafoodwarehouse.com.au/" "Mozilla/5.0 (Windows NT 10.0; Win64; x64) AppleWebKit/537.36 (KHTML, like Gecko) Chrome/149.0.0.0 Safari/537.36 Edg/149.0.0.0"
96.0.73.164 - - [13/Jun/2026:22:23:49 +1000] "GET /wp-content/uploads/2020/07/salmonpieces-300x300.jpg HTTP/1.1" 200 27162 "https://seafoodwarehouse.com.au/" "Mozilla/5.0 (Windows NT 10.0; Win64; x64) AppleWebKit/537.36 (KHTML, like Gecko) Chrome/149.0.0.0 Safari/537.36 Edg/149.0.0.0"
3.77.67.4 - - [13/Jun/2026:22:23:52 +1000] "HEAD / HTTP/1.1" 301 - "https://www.seafoodwarehouse.com.au" "Mozilla/5.0+(compatible; UptimeRobot/2.0; http://www.uptimerobot.com/)"
3.77.67.4 - - [13/Jun/2026:22:23:53 +1000] "HEAD / HTTP/1.1" 200 - "https://www.seafoodwarehouse.com.au" "Mozilla/5.0+(compatible; UptimeRobot/2.0; http://www.uptimerobot.com/)"
96.0.73.164 - - [13/Jun/2026:22:23:55 +1000] "GET /wp-content/uploads/2016/11/xltiger-300x300.jpg HTTP/1.1" 200 29007 "https://seafoodwarehouse.com.au/" "Mozilla/5.0 (Windows NT 10.0; Win64; x64) AppleWebKit/537.36 (KHTML, like Gecko) Chrome/149.0.0.0 Safari/537.36 Edg/149.0.0.0"
96.0.73.164 - - [13/Jun/2026:22:23:55 +1000] "GET /wp-content/uploads/2016/11/pillies-300x300.jpg HTTP/1.1" 200 38812 "https://seafoodwarehouse.com.au/" "Mozilla/5.0 (Windows NT 10.0; Win64; x64) AppleWebKit/537.36 (KHTML, like Gecko) Chrome/149.0.0.0 Safari/537.36 Edg/149.0.0.0"
96.0.73.164 - - [13/Jun/2026:22:23:56 +1000] "GET /wp-content/uploads/2017/02/mudcrabs800-300x300.jpg HTTP/1.1" 200 18993 "https://seafoodwarehouse.com.au/" "Mozilla/5.0 (Windows NT 10.0; Win64; x64) AppleWebKit/537.36 (KHTML, like Gecko) Chrome/149.0.0.0 Safari/537.36 Edg/149.0.0.0"
96.0.73.164 - - [13/Jun/2026:22:23:56 +1000] "GET /wp-content/uploads/2017/02/kings21.30600-300x300.jpg HTTP/1.1" 200 32952 "https://seafoodwarehouse.com.au/" "Mozilla/5.0 (Windows NT 10.0; Win64; x64) AppleWebKit/537.36 (KHTML, like Gecko) Chrome/149.0.0.0 Safari/537.36 Edg/149.0.0.0"
96.0.73.164 - - [13/Jun/2026:22:23:56 +1000] "GET /wp-content/uploads/2017/01/10.20debs-300x300.jpg HTTP/1.1" 200 27635 "https://seafoodwarehouse.com.au/" "Mozilla/5.0 (Windows NT 10.0; Win64; x64) AppleWebKit/537.36 (KHTML, like Gecko) Chrome/149.0.0.0 Safari/537.36 Edg/149.0.0.0"
96.0.73.164 - - [13/Jun/2026:22:24:01 +1000] "GET /wp-content/uploads/2017/02/redspotemp600-300x300.jpg HTTP/1.1" 200 12287 "https://seafoodwarehouse.com.au/" "Mozilla/5.0 (Windows NT 10.0; Win64; x64) AppleWebKit/537.36 (KHTML, like Gecko) Chrome/149.0.0.0 Safari/537.36 Edg/149.0.0.0"
96.0.73.164 - - [13/Jun/2026:22:24:01 +1000] "GET /wp-content/uploads/2016/11/oystersnzjj-300x300.jpg HTTP/1.1" 200 33068 "https://seafoodwarehouse.com.au/" "Mozilla/5.0 (Windows NT 10.0; Win64; x64) AppleWebKit/537.36 (KHTML, like Gecko) Chrome/149.0.0.0 Safari/537.36 Edg/149.0.0.0"
96.0.73.164 - - [13/Jun/2026:22:24:01 +1000] "GET /wp-content/uploads/2016/11/cuttlefishwhole-300x300.jpg HTTP/1.1" 200 26918 "https://seafoodwarehouse.com.au/" "Mozilla/5.0 (Windows NT 10.0; Win64; x64) AppleWebKit/537.36 (KHTML, like Gecko) Chrome/149.0.0.0 Safari/537.36 Edg/149.0.0.0"
96.0.73.164 - - [13/Jun/2026:22:24:01 +1000] "GET /wp-content/uploads/2016/12/mulletfillets600-300x300.jpg HTTP/1.1" 200 23003 "https://seafoodwarehouse.com.au/" "Mozilla/5.0 (Windows NT 10.0; Win64; x64) AppleWebKit/537.36 (KHTML, like Gecko) Chrome/149.0.0.0 Safari/537.36 Edg/149.0.0.0"
45.63.28.202 - - [13/Jun/2026:22:24:02 +1000] "GET /services/ HTTP/1.1" 200 9949 "-" "Mozilla/5.0 (Windows NT 10.0; Win64; x64) AppleWebKit/537.36 (KHTML, like Gecko) Chrome/89.0.4389.128 Safari/537.36"
96.0.73.164 - - [13/Jun/2026:22:24:04 +1000] "GET /wp-content/uploads/2016/11/mussels-main-300x300.jpg HTTP/1.1" 200 29176 "https://seafoodwarehouse.com.au/" "Mozilla/5.0 (Windows NT 10.0; Win64; x64) AppleWebKit/537.36 (KHTML, like Gecko) Chrome/149.0.0.0 Safari/537.36 Edg/149.0.0.0"
96.0.73.164 - - [13/Jun/2026:22:24:04 +1000] "GET /wp-content/uploads/2016/11/factory-direct.png HTTP/1.1" 200 40699 "https://seafoodwarehouse.com.au/" "Mozilla/5.0 (Windows NT 10.0; Win64; x64) AppleWebKit/537.36 (KHTML, like Gecko) Chrome/149.0.0.0 Safari/537.36 Edg/149.0.0.0"
40.77.167.33 - - [13/Jun/2026:22:24:08 +1000] "GET /?s=%E8%B2%B4%E6%97%8F%E4%B8%96%E5%AE%B6%E6%9D%BF%E6%A9%8B%E6%9D%BF%E6%96%B0%E5%BA%97&post_type=product HTTP/1.1" 200 9714 "-" "Mozilla/5.0 AppleWebKit/537.36 (KHTML, like Gecko; compatible; bingbot/2.0; +http://www.bing.com/bingbot.htm) Chrome/116.0.1938.76 Safari/537.36"
107.173.9.84 - - [13/Jun/2026:22:24:20 +1000] "GET /services/ HTTP/1.1" 200 9940 "-" "Uptime-Kuma/2.0.0-beta.4"
