119.195.102.159 - - [13/Jun/2026:23:14:51 +1000] "POST /wp-login.php HTTP/1.1" 503 7067 "https://www.seafoodwarehouse.aussieseafoodhouse.com.au/wp-login.php" "Mozilla/5.0 (X11; Fedora; Linux x86_64) AppleWebKit/537.36 (KHTML, like Gecko) Chrome/133.0.0.0 Safari/537.36"
107.173.9.84 - - [13/Jun/2026:23:15:20 +1000] "GET /services/ HTTP/1.1" 200 9948 "-" "Uptime-Kuma/2.0.0-beta.4"
160.22.78.242 - - [13/Jun/2026:23:15:52 +1000] "POST /wp-cron.php?doing_wp_cron=1781356552.7169990539550781250000 HTTP/1.1" 200 - "-" "WordPress/6.5.8; https://seafoodwarehouse.com.au"
49.13.167.123 - - [13/Jun/2026:23:15:52 +1000] "HEAD / HTTP/1.1" 301 - "https://www.seafoodwarehouse.com.au" "Mozilla/5.0+(compatible; UptimeRobot/2.0; http://www.uptimerobot.com/)"
49.13.167.123 - - [13/Jun/2026:23:15:53 +1000] "HEAD / HTTP/1.1" 200 - "https://www.seafoodwarehouse.com.au" "Mozilla/5.0+(compatible; UptimeRobot/2.0; http://www.uptimerobot.com/)"
34.194.95.99 - - [13/Jun/2026:23:15:57 +1000] "GET /product/fresh-tarwhine-bream/ HTTP/1.1" 404 8107 "-" "Mozilla/5.0 AppleWebKit/537.36 (KHTML, like Gecko; compatible; Amazonbot/0.1; +https://developer.amazon.com/support/amazonbot) Chrome/119.0.6045.214 Safari/537.36"
45.63.28.202 - - [13/Jun/2026:23:16:02 +1000] "GET /services/ HTTP/1.1" 200 9949 "-" "Mozilla/5.0 (Windows NT 10.0; Win64; x64) AppleWebKit/537.36 (KHTML, like Gecko) Chrome/89.0.4389.128 Safari/537.36"
107.173.9.84 - - [13/Jun/2026:23:16:20 +1000] "GET /services/ HTTP/1.1" 200 9948 "-" "Uptime-Kuma/2.0.0-beta.4"
160.22.78.242 - - [13/Jun/2026:23:16:42 +1000] "POST /wp-cron.php?doing_wp_cron=1781356602.0399060249328613281250 HTTP/1.1" 200 - "-" "WordPress/6.5.8; https://seafoodwarehouse.com.au"
46.22.216.11 - - [13/Jun/2026:23:16:41 +1000] "GET / HTTP/1.1" 200 97437 "-" "Mozilla/5.0"
152.55.184.155 - - [13/Jun/2026:23:16:45 +1000] "GET /careers HTTP/1.1" 404 8106 "-" "outboundbuddy-enrichment/1.0 (+jamie@outboundbuddy.com)"
152.55.184.155 - - [13/Jun/2026:23:16:45 +1000] "GET /jobs HTTP/1.1" 404 8111 "-" "outboundbuddy-enrichment/1.0 (+jamie@outboundbuddy.com)"
152.55.184.155 - - [13/Jun/2026:23:16:46 +1000] "GET /work-with-us HTTP/1.1" 404 8099 "-" "outboundbuddy-enrichment/1.0 (+jamie@outboundbuddy.com)"
152.55.184.155 - - [13/Jun/2026:23:16:47 +1000] "GET /join-us HTTP/1.1" 404 8103 "-" "outboundbuddy-enrichment/1.0 (+jamie@outboundbuddy.com)"
152.55.184.155 - - [13/Jun/2026:23:16:50 +1000] "GET /company/careers HTTP/1.1" 404 8111 "-" "outboundbuddy-enrichment/1.0 (+jamie@outboundbuddy.com)"
2a03:2880:21ff:70:: - - [13/Jun/2026:23:16:56 +1000] "GET /product-category/prawns/ HTTP/1.1" 200 12010 "-" "meta-webindexer/1.1 (+https://developers.facebook.com/docs/sharing/webmasters/crawler)"
136.243.220.212 - - [13/Jun/2026:23:17:12 +1000] "GET /product/flathead-beer-batter-24-64kg-3kg-box/ HTTP/1.1" 200 13248 "-" "Mozilla/5.0 (compatible; DataForSeoBot/1.0; +https://dataforseo.com/dataforseo-bot)"
2a03:2880:f806:8:: - - [13/Jun/2026:23:17:19 +1000] "GET /product/cooked-peeled-prawns-21-80kg-5kg-box/ HTTP/1.1" 200 12992 "-" "meta-externalagent/1.1 (+https://developers.facebook.com/docs/sharing/webmasters/crawler)"
107.173.9.84 - - [13/Jun/2026:23:17:20 +1000] "GET /services/ HTTP/1.1" 200 9946 "-" "Uptime-Kuma/2.0.0-beta.4"
160.22.78.242 - - [13/Jun/2026:23:18:00 +1000] "POST /wp-cron.php?doing_wp_cron=1781356680.2210218906402587890625 HTTP/1.1" 200 - "-" "WordPress/6.5.8; https://seafoodwarehouse.com.au"
210.211.99.176 - - [13/Jun/2026:23:17:59 +1000] "GET /wp-login.php HTTP/1.1" 200 2245 "-" "Mozilla/5.0 (Windows NT 10.0; Win64; x64) AppleWebKit/537.36 (KHTML, like Gecko) Chrome/120.0.0.0 Safari/537.36"
210.211.99.176 - - [13/Jun/2026:23:18:00 +1000] "POST /wp-login.php HTTP/1.1" 503 7066 "https://seafoodwarehouse.aussieseafoodhouse.com.au/wp-login.php" "Mozilla/5.0 (Windows NT 10.0; Win64; x64) AppleWebKit/537.36 (KHTML, like Gecko) Chrome/120.0.0.0 Safari/537.36"
160.22.78.242 - - [13/Jun/2026:23:18:02 +1000] "POST /wp-cron.php?doing_wp_cron=1781356682.8740410804748535156250 HTTP/1.1" 200 - "-" "WordPress/6.5.8; https://seafoodwarehouse.com.au"
45.63.28.202 - - [13/Jun/2026:23:18:02 +1000] "GET /services/ HTTP/1.1" 200 9933 "-" "Mozilla/5.0 (Windows NT 10.0; Win64; x64) AppleWebKit/537.36 (KHTML, like Gecko) Chrome/89.0.4389.128 Safari/537.36"
107.173.9.84 - - [13/Jun/2026:23:18:20 +1000] "GET /services/ HTTP/1.1" 200 9942 "-" "Uptime-Kuma/2.0.0-beta.4"
160.22.78.242 - - [13/Jun/2026:23:18:42 +1000] "POST /wp-cron.php?doing_wp_cron=1781356722.0169880390167236328125 HTTP/1.1" 200 - "-" "WordPress/6.5.8; https://seafoodwarehouse.com.au"
46.22.216.11 - - [13/Jun/2026:23:18:41 +1000] "GET / HTTP/1.1" 200 97431 "-" "Mozilla/5.0"
107.173.9.84 - - [13/Jun/2026:23:19:20 +1000] "GET /services/ HTTP/1.1" 200 9952 "-" "Uptime-Kuma/2.0.0-beta.4"
66.249.66.201 - - [13/Jun/2026:23:19:40 +1000] "GET /product/salmon-chunks1480/ HTTP/1.1" 200 6621 "-" "Mozilla/5.0 (Linux; Android 6.0.1; Nexus 5X Build/MMB29P) AppleWebKit/537.36 (KHTML, like Gecko) Chrome/148.0.7778.96 Mobile Safari/537.36 (compatible; Googlebot/2.1; +http://www.google.com/bot.html)"
160.22.78.242 - - [13/Jun/2026:23:20:03 +1000] "POST /wp-cron.php?doing_wp_cron=1781356802.9699470996856689453125 HTTP/1.1" 200 - "-" "WordPress/6.5.8; https://seafoodwarehouse.com.au"
45.63.28.202 - - [13/Jun/2026:23:20:02 +1000] "GET /services/ HTTP/1.1" 200 9942 "-" "Mozilla/5.0 (Windows NT 10.0; Win64; x64) AppleWebKit/537.36 (KHTML, like Gecko) Chrome/89.0.4389.128 Safari/537.36"
107.173.9.84 - - [13/Jun/2026:23:20:21 +1000] "GET /services/ HTTP/1.1" 200 9937 "-" "Uptime-Kuma/2.0.0-beta.4"
160.22.78.242 - - [13/Jun/2026:23:20:41 +1000] "POST /wp-cron.php?doing_wp_cron=1781356841.8342161178588867187500 HTTP/1.1" 200 - "-" "WordPress/6.5.8; https://seafoodwarehouse.com.au"
46.22.216.11 - - [13/Jun/2026:23:20:41 +1000] "GET / HTTP/1.1" 200 97444 "-" "Mozilla/5.0"
168.119.123.75 - - [13/Jun/2026:23:21:01 +1000] "HEAD / HTTP/1.1" 301 - "https://www.seafoodwarehouse.com.au" "Mozilla/5.0+(compatible; UptimeRobot/2.0; http://www.uptimerobot.com/)"
168.119.123.75 - - [13/Jun/2026:23:21:02 +1000] "HEAD / HTTP/1.1" 200 - "https://www.seafoodwarehouse.com.au" "Mozilla/5.0+(compatible; UptimeRobot/2.0; http://www.uptimerobot.com/)"
66.249.66.10 - - [13/Jun/2026:23:21:06 +1000] "GET /?attachment_id=402 HTTP/1.1" 200 6621 "-" "Mozilla/5.0 (Linux; Android 6.0.1; Nexus 5X Build/MMB29P) AppleWebKit/537.36 (KHTML, like Gecko) Chrome/148.0.7778.96 Mobile Safari/537.36 (compatible; Googlebot/2.1; +http://www.google.com/bot.html)"
107.173.9.84 - - [13/Jun/2026:23:21:21 +1000] "GET /services/ HTTP/1.1" 200 9942 "-" "Uptime-Kuma/2.0.0-beta.4"
160.22.78.242 - - [13/Jun/2026:23:21:54 +1000] "POST /wp-cron.php?doing_wp_cron=1781356914.3235220909118652343750 HTTP/1.1" 200 - "-" "WordPress/6.5.8; https://seafoodwarehouse.com.au"
170.106.113.159 - - [13/Jun/2026:23:21:54 +1000] "GET /wp-json/wp/v2/product/45275 HTTP/1.1" 200 838 "-" "Mozilla/5.0 (iPhone; CPU iPhone OS 13_2_3 like Mac OS X) AppleWebKit/605.1.15 (KHTML, like Gecko) Version/13.0.3 Mobile/15E148 Safari/604.1"
103.146.207.216 - - [13/Jun/2026:23:22:02 +1000] "GET /wp-content/uploads/2016/12/sweetlip-100x100.jpg HTTP/1.1" 200 3866 "-" "Mozilla/5.0 (Windows 98; sk-SK; rv:1.9.1.20) Gecko/4893-04-09 09:17:08.023468 Firefox/3.6.14"
45.63.28.202 - - [13/Jun/2026:23:22:02 +1000] "GET /services/ HTTP/1.1" 200 9950 "-" "Mozilla/5.0 (Windows NT 10.0; Win64; x64) AppleWebKit/537.36 (KHTML, like Gecko) Chrome/89.0.4389.128 Safari/537.36"
168.63.79.147 - - [13/Jun/2026:23:22:15 +1000] "GET /wp-login.php HTTP/1.1" 200 2245 "-" "Mozilla/5.0 (Macintosh; Intel Mac OS X 10_15_7) AppleWebKit/537.36 (KHTML, like Gecko) Chrome/133.0.0.0 Safari/537.36 Edg/133.0.0.0"
168.63.79.147 - - [13/Jun/2026:23:22:16 +1000] "POST /wp-login.php HTTP/1.1" 503 7066 "https://mail.seafoodwarehouse.com.au/wp-login.php" "Mozilla/5.0 (Macintosh; Intel Mac OS X 10_15_7) AppleWebKit/537.36 (KHTML, like Gecko) Chrome/133.0.0.0 Safari/537.36 Edg/133.0.0.0"
160.22.78.242 - - [13/Jun/2026:23:22:21 +1000] "POST /wp-cron.php?doing_wp_cron=1781356941.0970408916473388671875 HTTP/1.1" 200 - "-" "WordPress/6.5.8; https://seafoodwarehouse.com.au"
107.173.9.84 - - [13/Jun/2026:23:22:20 +1000] "GET /services/ HTTP/1.1" 200 9943 "-" "Uptime-Kuma/2.0.0-beta.4"
160.22.78.242 - - [13/Jun/2026:23:22:41 +1000] "POST /wp-cron.php?doing_wp_cron=1781356961.7272779941558837890625 HTTP/1.1" 200 - "-" "WordPress/6.5.8; https://seafoodwarehouse.com.au"
152.55.184.58 - - [13/Jun/2026:23:22:42 +1000] "GET /products.json?limit=1&page=1 HTTP/1.1" 404 8106 "-" "outboundbuddy-enrichment/1.0 (+jamie@outboundbuddy.com)"
46.22.216.11 - - [13/Jun/2026:23:22:41 +1000] "GET / HTTP/1.1" 200 97444 "-" "Mozilla/5.0"
160.22.78.242 - - [13/Jun/2026:23:23:00 +1000] "POST /wp-cron.php?doing_wp_cron=1781356980.4761490821838378906250 HTTP/1.1" 200 - "-" "WordPress/6.5.8; https://seafoodwarehouse.com.au"
107.173.9.84 - - [13/Jun/2026:23:23:21 +1000] "GET /services/ HTTP/1.1" 200 9946 "-" "Uptime-Kuma/2.0.0-beta.4"
160.22.78.242 - - [13/Jun/2026:23:24:03 +1000] "POST /wp-cron.php?doing_wp_cron=1781357043.0139970779418945312500 HTTP/1.1" 200 - "-" "WordPress/6.5.8; https://seafoodwarehouse.com.au"
45.63.28.202 - - [13/Jun/2026:23:24:02 +1000] "GET /services/ HTTP/1.1" 200 9884 "-" "Mozilla/5.0 (Windows NT 10.0; Win64; x64) AppleWebKit/537.36 (KHTML, like Gecko) Chrome/89.0.4389.128 Safari/537.36"
52.167.144.232 - - [13/Jun/2026:23:24:08 +1000] "GET /?post_type=product&p=15 HTTP/1.1" 404 8050 "-" "Mozilla/5.0 AppleWebKit/537.36 (KHTML, like Gecko; compatible; bingbot/2.0; +http://www.bing.com/bingbot.htm) Chrome/116.0.1938.76 Safari/537.36"
107.173.9.84 - - [13/Jun/2026:23:24:21 +1000] "GET /services/ HTTP/1.1" 200 9889 "-" "Uptime-Kuma/2.0.0-beta.4"
160.22.78.242 - - [13/Jun/2026:23:24:41 +1000] "POST /wp-cron.php?doing_wp_cron=1781357081.6267650127410888671875 HTTP/1.1" 200 - "-" "WordPress/6.5.8; https://seafoodwarehouse.com.au"
46.22.216.11 - - [13/Jun/2026:23:24:41 +1000] "GET / HTTP/1.1" 200 97449 "-" "Mozilla/5.0"
40.77.167.59 - - [13/Jun/2026:23:25:01 +1000] "GET /product/fresh-bonefish/ HTTP/1.1" 404 8053 "-" "Mozilla/5.0 AppleWebKit/537.36 (KHTML, like Gecko; compatible; bingbot/2.0; +http://www.bing.com/bingbot.htm) Chrome/116.0.1938.76 Safari/537.36"
107.173.9.84 - - [13/Jun/2026:23:25:21 +1000] "GET /services/ HTTP/1.1" 200 9886 "-" "Uptime-Kuma/2.0.0-beta.4"
160.22.78.242 - - [13/Jun/2026:23:25:41 +1000] "POST /wp-cron.php?doing_wp_cron=1781357141.9065680503845214843750 HTTP/1.1" 200 - "-" "WordPress/6.5.8; https://seafoodwarehouse.com.au"
44.223.232.55 - - [13/Jun/2026:23:25:41 +1000] "GET /wp-json/wp/v2/product/24446 HTTP/1.1" 200 645 "-" "Mozilla/5.0 AppleWebKit/537.36 (KHTML, like Gecko; compatible; Amazonbot/0.1; +https://developer.amazon.com/support/amazonbot) Chrome/119.0.6045.214 Safari/537.36"
45.63.28.202 - - [13/Jun/2026:23:26:02 +1000] "GET /services/ HTTP/1.1" 200 9949 "-" "Mozilla/5.0 (Windows NT 10.0; Win64; x64) AppleWebKit/537.36 (KHTML, like Gecko) Chrome/89.0.4389.128 Safari/537.36"
49.13.24.81 - - [13/Jun/2026:23:26:07 +1000] "HEAD / HTTP/1.1" 301 - "https://www.seafoodwarehouse.com.au" "Mozilla/5.0+(compatible; UptimeRobot/2.0; http://www.uptimerobot.com/)"
49.13.24.81 - - [13/Jun/2026:23:26:08 +1000] "HEAD / HTTP/1.1" 200 - "https://www.seafoodwarehouse.com.au" "Mozilla/5.0+(compatible; UptimeRobot/2.0; http://www.uptimerobot.com/)"
107.173.9.84 - - [13/Jun/2026:23:26:21 +1000] "GET /services/ HTTP/1.1" 200 9951 "-" "Uptime-Kuma/2.0.0-beta.4"
160.22.78.242 - - [13/Jun/2026:23:26:41 +1000] "POST /wp-cron.php?doing_wp_cron=1781357201.5668649673461914062500 HTTP/1.1" 200 - "-" "WordPress/6.5.8; https://seafoodwarehouse.com.au"
46.22.216.11 - - [13/Jun/2026:23:26:41 +1000] "GET / HTTP/1.1" 200 97431 "-" "Mozilla/5.0"
2001:8004:4560:ec7d:b11d:4961:177c:90d8 - - [13/Jun/2026:23:27:06 +1000] "GET /product-category/prawns/ HTTP/1.1" 200 12031 "-" "Mozilla/5.0 (X11; Ubuntu; Linux i686; rv:24.0) Gecko/20100101 Firefox/24.0 Chrome/80.0.3987.132 Safari/537.36"
160.22.78.242 - - [13/Jun/2026:23:27:21 +1000] "POST /?wordfence_syncAttackData=1781357241.2267 HTTP/1.1" 200 - "-" "WordPress/6.5.8; https://seafoodwarehouse.com.au"
107.173.9.84 - - [13/Jun/2026:23:27:21 +1000] "GET /services/ HTTP/1.1" 200 9941 "-" "Uptime-Kuma/2.0.0-beta.4"
160.22.78.242 - - [13/Jun/2026:23:28:03 +1000] "POST /wp-cron.php?doing_wp_cron=1781357283.0146570205688476562500 HTTP/1.1" 200 - "-" "WordPress/6.5.8; https://seafoodwarehouse.com.au"
45.63.28.202 - - [13/Jun/2026:23:28:02 +1000] "GET /services/ HTTP/1.1" 200 9942 "-" "Mozilla/5.0 (Windows NT 10.0; Win64; x64) AppleWebKit/537.36 (KHTML, like Gecko) Chrome/89.0.4389.128 Safari/537.36"
2001:8004:6f51:8496:250a:d27b:96b2:fd33 - - [13/Jun/2026:23:28:10 +1000] "GET / HTTP/1.1" 200 14535 "-" "Mozilla/5.0 (iPhone; CPU iPhone OS 18_7 like Mac OS X) AppleWebKit/605.1.15 (KHTML, like Gecko) Version/26.5 Mobile/15E148 Safari/604.1"
2001:8004:6f51:8496:250a:d27b:96b2:fd33 - - [13/Jun/2026:23:28:13 +1000] "GET / HTTP/1.1" 200 14530 "-" "Mozilla/5.0 (iPhone; CPU iPhone OS 18_7 like Mac OS X) AppleWebKit/605.1.15 (KHTML, like Gecko) Version/26.5 Mobile/15E148 Safari/604.1"
107.173.9.84 - - [13/Jun/2026:23:28:21 +1000] "GET /services/ HTTP/1.1" 200 9945 "-" "Uptime-Kuma/2.0.0-beta.4"
118.233.90.178 - - [13/Jun/2026:23:28:30 +1000] "GET /wp-login.php HTTP/1.1" 200 2245 "-" "Mozilla/5.0 (Windows NT 10.0; Win64; x64) AppleWebKit/537.36 (KHTML, like Gecko) Chrome/120.0.0.0 Safari/537.36"
118.233.90.178 - - [13/Jun/2026:23:28:32 +1000] "POST /wp-login.php HTTP/1.1" 503 7067 "https://seafoodwarehouse.aussieseafoodhouse.com.au/wp-login.php" "Mozilla/5.0 (Windows NT 10.0; Win64; x64) AppleWebKit/537.36 (KHTML, like Gecko) Chrome/120.0.0.0 Safari/537.36"
160.22.78.242 - - [13/Jun/2026:23:28:42 +1000] "POST /wp-cron.php?doing_wp_cron=1781357322.4751369953155517578125 HTTP/1.1" 200 - "-" "WordPress/6.5.8; https://seafoodwarehouse.com.au"
46.22.216.11 - - [13/Jun/2026:23:28:42 +1000] "GET / HTTP/1.1" 200 97429 "-" "Mozilla/5.0"
40.77.167.33 - - [13/Jun/2026:23:28:50 +1000] "GET /product-category/wholefish HTTP/1.1" 301 - "-" "Mozilla/5.0 AppleWebKit/537.36 (KHTML, like Gecko; compatible; bingbot/2.0; +http://www.bing.com/bingbot.htm) Chrome/116.0.1938.76 Safari/537.36"
40.77.167.33 - - [13/Jun/2026:23:28:52 +1000] "GET /product-category/wholefish/ HTTP/1.1" 200 12593 "-" "Mozilla/5.0 AppleWebKit/537.36 (KHTML, like Gecko; compatible; bingbot/2.0; +http://www.bing.com/bingbot.htm) Chrome/116.0.1938.76 Safari/537.36"
160.22.78.242 - - [13/Jun/2026:23:29:04 +1000] "POST /wp-cron.php?doing_wp_cron=1781357344.5087659358978271484375 HTTP/1.1" 200 - "-" "WordPress/6.5.8; https://seafoodwarehouse.com.au"
152.55.184.58 - - [13/Jun/2026:23:29:11 +1000] "GET / HTTP/1.1" 200 14536 "-" "outboundbuddy-enrichment/1.0 (+jamie@outboundbuddy.com)"
107.173.9.84 - - [13/Jun/2026:23:29:21 +1000] "GET /services/ HTTP/1.1" 200 9951 "-" "Uptime-Kuma/2.0.0-beta.4"
79.137.104.160 - - [13/Jun/2026:23:29:55 +1000] "GET / HTTP/1.1" 200 40080 "-" "Mozilla/5.0 (Windows NT 10.0; WOW64; rv:47.0) Gecko/20100101 Firefox/47.0"
79.137.104.160 - - [13/Jun/2026:23:29:55 +1000] "GET / HTTP/1.1" 200 40080 "-" "Mozilla/5.0 (Windows NT 10.0; WOW64; rv:47.0) Gecko/20100101 Firefox/47.0"
160.22.78.242 - - [13/Jun/2026:23:30:03 +1000] "POST /wp-cron.php?doing_wp_cron=1781357403.0417790412902832031250 HTTP/1.1" 200 - "-" "WordPress/6.5.8; https://seafoodwarehouse.com.au"
45.63.28.202 - - [13/Jun/2026:23:30:02 +1000] "GET /services/ HTTP/1.1" 200 9954 "-" "Mozilla/5.0 (Windows NT 10.0; Win64; x64) AppleWebKit/537.36 (KHTML, like Gecko) Chrome/89.0.4389.128 Safari/537.36"
107.173.9.84 - - [13/Jun/2026:23:30:21 +1000] "GET /services/ HTTP/1.1" 200 9951 "-" "Uptime-Kuma/2.0.0-beta.4"
160.22.78.242 - - [13/Jun/2026:23:30:42 +1000] "POST /wp-cron.php?doing_wp_cron=1781357442.3019239902496337890625 HTTP/1.1" 200 - "-" "WordPress/6.5.8; https://seafoodwarehouse.com.au"
46.22.216.11 - - [13/Jun/2026:23:30:42 +1000] "GET / HTTP/1.1" 200 97458 "-" "Mozilla/5.0"
170.78.42.43 - - [13/Jun/2026:23:30:47 +1000] "GET /product/u10-tiger-prawns/ HTTP/1.1" 404 8101 "-" "Mozilla/5.0 (Linux; Android 5.0; SM-G900P Build/LRX21T) AppleWebKit/537.36 (KHTML, like Gecko) Chrome/59.0.1552.1102 Mobile Safari/537.36"
194.163.139.224 - - [13/Jun/2026:23:30:48 +1000] "GET /wp-json/wp/v2/users/me HTTP/1.1" 401 102 "-" "Mozilla/5.0 (X11; CrOS x86_64 14541.0.0) AppleWebKit/537.36 (KHTML, like Gecko) Chrome/133.0.0.0 Safari/537.36"
198.55.100.131 - - [13/Jun/2026:23:30:52 +1000] "POST /?wc-ajax=get_refreshed_fragments HTTP/1.1" 200 313 "https://seafoodwarehouse.com.au/product/u10-tiger-prawns/" "Mozilla/5.0 (Linux; Android 5.0; SM-G900P Build/LRX21T) AppleWebKit/537.36 (KHTML, like Gecko) Chrome/59.0.1552.1102 Mobile Safari/537.36"
128.140.106.114 - - [13/Jun/2026:23:31:13 +1000] "HEAD / HTTP/1.1" 301 - "https://www.seafoodwarehouse.com.au" "Mozilla/5.0+(compatible; UptimeRobot/2.0; http://www.uptimerobot.com/)"
128.140.106.114 - - [13/Jun/2026:23:31:14 +1000] "HEAD / HTTP/1.1" 200 - "https://www.seafoodwarehouse.com.au" "Mozilla/5.0+(compatible; UptimeRobot/2.0; http://www.uptimerobot.com/)"
107.173.9.84 - - [13/Jun/2026:23:31:21 +1000] "GET /services/ HTTP/1.1" 200 9941 "-" "Uptime-Kuma/2.0.0-beta.4"
160.22.78.242 - - [13/Jun/2026:23:31:42 +1000] "POST /wp-cron.php?doing_wp_cron=1781357502.6008899211883544921875 HTTP/1.1" 200 - "-" "WordPress/6.5.8; https://seafoodwarehouse.com.au"
104.42.255.102 - - [13/Jun/2026:23:31:42 +1000] "GET /product/indian-mackerel/?add-to-cart=1097 HTTP/1.1" 200 12663 "-" "Mozilla/5.0 (X11; Linux x86_64) AppleWebKit/537.36 (KHTML, like Gecko) Chrome/133.0.0.0 Safari/537.36"
45.63.28.202 - - [13/Jun/2026:23:32:02 +1000] "GET /services/ HTTP/1.1" 200 9952 "-" "Mozilla/5.0 (Windows NT 10.0; Win64; x64) AppleWebKit/537.36 (KHTML, like Gecko) Chrome/89.0.4389.128 Safari/537.36"
208.80.196.253 - - [13/Jun/2026:23:32:05 +1000] "GET / HTTP/1.1" 200 14539 "-" "Wget/1.14 (linux-gnu)"
43.157.20.63 - - [13/Jun/2026:23:32:09 +1000] "GET /product/cp-prawn-cutlets-16-20/ HTTP/1.1" 200 12946 "-" "Mozilla/5.0 (iPhone; CPU iPhone OS 13_2_3 like Mac OS X) AppleWebKit/605.1.15 (KHTML, like Gecko) Version/13.0.3 Mobile/15E148 Safari/604.1"
160.22.78.242 - - [13/Jun/2026:23:32:21 +1000] "POST /wp-cron.php?doing_wp_cron=1781357541.4533860683441162109375 HTTP/1.1" 200 - "-" "WordPress/6.5.8; https://seafoodwarehouse.com.au"
107.173.9.84 - - [13/Jun/2026:23:32:21 +1000] "GET /services/ HTTP/1.1" 200 9945 "-" "Uptime-Kuma/2.0.0-beta.4"
160.22.78.242 - - [13/Jun/2026:23:32:42 +1000] "POST /wp-cron.php?doing_wp_cron=1781357562.1208319664001464843750 HTTP/1.1" 200 - "-" "WordPress/6.5.8; https://seafoodwarehouse.com.au"
46.22.216.11 - - [13/Jun/2026:23:32:41 +1000] "GET / HTTP/1.1" 200 97438 "-" "Mozilla/5.0"
152.55.184.90 - - [13/Jun/2026:23:33:11 +1000] "GET /products.json?limit=1&page=1 HTTP/1.1" 404 8106 "-" "outboundbuddy-enrichment/1.0 (+jamie@outboundbuddy.com)"
107.173.9.84 - - [13/Jun/2026:23:33:21 +1000] "GET /services/ HTTP/1.1" 200 9946 "-" "Uptime-Kuma/2.0.0-beta.4"
160.22.78.242 - - [13/Jun/2026:23:33:58 +1000] "POST /wp-cron.php?doing_wp_cron=1781357638.4021620750427246093750 HTTP/1.1" 200 - "-" "WordPress/6.5.8; https://seafoodwarehouse.com.au"
40.81.1.132 - - [13/Jun/2026:23:33:58 +1000] "GET /product/queensland-raw-ocean-kings-prawns/?add-to-cart=26202 HTTP/1.1" 200 13068 "-" "Mozilla/5.0 (Macintosh; Intel Mac OS X 10_15_7) AppleWebKit/537.36 (KHTML, like Gecko) Chrome/133.0.0.0 Safari/537.36"
136.116.198.170 - - [13/Jun/2026:23:34:02 +1000] "GET /___proxy_subdomain_whm/login HTTP/1.1" 404 8115 "-" "Mozilla/5.0 (Macintosh; Intel Mac OS X 10_15_7) AppleWebKit/537.36 (KHTML, like Gecko) Chrome/142.0.0.0 Safari/537.36"
45.63.28.202 - - [13/Jun/2026:23:34:02 +1000] "GET /services/ HTTP/1.1" 200 9937 "-" "Mozilla/5.0 (Windows NT 10.0; Win64; x64) AppleWebKit/537.36 (KHTML, like Gecko) Chrome/89.0.4389.128 Safari/537.36"
136.116.198.170 - - [13/Jun/2026:23:34:03 +1000] "GET /___proxy_subdomain_cpanel/login HTTP/1.1" 401 12471 "-" "Mozilla/5.0 (Macintosh; Intel Mac OS X 10_15_7) AppleWebKit/537.36 (KHTML, like Gecko) Chrome/142.0.0.0 Safari/537.36"
136.116.198.170 - - [13/Jun/2026:23:34:03 +1000] "GET /___proxy_subdomain_cpanel/ HTTP/1.1" 401 12481 "-" "Mozilla/5.0 (Macintosh; Intel Mac OS X 10_15_7) AppleWebKit/537.36 (KHTML, like Gecko) Chrome/142.0.0.0 Safari/537.36"
136.116.198.170 - - [13/Jun/2026:23:34:03 +1000] "GET /___proxy_subdomain_cpanel/login HTTP/1.1" 401 12473 "-" "Mozilla/5.0 (Macintosh; Intel Mac OS X 10_15_7) AppleWebKit/537.36 (KHTML, like Gecko) Chrome/142.0.0.0 Safari/537.36"
136.116.198.170 - - [13/Jun/2026:23:34:04 +1000] "GET /___proxy_subdomain_cpanel/ HTTP/1.1" 401 12484 "-" "Mozilla/5.0 (Macintosh; Intel Mac OS X 10_15_7) AppleWebKit/537.36 (KHTML, like Gecko) Chrome/142.0.0.0 Safari/537.36"
136.116.198.170 - - [13/Jun/2026:23:34:04 +1000] "GET /___proxy_subdomain_cpanel/login HTTP/1.1" 401 12476 "-" "Mozilla/5.0 (Macintosh; Intel Mac OS X 10_15_7) AppleWebKit/537.36 (KHTML, like Gecko) Chrome/142.0.0.0 Safari/537.36"
136.116.198.170 - - [13/Jun/2026:23:34:04 +1000] "GET /___proxy_subdomain_cpanel/ HTTP/1.1" 401 12487 "-" "Mozilla/5.0 (Macintosh; Intel Mac OS X 10_15_7) AppleWebKit/537.36 (KHTML, like Gecko) Chrome/142.0.0.0 Safari/537.36"
136.116.198.170 - - [13/Jun/2026:23:34:04 +1000] "GET /___proxy_subdomain_cpanel/login HTTP/1.1" 401 12471 "-" "Mozilla/5.0 (Macintosh; Intel Mac OS X 10_15_7) AppleWebKit/537.36 (KHTML, like Gecko) Chrome/142.0.0.0 Safari/537.36"
136.116.198.170 - - [13/Jun/2026:23:34:05 +1000] "GET /___proxy_subdomain_cpanel/ HTTP/1.1" 401 12486 "-" "Mozilla/5.0 (Macintosh; Intel Mac OS X 10_15_7) AppleWebKit/537.36 (KHTML, like Gecko) Chrome/142.0.0.0 Safari/537.36"
136.116.198.170 - - [13/Jun/2026:23:34:05 +1000] "GET /___proxy_subdomain_cpanel/login HTTP/1.1" 401 12474 "-" "Mozilla/5.0 (Macintosh; Intel Mac OS X 10_15_7) AppleWebKit/537.36 (KHTML, like Gecko) Chrome/142.0.0.0 Safari/537.36"
136.116.198.170 - - [13/Jun/2026:23:34:05 +1000] "GET /___proxy_subdomain_cpanel/ HTTP/1.1" 401 12481 "-" "Mozilla/5.0 (Macintosh; Intel Mac OS X 10_15_7) AppleWebKit/537.36 (KHTML, like Gecko) Chrome/142.0.0.0 Safari/537.36"
136.116.198.170 - - [13/Jun/2026:23:34:05 +1000] "GET /___proxy_subdomain_cpanel/login HTTP/1.1" 401 12480 "-" "Mozilla/5.0 (Macintosh; Intel Mac OS X 10_15_7) AppleWebKit/537.36 (KHTML, like Gecko) Chrome/142.0.0.0 Safari/537.36"
136.116.198.170 - - [13/Jun/2026:23:34:06 +1000] "GET /___proxy_subdomain_cpanel/ HTTP/1.1" 401 12483 "-" "Mozilla/5.0 (Macintosh; Intel Mac OS X 10_15_7) AppleWebKit/537.36 (KHTML, like Gecko) Chrome/142.0.0.0 Safari/537.36"
136.116.198.170 - - [13/Jun/2026:23:34:06 +1000] "GET /___proxy_subdomain_cpanel/login HTTP/1.1" 401 12474 "-" "Mozilla/5.0 (Macintosh; Intel Mac OS X 10_15_7) AppleWebKit/537.36 (KHTML, like Gecko) Chrome/142.0.0.0 Safari/537.36"
136.116.198.170 - - [13/Jun/2026:23:34:06 +1000] "GET /___proxy_subdomain_cpanel/ HTTP/1.1" 401 12492 "-" "Mozilla/5.0 (Macintosh; Intel Mac OS X 10_15_7) AppleWebKit/537.36 (KHTML, like Gecko) Chrome/142.0.0.0 Safari/537.36"
136.116.198.170 - - [13/Jun/2026:23:34:07 +1000] "GET /___proxy_subdomain_cpanel/login HTTP/1.1" 401 12476 "-" "Mozilla/5.0 (Macintosh; Intel Mac OS X 10_15_7) AppleWebKit/537.36 (KHTML, like Gecko) Chrome/142.0.0.0 Safari/537.36"
136.116.198.170 - - [13/Jun/2026:23:34:07 +1000] "GET /___proxy_subdomain_cpanel/ HTTP/1.1" 401 12478 "-" "Mozilla/5.0 (Macintosh; Intel Mac OS X 10_15_7) AppleWebKit/537.36 (KHTML, like Gecko) Chrome/142.0.0.0 Safari/537.36"
136.116.198.170 - - [13/Jun/2026:23:34:08 +1000] "GET /___proxy_subdomain_cpanel/login HTTP/1.1" 401 12475 "-" "Mozilla/5.0 (Macintosh; Intel Mac OS X 10_15_7) AppleWebKit/537.36 (KHTML, like Gecko) Chrome/142.0.0.0 Safari/537.36"
136.116.198.170 - - [13/Jun/2026:23:34:08 +1000] "GET /___proxy_subdomain_cpanel/login HTTP/1.1" 401 12474 "-" "Mozilla/5.0 (Macintosh; Intel Mac OS X 10_15_7) AppleWebKit/537.36 (KHTML, like Gecko) Chrome/142.0.0.0 Safari/537.36"
136.116.198.170 - - [13/Jun/2026:23:34:08 +1000] "GET /___proxy_subdomain_cpanel/ HTTP/1.1" 401 12489 "-" "Mozilla/5.0 (Macintosh; Intel Mac OS X 10_15_7) AppleWebKit/537.36 (KHTML, like Gecko) Chrome/142.0.0.0 Safari/537.36"
136.116.198.170 - - [13/Jun/2026:23:34:08 +1000] "GET /___proxy_subdomain_cpanel/login HTTP/1.1" 401 12471 "-" "Mozilla/5.0 (Macintosh; Intel Mac OS X 10_15_7) AppleWebKit/537.36 (KHTML, like Gecko) Chrome/142.0.0.0 Safari/537.36"
40.77.167.33 - - [13/Jun/2026:23:34:08 +1000] "GET /?s=%E3%82%BF%E3%82%AB%E3%83%8E+%E3%81%8A%E3%81%8B%E3%82%81%E7%B4%8D%E8%B1%86+%E6%A5%B5%E5%B0%8F%E7%B2%92%E3%83%9F%E3%83%8B%EF%BC%93+%EF%BC%95%EF%BC%90%EF%BD%87%C3%97%EF%BC%93&post_type=product HTTP/1.1" 200 9889 "-" "Mozilla/5.0 AppleWebKit/537.36 (KHTML, like Gecko; compatible; bingbot/2.0; +http://www.bing.com/bingbot.htm) Chrome/116.0.1938.76 Safari/537.36"
136.116.198.170 - - [13/Jun/2026:23:34:08 +1000] "GET /___proxy_subdomain_cpanel/ HTTP/1.1" 401 12484 "-" "Mozilla/5.0 (Macintosh; Intel Mac OS X 10_15_7) AppleWebKit/537.36 (KHTML, like Gecko) Chrome/142.0.0.0 Safari/537.36"
136.116.198.170 - - [13/Jun/2026:23:34:09 +1000] "GET /___proxy_subdomain_cpanel/login HTTP/1.1" 401 12474 "-" "Mozilla/5.0 (Macintosh; Intel Mac OS X 10_15_7) AppleWebKit/537.36 (KHTML, like Gecko) Chrome/142.0.0.0 Safari/537.36"
136.116.198.170 - - [13/Jun/2026:23:34:09 +1000] "GET /___proxy_subdomain_cpanel/ HTTP/1.1" 401 12487 "-" "Mozilla/5.0 (Macintosh; Intel Mac OS X 10_15_7) AppleWebKit/537.36 (KHTML, like Gecko) Chrome/142.0.0.0 Safari/537.36"
136.116.198.170 - - [13/Jun/2026:23:34:10 +1000] "GET /___proxy_subdomain_cpanel/login HTTP/1.1" 401 12473 "-" "Mozilla/5.0 (Macintosh; Intel Mac OS X 10_15_7) AppleWebKit/537.36 (KHTML, like Gecko) Chrome/142.0.0.0 Safari/537.36"
136.116.198.170 - - [13/Jun/2026:23:34:10 +1000] "GET /___proxy_subdomain_cpanel/ HTTP/1.1" 401 12489 "-" "Mozilla/5.0 (Macintosh; Intel Mac OS X 10_15_7) AppleWebKit/537.36 (KHTML, like Gecko) Chrome/142.0.0.0 Safari/537.36"
136.116.198.170 - - [13/Jun/2026:23:34:10 +1000] "GET /___proxy_subdomain_cpanel/login HTTP/1.1" 401 12474 "-" "Mozilla/5.0 (Macintosh; Intel Mac OS X 10_15_7) AppleWebKit/537.36 (KHTML, like Gecko) Chrome/142.0.0.0 Safari/537.36"
136.116.198.170 - - [13/Jun/2026:23:34:11 +1000] "GET /___proxy_subdomain_cpanel/ HTTP/1.1" 401 12484 "-" "Mozilla/5.0 (Macintosh; Intel Mac OS X 10_15_7) AppleWebKit/537.36 (KHTML, like Gecko) Chrome/142.0.0.0 Safari/537.36"
107.173.9.84 - - [13/Jun/2026:23:34:21 +1000] "GET /services/ HTTP/1.1" 200 9947 "-" "Uptime-Kuma/2.0.0-beta.4"
160.22.78.242 - - [13/Jun/2026:23:34:42 +1000] "POST /wp-cron.php?doing_wp_cron=1781357682.0545439720153808593750 HTTP/1.1" 200 - "-" "WordPress/6.5.8; https://seafoodwarehouse.com.au"
46.22.216.11 - - [13/Jun/2026:23:34:41 +1000] "GET / HTTP/1.1" 200 97447 "-" "Mozilla/5.0"
35.244.64.86 - - [13/Jun/2026:23:34:46 +1000] "GET /.git/config HTTP/1.1" 401 53 "-" "Mozilla/5.0 (Windows NT 6.3; rv:36.0) Gecko/20100101 Firefox/36.0"
107.173.9.84 - - [13/Jun/2026:23:35:21 +1000] "GET /services/ HTTP/1.1" 200 9938 "-" "Uptime-Kuma/2.0.0-beta.4"
37.19.212.248 - - [13/Jun/2026:23:35:47 +1000] "GET /wp-content/uploads/2021/07/Coral-Trout-Fillet-SOffsss-150x150.jpg HTTP/1.1" 200 12602 "-" "Opera/9.13.(Windows NT 4.0; tt-RU) Presto/2.9.186 Version/11.00"
160.22.78.242 - - [13/Jun/2026:23:35:58 +1000] "POST /wp-cron.php?doing_wp_cron=1781357758.1573760509490966796875 HTTP/1.1" 200 - "-" "WordPress/6.5.8; https://seafoodwarehouse.com.au"
151.80.18.185 - - [13/Jun/2026:23:35:57 +1000] "GET /wp-login.php HTTP/1.1" 200 2244 "-" "Mozilla/5.0 (Macintosh; Intel Mac OS X 10_15_7) AppleWebKit/537.36 (KHTML, like Gecko) Chrome/133.0.0.0 Safari/537.36"
151.80.18.185 - - [13/Jun/2026:23:35:58 +1000] "POST /wp-login.php HTTP/1.1" 503 7066 "https://seafoodwarehouse.aussieseafoodhouse.com.au/wp-login.php" "Mozilla/5.0 (Macintosh; Intel Mac OS X 10_15_7) AppleWebKit/537.36 (KHTML, like Gecko) Chrome/133.0.0.0 Safari/537.36"
45.63.28.202 - - [13/Jun/2026:23:36:03 +1000] "GET /services/ HTTP/1.1" 200 9944 "-" "Mozilla/5.0 (Windows NT 10.0; Win64; x64) AppleWebKit/537.36 (KHTML, like Gecko) Chrome/89.0.4389.128 Safari/537.36"
157.90.156.63 - - [13/Jun/2026:23:36:18 +1000] "HEAD / HTTP/1.1" 301 - "https://www.seafoodwarehouse.com.au" "Mozilla/5.0+(compatible; UptimeRobot/2.0; http://www.uptimerobot.com/)"
107.173.9.84 - - [13/Jun/2026:23:36:21 +1000] "GET /services/ HTTP/1.1" 200 9946 "-" "Uptime-Kuma/2.0.0-beta.4"
157.90.156.63 - - [13/Jun/2026:23:36:22 +1000] "HEAD / HTTP/1.1" 200 - "https://www.seafoodwarehouse.com.au" "Mozilla/5.0+(compatible; UptimeRobot/2.0; http://www.uptimerobot.com/)"
160.22.78.242 - - [13/Jun/2026:23:36:41 +1000] "POST /wp-cron.php?doing_wp_cron=1781357801.8561689853668212890625 HTTP/1.1" 200 - "-" "WordPress/6.5.8; https://seafoodwarehouse.com.au"
46.22.216.11 - - [13/Jun/2026:23:36:41 +1000] "GET / HTTP/1.1" 200 97437 "-" "Mozilla/5.0"
40.77.167.33 - - [13/Jun/2026:23:36:49 +1000] "GET /product/squid-tubes-975/ HTTP/1.1" 200 12997 "-" "Mozilla/5.0 AppleWebKit/537.36 (KHTML, like Gecko; compatible; bingbot/2.0; +http://www.bing.com/bingbot.htm) Chrome/116.0.1938.76 Safari/537.36"
160.22.78.242 - - [13/Jun/2026:23:37:15 +1000] "POST /?wordfence_syncAttackData=1781357834.9142 HTTP/1.1" 200 14535 "-" "WordPress/6.5.8; https://seafoodwarehouse.com.au"
160.22.78.242 - - [13/Jun/2026:23:37:15 +1000] "POST /?wordfence_syncAttackData=1781357834.9349 HTTP/1.1" 200 - "-" "WordPress/6.5.8; https://seafoodwarehouse.com.au"
160.22.78.242 - - [13/Jun/2026:23:37:15 +1000] "POST /?wordfence_syncAttackData=1781357835.1164 HTTP/1.1" 200 14536 "-" "WordPress/6.5.8; https://seafoodwarehouse.com.au"
160.22.78.242 - - [13/Jun/2026:23:37:15 +1000] "POST /?wordfence_syncAttackData=1781357834.9776 HTTP/1.1" 200 14531 "-" "WordPress/6.5.8; https://seafoodwarehouse.com.au"
160.22.78.242 - - [13/Jun/2026:23:37:15 +1000] "POST /?wordfence_syncAttackData=1781357834.979 HTTP/1.1" 200 14535 "-" "WordPress/6.5.8; https://seafoodwarehouse.com.au"
160.22.78.242 - - [13/Jun/2026:23:37:15 +1000] "POST /?wordfence_syncAttackData=1781357834.9805 HTTP/1.1" 200 14534 "-" "WordPress/6.5.8; https://seafoodwarehouse.com.au"
160.22.78.242 - - [13/Jun/2026:23:37:15 +1000] "POST /?wordfence_syncAttackData=1781357835.0286 HTTP/1.1" 200 14535 "-" "WordPress/6.5.8; https://seafoodwarehouse.com.au"
160.22.78.242 - - [13/Jun/2026:23:37:15 +1000] "POST /?wordfence_syncAttackData=1781357835.0175 HTTP/1.1" 200 14528 "-" "WordPress/6.5.8; https://seafoodwarehouse.com.au"
160.22.78.242 - - [13/Jun/2026:23:37:15 +1000] "POST /?wordfence_syncAttackData=1781357834.9468 HTTP/1.1" 200 14526 "-" "WordPress/6.5.8; https://seafoodwarehouse.com.au"
160.22.78.242 - - [13/Jun/2026:23:37:15 +1000] "POST /?wordfence_syncAttackData=1781357835.0546 HTTP/1.1" 200 14533 "-" "WordPress/6.5.8; https://seafoodwarehouse.com.au"
160.22.78.242 - - [13/Jun/2026:23:37:15 +1000] "POST /?wordfence_syncAttackData=1781357835.0271 HTTP/1.1" 200 14530 "-" "WordPress/6.5.8; https://seafoodwarehouse.com.au"
160.22.78.242 - - [13/Jun/2026:23:37:15 +1000] "POST /?wordfence_syncAttackData=1781357834.9569 HTTP/1.1" 200 14540 "-" "WordPress/6.5.8; https://seafoodwarehouse.com.au"
107.173.9.84 - - [13/Jun/2026:23:37:21 +1000] "GET /services/ HTTP/1.1" 200 9942 "-" "Uptime-Kuma/2.0.0-beta.4"
20.245.33.166 - - [13/Jun/2026:23:37:23 +1000] "GET /product/ocean-catfish-1-80/?add-to-cart=2958 HTTP/1.1" 200 12691 "-" "Mozilla/5.0 (Windows NT 10.0; Win64; x64) AppleWebKit/537.36 (KHTML, like Gecko) Chrome/133.0.0.0 Safari/537.36"
160.22.78.242 - - [13/Jun/2026:23:38:03 +1000] "POST /wp-cron.php?doing_wp_cron=1781357883.1206970214843750000000 HTTP/1.1" 200 - "-" "WordPress/6.5.8; https://seafoodwarehouse.com.au"
45.63.28.202 - - [13/Jun/2026:23:38:02 +1000] "GET /services/ HTTP/1.1" 200 9948 "-" "Mozilla/5.0 (Windows NT 10.0; Win64; x64) AppleWebKit/537.36 (KHTML, like Gecko) Chrome/89.0.4389.128 Safari/537.36"
107.173.9.84 - - [13/Jun/2026:23:38:21 +1000] "GET /services/ HTTP/1.1" 200 9947 "-" "Uptime-Kuma/2.0.0-beta.4"
160.22.78.242 - - [13/Jun/2026:23:38:41 +1000] "POST /wp-cron.php?doing_wp_cron=1781357921.7037379741668701171875 HTTP/1.1" 200 - "-" "WordPress/6.5.8; https://seafoodwarehouse.com.au"
46.22.216.11 - - [13/Jun/2026:23:38:41 +1000] "GET / HTTP/1.1" 200 97431 "-" "Mozilla/5.0"
160.22.78.242 - - [13/Jun/2026:23:39:06 +1000] "POST /wp-cron.php?doing_wp_cron=1781357946.0874431133270263671875 HTTP/1.1" 200 - "-" "WordPress/6.5.8; https://seafoodwarehouse.com.au"
152.55.184.90 - - [13/Jun/2026:23:39:05 +1000] "GET / HTTP/1.1" 200 14534 "-" "outboundbuddy-enrichment/1.0 (+jamie@outboundbuddy.com)"
107.173.9.84 - - [13/Jun/2026:23:39:21 +1000] "GET /services/ HTTP/1.1" 200 9938 "-" "Uptime-Kuma/2.0.0-beta.4"
160.22.78.242 - - [13/Jun/2026:23:40:03 +1000] "POST /wp-cron.php?doing_wp_cron=1781358003.0954420566558837890625 HTTP/1.1" 200 - "-" "WordPress/6.5.8; https://seafoodwarehouse.com.au"
45.63.28.202 - - [13/Jun/2026:23:40:02 +1000] "GET /services/ HTTP/1.1" 200 9951 "-" "Mozilla/5.0 (Windows NT 10.0; Win64; x64) AppleWebKit/537.36 (KHTML, like Gecko) Chrome/89.0.4389.128 Safari/537.36"
40.77.167.55 - - [13/Jun/2026:23:40:21 +1000] "GET /?s=Shunde&post_type=product HTTP/1.1" 200 9510 "-" "Mozilla/5.0 AppleWebKit/537.36 (KHTML, like Gecko; compatible; bingbot/2.0; +http://www.bing.com/bingbot.htm) Chrome/116.0.1938.76 Safari/537.36"
107.173.9.84 - - [13/Jun/2026:23:40:21 +1000] "GET /services/ HTTP/1.1" 200 9948 "-" "Uptime-Kuma/2.0.0-beta.4"
160.22.78.242 - - [13/Jun/2026:23:40:41 +1000] "POST /wp-cron.php?doing_wp_cron=1781358041.5457389354705810546875 HTTP/1.1" 200 - "-" "WordPress/6.5.8; https://seafoodwarehouse.com.au"
46.22.216.11 - - [13/Jun/2026:23:40:41 +1000] "GET / HTTP/1.1" 200 97443 "-" "Mozilla/5.0"
160.22.78.242 - - [13/Jun/2026:23:41:04 +1000] "POST /wp-cron.php?doing_wp_cron=1781358064.5202960968017578125000 HTTP/1.1" 200 - "-" "WordPress/6.5.8; https://seafoodwarehouse.com.au"
110.249.202.160 - - [13/Jun/2026:23:41:04 +1000] "GET /robots.txt HTTP/1.1" 200 69 "-" "Mozilla/5.0 (Linux; Android 5.0) AppleWebKit/537.36 (KHTML, like Gecko) Mobile Safari/537.36 (compatible; Bytespider; https://zhanzhang.toutiao.com/)"
66.249.66.75 - - [13/Jun/2026:23:41:05 +1000] "GET / HTTP/1.1" 200 6621 "-" "Mozilla/5.0 (Linux; Android 6.0.1; Nexus 5X Build/MMB29P) AppleWebKit/537.36 (KHTML, like Gecko) Chrome/148.0.7778.96 Mobile Safari/537.36 (compatible; Googlebot/2.1; +http://www.google.com/bot.html)"
13.83.232.153 - - [13/Jun/2026:23:41:06 +1000] "GET /product/whiting-crumbed/?add-to-cart=10229 HTTP/1.1" 200 13369 "-" "Mozilla/5.0 (Windows NT 10.0; Win64; x64; rv:120.0) Gecko/20100101 Firefox/120.0"
107.173.9.84 - - [13/Jun/2026:23:41:21 +1000] "GET /services/ HTTP/1.1" 200 9950 "-" "Uptime-Kuma/2.0.0-beta.4"
52.28.162.93 - - [13/Jun/2026:23:41:28 +1000] "HEAD / HTTP/1.1" 301 - "https://www.seafoodwarehouse.com.au" "Mozilla/5.0+(compatible; UptimeRobot/2.0; http://www.uptimerobot.com/)"
52.28.162.93 - - [13/Jun/2026:23:41:30 +1000] "HEAD / HTTP/1.1" 200 - "https://www.seafoodwarehouse.com.au" "Mozilla/5.0+(compatible; UptimeRobot/2.0; http://www.uptimerobot.com/)"
160.22.78.242 - - [13/Jun/2026:23:42:03 +1000] "POST /wp-cron.php?doing_wp_cron=1781358123.1315200328826904296875 HTTP/1.1" 200 - "-" "WordPress/6.5.8; https://seafoodwarehouse.com.au"
45.63.28.202 - - [13/Jun/2026:23:42:02 +1000] "GET /services/ HTTP/1.1" 200 9931 "-" "Mozilla/5.0 (Windows NT 10.0; Win64; x64) AppleWebKit/537.36 (KHTML, like Gecko) Chrome/89.0.4389.128 Safari/537.36"
160.22.78.242 - - [13/Jun/2026:23:42:21 +1000] "POST /wp-cron.php?doing_wp_cron=1781358141.3851189613342285156250 HTTP/1.1" 200 - "-" "WordPress/6.5.8; https://seafoodwarehouse.com.au"
107.173.9.84 - - [13/Jun/2026:23:42:21 +1000] "GET /services/ HTTP/1.1" 200 9953 "-" "Uptime-Kuma/2.0.0-beta.4"
160.22.78.242 - - [13/Jun/2026:23:42:42 +1000] "POST /wp-cron.php?doing_wp_cron=1781358162.3781859874725341796875 HTTP/1.1" 200 - "-" "WordPress/6.5.8; https://seafoodwarehouse.com.au"
46.22.216.11 - - [13/Jun/2026:23:42:42 +1000] "GET / HTTP/1.1" 200 97433 "-" "Mozilla/5.0"
107.173.9.84 - - [13/Jun/2026:23:43:21 +1000] "GET /services/ HTTP/1.1" 200 9947 "-" "Uptime-Kuma/2.0.0-beta.4"
20.245.189.114 - - [13/Jun/2026:23:43:27 +1000] "GET /product/cp-prawn-cutlets-16-20/?add-to-cart=2089 HTTP/1.1" 200 13036 "-" "Mozilla/5.0 (Macintosh; Intel Mac OS X 10_15_7) AppleWebKit/537.36 (KHTML, like Gecko) Chrome/133.0.0.0 Safari/537.36"
160.22.78.242 - - [13/Jun/2026:23:44:03 +1000] "POST /wp-cron.php?doing_wp_cron=1781358243.1483170986175537109375 HTTP/1.1" 200 - "-" "WordPress/6.5.8; https://seafoodwarehouse.com.au"
45.63.28.202 - - [13/Jun/2026:23:44:02 +1000] "GET /services/ HTTP/1.1" 200 9946 "-" "Mozilla/5.0 (Windows NT 10.0; Win64; x64) AppleWebKit/537.36 (KHTML, like Gecko) Chrome/89.0.4389.128 Safari/537.36"
107.173.9.84 - - [13/Jun/2026:23:44:21 +1000] "GET /services/ HTTP/1.1" 200 9951 "-" "Uptime-Kuma/2.0.0-beta.4"
180.93.231.17 - - [13/Jun/2026:23:44:33 +1000] "GET / HTTP/1.1" 200 14534 "-" "Mozilla/5.0 (Windows NT 10.0; Win64; x64) AppleWebKit/537.36"
160.22.78.242 - - [13/Jun/2026:23:44:44 +1000] "POST /wp-cron.php?doing_wp_cron=1781358284.7754158973693847656250 HTTP/1.1" 200 - "-" "WordPress/6.5.8; https://seafoodwarehouse.com.au"
46.22.216.11 - - [13/Jun/2026:23:44:44 +1000] "GET / HTTP/1.1" 200 97438 "-" "Mozilla/5.0"
170.106.163.84 - - [13/Jun/2026:23:45:16 +1000] "GET /product/aussie-nth-kings-26-80-kg-5kg-buy/?add-to-cart=16855 HTTP/1.1" 200 13079 "-" "Mozilla/5.0 (iPhone; CPU iPhone OS 13_2_3 like Mac OS X) AppleWebKit/605.1.15 (KHTML, like Gecko) Version/13.0.3 Mobile/15E148 Safari/604.1"
107.173.9.84 - - [13/Jun/2026:23:45:21 +1000] "GET /services/ HTTP/1.1" 200 9953 "-" "Uptime-Kuma/2.0.0-beta.4"
216.73.217.108 - - [13/Jun/2026:23:45:57 +1000] "GET /wp-includes/js/underscore.min.js HTTP/1.1" 200 7311 "-" "Mozilla/5.0 AppleWebKit/537.36 (KHTML, like Gecko; compatible; ClaudeBot/1.0; +claudebot@anthropic.com)"
216.73.217.108 - - [13/Jun/2026:23:46:01 +1000] "GET /wp-includes/js/wp-util.min.js HTTP/1.1" 200 754 "-" "Mozilla/5.0 AppleWebKit/537.36 (KHTML, like Gecko; compatible; ClaudeBot/1.0; +claudebot@anthropic.com)"
160.22.78.242 - - [13/Jun/2026:23:46:03 +1000] "POST /wp-cron.php?doing_wp_cron=1781358363.1919510364532470703125 HTTP/1.1" 200 - "-" "WordPress/6.5.8; https://seafoodwarehouse.com.au"
45.63.28.202 - - [13/Jun/2026:23:46:02 +1000] "GET /services/ HTTP/1.1" 200 9938 "-" "Mozilla/5.0 (Windows NT 10.0; Win64; x64) AppleWebKit/537.36 (KHTML, like Gecko) Chrome/89.0.4389.128 Safari/537.36"
107.173.9.84 - - [13/Jun/2026:23:46:21 +1000] "GET /services/ HTTP/1.1" 200 9950 "-" "Uptime-Kuma/2.0.0-beta.4"
160.22.78.242 - - [13/Jun/2026:23:46:36 +1000] "POST /wp-cron.php?doing_wp_cron=1781358396.1028079986572265625000 HTTP/1.1" 200 - "-" "WordPress/6.5.8; https://seafoodwarehouse.com.au"
142.132.180.39 - - [13/Jun/2026:23:46:35 +1000] "HEAD / HTTP/1.1" 301 - "https://www.seafoodwarehouse.com.au" "Mozilla/5.0+(compatible; UptimeRobot/2.0; http://www.uptimerobot.com/)"
142.132.180.39 - - [13/Jun/2026:23:46:37 +1000] "HEAD / HTTP/1.1" 200 - "https://www.seafoodwarehouse.com.au" "Mozilla/5.0+(compatible; UptimeRobot/2.0; http://www.uptimerobot.com/)"
46.22.216.11 - - [13/Jun/2026:23:46:44 +1000] "GET / HTTP/1.1" 200 97438 "-" "Mozilla/5.0"
189.222.47.226 - - [13/Jun/2026:23:46:59 +1000] "GET /wp-login.php HTTP/1.1" 200 2244 "-" "Mozilla/5.0 (X11; Fedora; Linux x86_64) AppleWebKit/537.36 (KHTML, like Gecko) Chrome/133.0.0.0 Safari/537.36"
189.222.47.226 - - [13/Jun/2026:23:46:59 +1000] "POST /wp-login.php HTTP/1.1" 503 7066 "https://www.seafoodwarehouse.aussieseafoodhouse.com.au/wp-login.php" "Mozilla/5.0 (X11; Fedora; Linux x86_64) AppleWebKit/537.36 (KHTML, like Gecko) Chrome/133.0.0.0 Safari/537.36"
160.22.78.242 - - [13/Jun/2026:23:47:21 +1000] "POST /wp-cron.php?doing_wp_cron=1781358441.4692449569702148437500 HTTP/1.1" 200 - "-" "WordPress/6.5.8; https://seafoodwarehouse.com.au"
107.173.9.84 - - [13/Jun/2026:23:47:21 +1000] "GET /services/ HTTP/1.1" 200 9950 "-" "Uptime-Kuma/2.0.0-beta.4"
160.22.78.242 - - [13/Jun/2026:23:48:03 +1000] "POST /wp-cron.php?doing_wp_cron=1781358483.1876440048217773437500 HTTP/1.1" 200 - "-" "WordPress/6.5.8; https://seafoodwarehouse.com.au"
45.63.28.202 - - [13/Jun/2026:23:48:03 +1000] "GET /services/ HTTP/1.1" 200 9946 "-" "Mozilla/5.0 (Windows NT 10.0; Win64; x64) AppleWebKit/537.36 (KHTML, like Gecko) Chrome/89.0.4389.128 Safari/537.36"
216.73.217.108 - - [13/Jun/2026:23:48:06 +1000] "GET /wp-includes/css/dashicons.min.css HTTP/1.1" 200 35730 "-" "Mozilla/5.0 AppleWebKit/537.36 (KHTML, like Gecko; compatible; ClaudeBot/1.0; +claudebot@anthropic.com)"
107.173.9.84 - - [13/Jun/2026:23:48:23 +1000] "GET /services/ HTTP/1.1" 200 9941 "-" "Uptime-Kuma/2.0.0-beta.4"
160.22.78.242 - - [13/Jun/2026:23:48:44 +1000] "POST /wp-cron.php?doing_wp_cron=1781358524.6230959892272949218750 HTTP/1.1" 200 - "-" "WordPress/6.5.8; https://seafoodwarehouse.com.au"
46.22.216.11 - - [13/Jun/2026:23:48:44 +1000] "GET / HTTP/1.1" 200 97414 "-" "Mozilla/5.0"
160.22.78.242 - - [13/Jun/2026:23:49:21 +1000] "POST /wp-cron.php?doing_wp_cron=1781358561.5256969928741455078125 HTTP/1.1" 200 - "-" "WordPress/6.5.8; https://seafoodwarehouse.com.au"
107.173.9.84 - - [13/Jun/2026:23:49:21 +1000] "GET /services/ HTTP/1.1" 200 9938 "-" "Uptime-Kuma/2.0.0-beta.4"
160.22.78.242 - - [13/Jun/2026:23:49:40 +1000] "POST /wp-cron.php?doing_wp_cron=1781358580.5489840507507324218750 HTTP/1.1" 200 - "-" "WordPress/6.5.8; https://seafoodwarehouse.com.au"
216.73.217.108 - - [13/Jun/2026:23:49:40 +1000] "GET /wp-login.php?action=register HTTP/1.1" 200 1571 "-" "Mozilla/5.0 AppleWebKit/537.36 (KHTML, like Gecko; compatible; ClaudeBot/1.0; +claudebot@anthropic.com)"
85.208.96.207 - - [13/Jun/2026:23:49:53 +1000] "GET /?attachment_id=3558 HTTP/1.1" 302 260 "-" "Mozilla/5.0 (compatible; SemrushBot/7~bl; +http://www.semrush.com/bot.html)"
45.63.28.202 - - [13/Jun/2026:23:50:03 +1000] "GET /services/ HTTP/1.1" 200 9948 "-" "Mozilla/5.0 (Windows NT 10.0; Win64; x64) AppleWebKit/537.36 (KHTML, like Gecko) Chrome/89.0.4389.128 Safari/537.36"
144.31.167.110 - - [13/Jun/2026:23:50:08 +1000] "GET /my-account/ HTTP/1.1" 200 10781 "-" "Mozilla/5.0 (Macintosh; Intel Mac OS X 14_6) AppleWebKit/605.1.15 (KHTML, like Gecko) Version/18.1 Safari/605.1.15"
144.31.167.110 - - [13/Jun/2026:23:50:09 +1000] "POST /my-account/ HTTP/1.1" 200 10798 "https://seafoodwarehouse.com.au/my-account/" "Mozilla/5.0 (Windows NT 10.0; Win64; x64) AppleWebKit/537.36 (KHTML, like Gecko) Chrome/131.0.0.0 Safari/537.36"
107.173.9.84 - - [13/Jun/2026:23:50:21 +1000] "GET /services/ HTTP/1.1" 200 9944 "-" "Uptime-Kuma/2.0.0-beta.4"
160.22.78.242 - - [13/Jun/2026:23:50:44 +1000] "POST /wp-cron.php?doing_wp_cron=1781358644.5236580371856689453125 HTTP/1.1" 200 - "-" "WordPress/6.5.8; https://seafoodwarehouse.com.au"
46.22.216.11 - - [13/Jun/2026:23:50:44 +1000] "GET / HTTP/1.1" 200 97427 "-" "Mozilla/5.0"
40.77.167.59 - - [13/Jun/2026:23:51:00 +1000] "GET /?s=10.1016%2Fj.ijhydene.2025.06.015&post_type=product HTTP/1.1" 200 9479 "-" "Mozilla/5.0 AppleWebKit/537.36 (KHTML, like Gecko; compatible; bingbot/2.0; +http://www.bing.com/bingbot.htm) Chrome/116.0.1938.76 Safari/537.36"
43.154.127.188 - - [13/Jun/2026:23:51:16 +1000] "GET /?p=45275 HTTP/1.1" 301 - "-" "Mozilla/5.0 (iPhone; CPU iPhone OS 13_2_3 like Mac OS X) AppleWebKit/605.1.15 (KHTML, like Gecko) Version/13.0.3 Mobile/15E148 Safari/604.1"
152.55.184.40 - - [13/Jun/2026:23:51:17 +1000] "GET /products.json?limit=1&page=1 HTTP/1.1" 404 8045 "-" "outboundbuddy-enrichment/1.0 (+jamie@outboundbuddy.com)"
43.154.127.188 - - [13/Jun/2026:23:51:18 +1000] "GET /product/aussie-nth-kings-26-80-kg-5kg-buy/ HTTP/1.1" 200 12970 "https://seafoodwarehouse.com.au/?p=45275" "Mozilla/5.0 (iPhone; CPU iPhone OS 13_2_3 like Mac OS X) AppleWebKit/605.1.15 (KHTML, like Gecko) Version/13.0.3 Mobile/15E148 Safari/604.1"
107.173.9.84 - - [13/Jun/2026:23:51:21 +1000] "GET /services/ HTTP/1.1" 200 9894 "-" "Uptime-Kuma/2.0.0-beta.4"
160.22.78.242 - - [13/Jun/2026:23:51:42 +1000] "POST /wp-cron.php?doing_wp_cron=1781358702.6007099151611328125000 HTTP/1.1" 200 - "-" "WordPress/6.5.8; https://seafoodwarehouse.com.au"
128.140.41.193 - - [13/Jun/2026:23:51:42 +1000] "HEAD / HTTP/1.1" 301 - "https://www.seafoodwarehouse.com.au" "Mozilla/5.0+(compatible; UptimeRobot/2.0; http://www.uptimerobot.com/)"
128.140.41.193 - - [13/Jun/2026:23:51:43 +1000] "HEAD / HTTP/1.1" 200 - "https://www.seafoodwarehouse.com.au" "Mozilla/5.0+(compatible; UptimeRobot/2.0; http://www.uptimerobot.com/)"
104.236.222.1 - - [13/Jun/2026:23:51:59 +1000] "GET /wp-login.php HTTP/1.1" 200 2245 "-" "Mozilla/5.0 (Macintosh; Intel Mac OS X 10_15_7) AppleWebKit/537.36 (KHTML, like Gecko) Chrome/133.0.0.0 Safari/537.36 Edg/133.0.0.0"
104.236.222.1 - - [13/Jun/2026:23:52:00 +1000] "POST /wp-login.php HTTP/1.1" 503 7066 "https://www.seafoodwarehouse.com.au/wp-login.php" "Mozilla/5.0 (Macintosh; Intel Mac OS X 10_15_7) AppleWebKit/537.36 (KHTML, like Gecko) Chrome/133.0.0.0 Safari/537.36 Edg/133.0.0.0"
45.63.28.202 - - [13/Jun/2026:23:52:03 +1000] "GET /services/ HTTP/1.1" 200 9946 "-" "Mozilla/5.0 (Windows NT 10.0; Win64; x64) AppleWebKit/537.36 (KHTML, like Gecko) Chrome/89.0.4389.128 Safari/537.36"
107.173.9.84 - - [13/Jun/2026:23:52:21 +1000] "GET /services/ HTTP/1.1" 200 9947 "-" "Uptime-Kuma/2.0.0-beta.4"
216.73.217.108 - - [13/Jun/2026:23:52:39 +1000] "GET /wp-includes/css/buttons.min.css HTTP/1.1" 200 1470 "-" "Mozilla/5.0 AppleWebKit/537.36 (KHTML, like Gecko; compatible; ClaudeBot/1.0; +claudebot@anthropic.com)"
160.22.78.242 - - [13/Jun/2026:23:52:47 +1000] "POST /wp-cron.php?doing_wp_cron=1781358767.2708609104156494140625 HTTP/1.1" 200 - "-" "WordPress/6.5.8; https://seafoodwarehouse.com.au"
46.22.216.11 - - [13/Jun/2026:23:52:47 +1000] "GET / HTTP/1.1" 200 97432 "-" "Mozilla/5.0"
65.55.210.78 - - [13/Jun/2026:23:52:59 +1000] "POST /?wc-ajax=get_refreshed_fragments HTTP/1.1" 200 313 "https://seafoodwarehouse.com.au/product/squid-tubes-975/" "Mozilla/5.0 AppleWebKit/537.36 (KHTML, like Gecko; compatible; bingbot/2.0; +http://www.bing.com/bingbot.htm) Chrome/136.0.0.0 Safari/537.36"
107.173.9.84 - - [13/Jun/2026:23:53:21 +1000] "GET /services/ HTTP/1.1" 200 9940 "-" "Uptime-Kuma/2.0.0-beta.4"
160.22.78.242 - - [13/Jun/2026:23:54:03 +1000] "POST /wp-cron.php?doing_wp_cron=1781358843.3103868961334228515625 HTTP/1.1" 200 - "-" "WordPress/6.5.8; https://seafoodwarehouse.com.au"
45.63.28.202 - - [13/Jun/2026:23:54:03 +1000] "GET /services/ HTTP/1.1" 200 9943 "-" "Mozilla/5.0 (Windows NT 10.0; Win64; x64) AppleWebKit/537.36 (KHTML, like Gecko) Chrome/89.0.4389.128 Safari/537.36"
114.119.128.5 - - [13/Jun/2026:23:54:10 +1000] "GET /product/salmon-aussie-5-kg-lots HTTP/1.1" 404 8099 "https://seafoodwarehouse.com.au/product/salmon-aussie-5-kg-lots" "Mozilla/5.0 (Linux; Android 7.0;) AppleWebKit/537.36 (HTML, like Gecko) Mobile Safari/537.36 (compatible; PetalBot;+https://webmaster.petalsearch.com/site/petalbot)"
107.173.9.84 - - [13/Jun/2026:23:54:21 +1000] "GET /services/ HTTP/1.1" 200 9947 "-" "Uptime-Kuma/2.0.0-beta.4"
138.246.253.24 - - [13/Jun/2026:23:54:22 +1000] "GET /robots.txt HTTP/1.1" 401 36 "-" "Mozilla/5.0 (Windows NT 10.0; Win64; x64) AppleWebKit/537.36 (KHTML, like Gecko) Chrome/103.0.5060.134 Safari/537.36"
160.22.78.242 - - [13/Jun/2026:23:54:46 +1000] "POST /wp-cron.php?doing_wp_cron=1781358886.8916449546813964843750 HTTP/1.1" 200 - "-" "WordPress/6.5.8; https://seafoodwarehouse.com.au"
46.22.216.11 - - [13/Jun/2026:23:54:46 +1000] "GET / HTTP/1.1" 200 97445 "-" "Mozilla/5.0"
152.55.184.40 - - [13/Jun/2026:23:55:05 +1000] "GET / HTTP/1.1" 200 14535 "-" "outboundbuddy-enrichment/1.0 (+jamie@outboundbuddy.com)"
107.173.9.84 - - [13/Jun/2026:23:55:21 +1000] "GET /services/ HTTP/1.1" 200 9946 "-" "Uptime-Kuma/2.0.0-beta.4"
34.236.135.14 - - [13/Jun/2026:23:55:34 +1000] "GET /wp-json/oembed/1.0/embed?url=https://seafoodwarehouse.com.au/product/leah-shark/ HTTP/1.1" 200 1069 "-" "Mozilla/5.0 AppleWebKit/537.36 (KHTML, like Gecko; compatible; Amazonbot/0.1; +https://developer.amazon.com/support/amazonbot) Chrome/119.0.6045.214 Safari/537.36"
160.22.78.242 - - [13/Jun/2026:23:55:58 +1000] "POST /wp-cron.php?doing_wp_cron=1781358958.7747271060943603515625 HTTP/1.1" 200 - "-" "WordPress/6.5.8; https://seafoodwarehouse.com.au"
220.181.108.94 - - [13/Jun/2026:23:55:58 +1000] "GET /product/pilchards-14-kg-box/ HTTP/1.1" 200 13044 "-" "Mozilla/5.0 (compatible; Baiduspider/2.0; +http://www.baidu.com/search/spider.html)"
45.63.28.202 - - [13/Jun/2026:23:56:03 +1000] "GET /services/ HTTP/1.1" 200 9954 "-" "Mozilla/5.0 (Windows NT 10.0; Win64; x64) AppleWebKit/537.36 (KHTML, like Gecko) Chrome/89.0.4389.128 Safari/537.36"
107.173.9.84 - - [13/Jun/2026:23:56:21 +1000] "GET /services/ HTTP/1.1" 200 9947 "-" "Uptime-Kuma/2.0.0-beta.4"
160.22.78.242 - - [13/Jun/2026:23:56:46 +1000] "POST /wp-cron.php?doing_wp_cron=1781359006.7225689888000488281250 HTTP/1.1" 200 - "-" "WordPress/6.5.8; https://seafoodwarehouse.com.au"
46.22.216.11 - - [13/Jun/2026:23:56:46 +1000] "GET / HTTP/1.1" 200 97422 "-" "Mozilla/5.0"
3.79.134.69 - - [13/Jun/2026:23:56:48 +1000] "HEAD / HTTP/1.1" 301 - "https://www.seafoodwarehouse.com.au" "Mozilla/5.0+(compatible; UptimeRobot/2.0; http://www.uptimerobot.com/)"
3.79.134.69 - - [13/Jun/2026:23:56:49 +1000] "HEAD / HTTP/1.1" 200 - "https://www.seafoodwarehouse.com.au" "Mozilla/5.0+(compatible; UptimeRobot/2.0; http://www.uptimerobot.com/)"
185.191.171.14 - - [13/Jun/2026:23:56:51 +1000] "GET /product/whole-sea-mullet-4-80kg-5kg-box/ HTTP/1.1" 200 12555 "-" "Mozilla/5.0 (compatible; SemrushBot/7~bl; +http://www.semrush.com/bot.html)"
