96.0.73.164 - - [13/Jun/2026:22:24:20 +1000] "POST /?wc-ajax=get_refreshed_fragments HTTP/1.1" 200 313 "https://seafoodwarehouse.com.au/?s=bug&post_type=product" "Mozilla/5.0 (Windows NT 10.0; Win64; x64) AppleWebKit/537.36 (KHTML, like Gecko) Chrome/149.0.0.0 Safari/537.36 Edg/149.0.0.0"
96.0.73.164 - - [13/Jun/2026:22:24:21 +1000] "POST /?wc-ajax=get_refreshed_fragments HTTP/1.1" 200 313 "https://seafoodwarehouse.com.au/shop/" "Mozilla/5.0 (Windows NT 10.0; Win64; x64) AppleWebKit/537.36 (KHTML, like Gecko) Chrome/149.0.0.0 Safari/537.36 Edg/149.0.0.0"
96.0.73.164 - - [13/Jun/2026:22:24:22 +1000] "POST /?wc-ajax=get_refreshed_fragments HTTP/1.1" 200 313 "https://seafoodwarehouse.com.au/" "Mozilla/5.0 (Windows NT 10.0; Win64; x64) AppleWebKit/537.36 (KHTML, like Gecko) Chrome/149.0.0.0 Safari/537.36 Edg/149.0.0.0"
103.207.83.169 - - [13/Jun/2026:22:24:26 +1000] "GET /wp-content/uploads/2018/08/calamarichip.jpg HTTP/1.1" 200 264253 "-" "Mozilla/5.0 (compatible; MSIE 9.0; Windows NT 6.1; Trident/4.0)"
46.22.216.11 - - [13/Jun/2026:22:24:26 +1000] "GET / HTTP/1.1" 200 97438 "-" "Mozilla/5.0"
146.59.127.80 - - [13/Jun/2026:22:24:34 +1000] "GET /product/whole-sea-mullet-4-80kg-5kg-box/?add-to-cart=24446 HTTP/1.1" 200 12761 "-" "Mozilla/5.0 (Windows NT 10.0; Win64; x64) AppleWebKit/537.36 (KHTML, like Gecko) Chrome/139.0.0.0 Safari/537.36"
160.22.78.242 - - [13/Jun/2026:22:24:35 +1000] "POST /wp-cron.php?doing_wp_cron=1781353475.4976580142974853515625 HTTP/1.1" 200 - "-" "WordPress/6.5.8; https://seafoodwarehouse.com.au"
57.129.69.52 - - [13/Jun/2026:22:24:35 +1000] "GET /product/whole-sea-mullet-4-80kg-5kg-box/?add-to-cart=55110 HTTP/1.1" 200 12718 "-" "Mozilla/5.0 (Windows NT 10.0; Win64; x64) AppleWebKit/537.36 (KHTML, like Gecko) Chrome/139.0.0.0 Safari/537.36"
57.129.81.151 - - [13/Jun/2026:22:24:40 +1000] "GET /product/whole-sea-mullet-4-80kg-5kg-box/?add-to-cart=29891 HTTP/1.1" 200 12767 "-" "Mozilla/5.0 (Windows NT 10.0; Win64; x64) AppleWebKit/537.36 (KHTML, like Gecko) Chrome/139.0.0.0 Safari/537.36"
107.173.9.84 - - [13/Jun/2026:22:25:20 +1000] "GET /services/ HTTP/1.1" 200 9946 "-" "Uptime-Kuma/2.0.0-beta.4"
160.22.78.242 - - [13/Jun/2026:22:25:53 +1000] "POST /wp-cron.php?doing_wp_cron=1781353553.0846939086914062500000 HTTP/1.1" 200 - "-" "WordPress/6.5.8; https://seafoodwarehouse.com.au"
152.55.184.63 - - [13/Jun/2026:22:25:52 +1000] "GET /careers HTTP/1.1" 404 8112 "-" "outboundbuddy-enrichment/1.0 (+jamie@outboundbuddy.com)"
152.55.184.63 - - [13/Jun/2026:22:25:54 +1000] "GET /jobs HTTP/1.1" 404 8107 "-" "outboundbuddy-enrichment/1.0 (+jamie@outboundbuddy.com)"
152.55.184.63 - - [13/Jun/2026:22:25:55 +1000] "GET /work-with-us HTTP/1.1" 404 8113 "-" "outboundbuddy-enrichment/1.0 (+jamie@outboundbuddy.com)"
152.55.184.63 - - [13/Jun/2026:22:25:58 +1000] "GET /join-us HTTP/1.1" 404 8106 "-" "outboundbuddy-enrichment/1.0 (+jamie@outboundbuddy.com)"
152.55.184.63 - - [13/Jun/2026:22:25:59 +1000] "GET /company/careers HTTP/1.1" 404 8114 "-" "outboundbuddy-enrichment/1.0 (+jamie@outboundbuddy.com)"
45.63.28.202 - - [13/Jun/2026:22:26:02 +1000] "GET /services/ HTTP/1.1" 200 9947 "-" "Mozilla/5.0 (Windows NT 10.0; Win64; x64) AppleWebKit/537.36 (KHTML, like Gecko) Chrome/89.0.4389.128 Safari/537.36"
160.22.78.242 - - [13/Jun/2026:22:26:07 +1000] "POST /wp-admin/admin-ajax.php?action=wordfence_testAjax HTTP/1.1" 200 32 "-" "WordPress/6.5.8; https://seafoodwarehouse.com.au"
160.22.78.242 - - [13/Jun/2026:22:26:08 +1000] "GET /wp-admin/admin-ajax.php?action=wordfence_doScan&isFork=0&scanMode=quick&cronKey=8d8760309f67cf0569ca746b87924709&signature=a17e9607871b4730474aec7eb19ead5abb0296fc0ce5a7c5e8c42445a7a729ef HTTP/1.1" 200 - "-" "WordPress/6.5.8; https://seafoodwarehouse.com.au"
160.22.78.242 - - [13/Jun/2026:22:26:19 +1000] "POST /wp-cron.php?doing_wp_cron=1781353579.8424170017242431640625 HTTP/1.1" 200 - "-" "WordPress/6.5.8; https://seafoodwarehouse.com.au"
212.77.241.90 - - [13/Jun/2026:22:26:19 +1000] "GET /wp-login.php HTTP/1.1" 200 2245 "-" "Mozilla/5.0 (Windows NT 10.0; Win64; x64) AppleWebKit/537.36 (KHTML, like Gecko) Chrome/133.0.0.0 Safari/537.36"
107.173.9.84 - - [13/Jun/2026:22:26:20 +1000] "GET /services/ HTTP/1.1" 200 9938 "-" "Uptime-Kuma/2.0.0-beta.4"
212.77.241.90 - - [13/Jun/2026:22:26:21 +1000] "POST /wp-login.php HTTP/1.1" 503 7067 "https://www.seafoodwarehouse.com.au/wp-login.php" "Mozilla/5.0 (Windows NT 10.0; Win64; x64) AppleWebKit/537.36 (KHTML, like Gecko) Chrome/133.0.0.0 Safari/537.36"
46.22.216.11 - - [13/Jun/2026:22:26:26 +1000] "GET / HTTP/1.1" 200 97443 "-" "Mozilla/5.0"
2001:4860:7:801::ec - - [13/Jun/2026:22:26:28 +1000] "GET /product/seafood-basket-4-6-kg/ HTTP/1.1" 200 13203 "https://www.google.com/" "Mozilla/5.0 (Linux; Android 10; K) AppleWebKit/537.36 (KHTML, like Gecko) Chrome/149.0.0.0 Mobile Safari/537.36"
176.65.139.231 - - [13/Jun/2026:22:26:33 +1000] "GET /.env HTTP/1.1" 401 36 "-" "Mozilla/5.0 (Windows NT 10.0; Win64; x64) AppleWebKit/537.36 (KHTML, like Gecko) Chrome/147.0.0.0 Safari/537.36"
176.65.139.232 - - [13/Jun/2026:22:26:33 +1000] "GET /.env HTTP/1.1" 404 5749 "-" "Mozilla/5.0 (Windows NT 10.0; Win64; x64) AppleWebKit/537.36 (KHTML, like Gecko) Chrome/147.0.0.0 Safari/537.36"
176.65.139.231 - - [13/Jun/2026:22:26:33 +1000] "GET /.env HTTP/1.1" 404 5750 "-" "Mozilla/5.0 (Windows NT 10.0; Win64; x64) AppleWebKit/537.36 (KHTML, like Gecko) Chrome/147.0.0.0 Safari/537.36"
176.65.139.229 - - [13/Jun/2026:22:26:33 +1000] "GET /.env HTTP/1.1" 401 36 "-" "Mozilla/5.0 (Windows NT 10.0; Win64; x64) AppleWebKit/537.36 (KHTML, like Gecko) Chrome/147.0.0.0 Safari/537.36"
176.65.139.237 - - [13/Jun/2026:22:26:33 +1000] "GET /.env HTTP/1.1" 401 36 "-" "Mozilla/5.0 (Windows NT 10.0; Win64; x64) AppleWebKit/537.36 (KHTML, like Gecko) Chrome/147.0.0.0 Safari/537.36"
176.65.139.235 - - [13/Jun/2026:22:26:33 +1000] "GET /.env HTTP/1.1" 404 36094 "-" "Mozilla/5.0 (Windows NT 10.0; Win64; x64) AppleWebKit/537.36 (KHTML, like Gecko) Chrome/147.0.0.0 Safari/537.36"
176.65.139.229 - - [13/Jun/2026:22:26:33 +1000] "GET /.env HTTP/1.1" 404 36086 "-" "Mozilla/5.0 (Windows NT 10.0; Win64; x64) AppleWebKit/537.36 (KHTML, like Gecko) Chrome/147.0.0.0 Safari/537.36"
160.22.78.242 - - [13/Jun/2026:22:26:36 +1000] "POST /wp-cron.php?doing_wp_cron=1781353596.6662700176239013671875 HTTP/1.1" 200 - "-" "WordPress/6.5.8; https://seafoodwarehouse.com.au"
160.22.78.242 - - [13/Jun/2026:22:27:22 +1000] "POST /wp-cron.php?doing_wp_cron=1781353642.1026120185852050781250 HTTP/1.1" 200 - "-" "WordPress/6.5.8; https://seafoodwarehouse.com.au"
107.173.9.84 - - [13/Jun/2026:22:27:20 +1000] "GET /services/ HTTP/1.1" 200 9953 "-" "Uptime-Kuma/2.0.0-beta.4"
66.249.66.65 - - [13/Jun/2026:22:27:31 +1000] "GET /wp-content/uploads/2017/11/ HTTP/1.1" 403 6621 "-" "Mozilla/5.0 (Linux; Android 6.0.1; Nexus 5X Build/MMB29P) AppleWebKit/537.36 (KHTML, like Gecko) Chrome/148.0.7778.96 Mobile Safari/537.36 (compatible; Googlebot/2.1; +http://www.google.com/bot.html)"
45.63.28.202 - - [13/Jun/2026:22:28:02 +1000] "GET /services/ HTTP/1.1" 200 9936 "-" "Mozilla/5.0 (Windows NT 10.0; Win64; x64) AppleWebKit/537.36 (KHTML, like Gecko) Chrome/89.0.4389.128 Safari/537.36"
107.173.9.84 - - [13/Jun/2026:22:28:20 +1000] "GET /services/ HTTP/1.1" 200 9950 "-" "Uptime-Kuma/2.0.0-beta.4"
46.22.216.11 - - [13/Jun/2026:22:28:26 +1000] "GET / HTTP/1.1" 200 97438 "-" "Mozilla/5.0"
52.167.144.231 - - [13/Jun/2026:22:28:33 +1000] "GET /shop/ HTTP/1.1" 200 14968 "-" "Mozilla/5.0 AppleWebKit/537.36 (KHTML, like Gecko; compatible; bingbot/2.0; +http://www.bing.com/bingbot.htm) Chrome/116.0.1938.76 Safari/537.36"
52.167.144.231 - - [13/Jun/2026:22:28:33 +1000] "GET /product/cooked-lobsters/ HTTP/1.1" 200 12832 "-" "Mozilla/5.0 AppleWebKit/537.36 (KHTML, like Gecko; compatible; bingbot/2.0; +http://www.bing.com/bingbot.htm) Chrome/116.0.1938.76 Safari/537.36"
52.167.144.231 - - [13/Jun/2026:22:28:33 +1000] "GET /product/bugs-raw/ HTTP/1.1" 200 11069 "-" "Mozilla/5.0 AppleWebKit/537.36 (KHTML, like Gecko; compatible; bingbot/2.0; +http://www.bing.com/bingbot.htm) Chrome/116.0.1938.76 Safari/537.36"
52.167.144.231 - - [13/Jun/2026:22:28:34 +1000] "GET /product-category/prawns/ HTTP/1.1" 200 12014 "-" "Mozilla/5.0 AppleWebKit/537.36 (KHTML, like Gecko; compatible; bingbot/2.0; +http://www.bing.com/bingbot.htm) Chrome/116.0.1938.76 Safari/537.36"
52.167.144.231 - - [13/Jun/2026:22:28:34 +1000] "GET /product/fresh-32-garfish-5kg-buy/ HTTP/1.1" 200 12403 "-" "Mozilla/5.0 AppleWebKit/537.36 (KHTML, like Gecko; compatible; bingbot/2.0; +http://www.bing.com/bingbot.htm) Chrome/116.0.1938.76 Safari/537.36"
160.22.78.242 - - [13/Jun/2026:22:28:35 +1000] "POST /wp-cron.php?doing_wp_cron=1781353715.0420761108398437500000 HTTP/1.1" 200 - "-" "WordPress/6.5.8; https://seafoodwarehouse.com.au"
52.167.144.231 - - [13/Jun/2026:22:28:35 +1000] "GET /product-category/filleted-fish/ HTTP/1.1" 200 12598 "-" "Mozilla/5.0 AppleWebKit/537.36 (KHTML, like Gecko; compatible; bingbot/2.0; +http://www.bing.com/bingbot.htm) Chrome/116.0.1938.76 Safari/537.36"
52.167.144.231 - - [13/Jun/2026:22:28:35 +1000] "GET /product/mixed-seafood-balls/ HTTP/1.1" 200 12639 "-" "Mozilla/5.0 AppleWebKit/537.36 (KHTML, like Gecko; compatible; bingbot/2.0; +http://www.bing.com/bingbot.htm) Chrome/116.0.1938.76 Safari/537.36"
52.167.144.204 - - [13/Jun/2026:22:28:38 +1000] "GET /product-category/wholefish/page/3/ HTTP/1.1" 301 - "-" "Mozilla/5.0 AppleWebKit/537.36 (KHTML, like Gecko; compatible; bingbot/2.0; +http://www.bing.com/bingbot.htm) Chrome/116.0.1938.76 Safari/537.36"
52.167.144.166 - - [13/Jun/2026:22:28:39 +1000] "GET /product/barramundi-fillets-5-kg-boxes/ HTTP/1.1" 200 13155 "-" "Mozilla/5.0 AppleWebKit/537.36 (KHTML, like Gecko; compatible; bingbot/2.0; +http://www.bing.com/bingbot.htm) Chrome/116.0.1938.76 Safari/537.36"
52.167.144.166 - - [13/Jun/2026:22:28:39 +1000] "GET /product-category/on-the-water/ HTTP/1.1" 200 11954 "-" "Mozilla/5.0 AppleWebKit/537.36 (KHTML, like Gecko; compatible; bingbot/2.0; +http://www.bing.com/bingbot.htm) Chrome/116.0.1938.76 Safari/537.36"
52.167.144.166 - - [13/Jun/2026:22:28:40 +1000] "GET /?s=seafood+warehouse+capalaba&post_type=product HTTP/1.1" 200 9537 "-" "Mozilla/5.0 AppleWebKit/537.36 (KHTML, like Gecko; compatible; bingbot/2.0; +http://www.bing.com/bingbot.htm) Chrome/116.0.1938.76 Safari/537.36"
49.177.211.7 - - [13/Jun/2026:22:28:42 +1000] "GET / HTTP/1.1" 200 14530 "-" "Mozilla/5.0 (iPhone; CPU iPhone OS 18_7 like Mac OS X) AppleWebKit/605.1.15 (KHTML, like Gecko) Version/26.2 Mobile/15E148 Safari/604.1"
40.77.167.75 - - [13/Jun/2026:22:28:43 +1000] "GET / HTTP/1.1" 301 - "-" "Mozilla/5.0 AppleWebKit/537.36 (KHTML, like Gecko; compatible; bingbot/2.0; +http://www.bing.com/bingbot.htm) Chrome/116.0.1938.76 Safari/537.36"
40.77.167.33 - - [13/Jun/2026:22:28:48 +1000] "GET /product-category/wholefish/page/3/ HTTP/1.1" 404 8112 "-" "Mozilla/5.0 AppleWebKit/537.36 (KHTML, like Gecko; compatible; bingbot/2.0; +http://www.bing.com/bingbot.htm) Chrome/116.0.1938.76 Safari/537.36"
193.115.126.168 - - [13/Jun/2026:22:28:51 +1000] "GET /wp-login.php HTTP/1.1" 200 2244 "-" "Mozilla/5.0 (Windows NT 10.0; Win64; x64) AppleWebKit/537.36 (KHTML, like Gecko) Chrome/120.0.0.0 Safari/537.36"
193.115.126.168 - - [13/Jun/2026:22:28:51 +1000] "POST /wp-login.php HTTP/1.1" 503 7067 "https://mail.seafoodwarehouse.com.au/wp-login.php" "Mozilla/5.0 (Windows NT 10.0; Win64; x64) AppleWebKit/537.36 (KHTML, like Gecko) Chrome/120.0.0.0 Safari/537.36"
129.226.217.17 - - [13/Jun/2026:22:28:53 +1000] "GET /product/salt-10-kg/embed/ HTTP/1.1" 200 6723 "-" "Mozilla/5.0 (iPhone; CPU iPhone OS 13_2_3 like Mac OS X) AppleWebKit/605.1.15 (KHTML, like Gecko) Version/13.0.3 Mobile/15E148 Safari/604.1"
52.167.144.166 - - [13/Jun/2026:22:28:54 +1000] "GET / HTTP/1.1" 200 14537 "-" "Mozilla/5.0 AppleWebKit/537.36 (KHTML, like Gecko; compatible; bingbot/2.0; +http://www.bing.com/bingbot.htm) Chrome/116.0.1938.76 Safari/537.36"
52.59.43.236 - - [13/Jun/2026:22:28:57 +1000] "HEAD / HTTP/1.1" 301 - "https://www.seafoodwarehouse.com.au" "Mozilla/5.0+(compatible; UptimeRobot/2.0; http://www.uptimerobot.com/)"
52.59.43.236 - - [13/Jun/2026:22:28:59 +1000] "HEAD / HTTP/1.1" 200 - "https://www.seafoodwarehouse.com.au" "Mozilla/5.0+(compatible; UptimeRobot/2.0; http://www.uptimerobot.com/)"
103.127.30.137 - - [13/Jun/2026:22:29:08 +1000] "GET /wp-login.php HTTP/1.1" 200 2244 "-" "Mozilla/5.0 (X11; Fedora; Linux x86_64) AppleWebKit/537.36 (KHTML, like Gecko) Chrome/133.0.0.0 Safari/537.36"
37.105.216.190 - - [13/Jun/2026:22:29:10 +1000] "GET /wp-content/uploads/2016/11/milkfish600-600x600.jpg HTTP/1.1" 200 73655 "https://www.google.com/" "Mozilla/5.0 (Linux; Android 12; V2221 Build/SP1A.210812.003_MOD1; wv) AppleWebKit/537.36 (KHTML, like Gecko) Version/4.0 Chrome/149.0.7827.91 Mobile Safari/537.36 GoogleApp/17.28.32.ve.arm64"
103.127.30.137 - - [13/Jun/2026:22:29:12 +1000] "POST /wp-login.php HTTP/1.1" 503 7066 "https://seafoodwarehouse.aussieseafoodhouse.com.au/wp-login.php" "Mozilla/5.0 (X11; Fedora; Linux x86_64) AppleWebKit/537.36 (KHTML, like Gecko) Chrome/133.0.0.0 Safari/537.36"
107.173.9.84 - - [13/Jun/2026:22:29:20 +1000] "GET /services/ HTTP/1.1" 200 9949 "-" "Uptime-Kuma/2.0.0-beta.4"
160.22.78.242 - - [13/Jun/2026:22:29:49 +1000] "POST /wp-cron.php?doing_wp_cron=1781353789.3713130950927734375000 HTTP/1.1" 200 - "-" "WordPress/6.5.8; https://seafoodwarehouse.com.au"
27.32.245.196 - - [13/Jun/2026:22:29:49 +1000] "GET /product/seafood-basket-4-6-kg/ HTTP/1.1" 200 13156 "https://www.google.com/" "Mozilla/5.0 (iPhone; CPU iPhone OS 18_7 like Mac OS X) AppleWebKit/605.1.15 (KHTML, like Gecko) Version/26.5 Mobile/15E148 Safari/604.1"
27.32.245.196 - - [13/Jun/2026:22:29:49 +1000] "GET /wp-content/uploads/2017/03/seafoodbaskets800.jpg HTTP/1.1" 200 424096 "https://seafoodwarehouse.com.au/product/seafood-basket-4-6-kg/" "Mozilla/5.0 (iPhone; CPU iPhone OS 18_7 like Mac OS X) AppleWebKit/605.1.15 (KHTML, like Gecko) Version/26.5 Mobile/15E148 Safari/604.1"
27.32.245.196 - - [13/Jun/2026:22:29:50 +1000] "GET /wp-content/uploads/2017/03/seafoodbasket.jpg HTTP/1.1" 200 263730 "https://seafoodwarehouse.com.au/product/seafood-basket-4-6-kg/" "Mozilla/5.0 (iPhone; CPU iPhone OS 18_7 like Mac OS X) AppleWebKit/605.1.15 (KHTML, like Gecko) Version/26.5 Mobile/15E148 Safari/604.1"
27.32.245.196 - - [13/Jun/2026:22:29:50 +1000] "GET /wp-content/uploads/2017/03/seafoodbasket6006-100x100.jpg HTTP/1.1" 200 2813 "https://seafoodwarehouse.com.au/product/seafood-basket-4-6-kg/" "Mozilla/5.0 (iPhone; CPU iPhone OS 18_7 like Mac OS X) AppleWebKit/605.1.15 (KHTML, like Gecko) Version/26.5 Mobile/15E148 Safari/604.1"
27.32.245.196 - - [13/Jun/2026:22:29:50 +1000] "GET /wp-content/uploads/2017/03/seafoodbasket-100x100.jpg HTTP/1.1" 200 3465 "https://seafoodwarehouse.com.au/product/seafood-basket-4-6-kg/" "Mozilla/5.0 (iPhone; CPU iPhone OS 18_7 like Mac OS X) AppleWebKit/605.1.15 (KHTML, like Gecko) Version/26.5 Mobile/15E148 Safari/604.1"
27.32.245.196 - - [13/Jun/2026:22:29:50 +1000] "POST /?wc-ajax=get_refreshed_fragments HTTP/1.1" 200 313 "https://seafoodwarehouse.com.au/product/seafood-basket-4-6-kg/" "Mozilla/5.0 (iPhone; CPU iPhone OS 18_7 like Mac OS X) AppleWebKit/605.1.15 (KHTML, like Gecko) Version/26.5 Mobile/15E148 Safari/604.1"
27.32.245.196 - - [13/Jun/2026:22:29:57 +1000] "GET /wp-content/uploads/2016/11/dddogs600.600.jpg HTTP/1.1" 200 238370 "https://seafoodwarehouse.com.au/product/seafood-basket-4-6-kg/" "Mozilla/5.0 (iPhone; CPU iPhone OS 18_7 like Mac OS X) AppleWebKit/605.1.15 (KHTML, like Gecko) Version/26.5 Mobile/15E148 Safari/604.1"
45.63.28.202 - - [13/Jun/2026:22:30:02 +1000] "GET /services/ HTTP/1.1" 200 9943 "-" "Mozilla/5.0 (Windows NT 10.0; Win64; x64) AppleWebKit/537.36 (KHTML, like Gecko) Chrome/89.0.4389.128 Safari/537.36"
107.173.9.84 - - [13/Jun/2026:22:30:20 +1000] "GET /services/ HTTP/1.1" 200 9941 "-" "Uptime-Kuma/2.0.0-beta.4"
46.22.216.11 - - [13/Jun/2026:22:30:26 +1000] "GET / HTTP/1.1" 200 97446 "-" "Mozilla/5.0"
61.39.208.185 - - [13/Jun/2026:22:30:31 +1000] "GET /wp-content/uploads/2016/11/cuttlectnsh-768x538.jpg HTTP/1.1" 200 109809 "-" "Opera/9.25.(Windows NT 6.1; ti-ER) Presto/2.9.177 Version/10.00"
160.22.78.242 - - [13/Jun/2026:22:31:22 +1000] "POST /wp-cron.php?doing_wp_cron=1781353882.0932741165161132812500 HTTP/1.1" 200 - "-" "WordPress/6.5.8; https://seafoodwarehouse.com.au"
107.173.9.84 - - [13/Jun/2026:22:31:20 +1000] "GET /services/ HTTP/1.1" 200 9948 "-" "Uptime-Kuma/2.0.0-beta.4"
160.22.78.242 - - [13/Jun/2026:22:31:47 +1000] "POST /wp-cron.php?doing_wp_cron=1781353906.7859859466552734375000 HTTP/1.1" 200 - "-" "WordPress/6.5.8; https://seafoodwarehouse.com.au"
45.63.28.202 - - [13/Jun/2026:22:32:02 +1000] "GET /services/ HTTP/1.1" 200 9955 "-" "Mozilla/5.0 (Windows NT 10.0; Win64; x64) AppleWebKit/537.36 (KHTML, like Gecko) Chrome/89.0.4389.128 Safari/537.36"
107.173.9.84 - - [13/Jun/2026:22:32:20 +1000] "GET /services/ HTTP/1.1" 200 9943 "-" "Uptime-Kuma/2.0.0-beta.4"
46.22.216.11 - - [13/Jun/2026:22:32:28 +1000] "GET / HTTP/1.1" 200 97421 "-" "Mozilla/5.0"
160.22.78.242 - - [13/Jun/2026:22:32:37 +1000] "POST /wp-cron.php?doing_wp_cron=1781353957.5162699222564697265625 HTTP/1.1" 200 - "-" "WordPress/6.5.8; https://seafoodwarehouse.com.au"
34.205.170.13 - - [13/Jun/2026:22:32:37 +1000] "GET /wp-json/oembed/1.0/embed?url=https://seafoodwarehouse.com.au/product/2625-cooked-peeled-cutlets/ HTTP/1.1" 200 1105 "-" "Mozilla/5.0 AppleWebKit/537.36 (KHTML, like Gecko; compatible; Amazonbot/0.1; +https://developer.amazon.com/support/amazonbot) Chrome/119.0.6045.214 Safari/537.36"
107.173.9.84 - - [13/Jun/2026:22:33:20 +1000] "GET /services/ HTTP/1.1" 200 9895 "-" "Uptime-Kuma/2.0.0-beta.4"
49.13.167.123 - - [13/Jun/2026:22:34:23 +1000] "HEAD / HTTP/1.1" 301 - "https://www.seafoodwarehouse.com.au" "Mozilla/5.0+(compatible; UptimeRobot/2.0; http://www.uptimerobot.com/)"
45.63.28.202 - - [13/Jun/2026:22:34:22 +1000] "GET /services/ HTTP/1.1" 200 9894 "-" "Mozilla/5.0 (Windows NT 10.0; Win64; x64) AppleWebKit/537.36 (KHTML, like Gecko) Chrome/89.0.4389.128 Safari/537.36"
107.173.9.84 - - [13/Jun/2026:22:34:31 +1000] "GET /services/ HTTP/1.1" 200 9889 "-" "Uptime-Kuma/2.0.0-beta.4"
160.22.78.242 - - [13/Jun/2026:22:34:34 +1000] "POST /wp-cron.php?doing_wp_cron=1781354071.9386548995971679687500 HTTP/1.1" 200 - "-" "WordPress/6.5.8; https://seafoodwarehouse.com.au"
49.13.167.123 - - [13/Jun/2026:22:34:34 +1000] "HEAD / HTTP/1.1" 200 - "https://www.seafoodwarehouse.com.au" "Mozilla/5.0+(compatible; UptimeRobot/2.0; http://www.uptimerobot.com/)"
43.156.44.207 - - [13/Jun/2026:22:34:35 +1000] "GET / HTTP/1.1" 200 14261 "http://www.seafoodwarehouse.com.au" "Mozilla/5.0 (iPhone; CPU iPhone OS 13_2_3 like Mac OS X) AppleWebKit/605.1.15 (KHTML, like Gecko) Version/13.0.3 Mobile/15E148 Safari/604.1"
46.22.216.11 - - [13/Jun/2026:22:34:33 +1000] "GET / HTTP/1.1" 200 95593 "-" "Mozilla/5.0"
45.63.28.202 - - [13/Jun/2026:22:34:52 +1000] "GET /services/ HTTP/1.1" 200 9885 "-" "-"
160.22.78.242 - - [13/Jun/2026:22:34:58 +1000] "POST /wp-cron.php?doing_wp_cron=1781354098.6544389724731445312500 HTTP/1.1" 200 - "-" "WordPress/6.5.8; https://seafoodwarehouse.com.au"
18.193.252.127 - - [13/Jun/2026:22:34:58 +1000] "GET / HTTP/1.1" 301 - "https://www.seafoodwarehouse.com.au" "Mozilla/5.0+(compatible; UptimeRobot/2.0; http://www.uptimerobot.com/)"
18.193.252.127 - - [13/Jun/2026:22:34:59 +1000] "GET / HTTP/1.1" 200 14534 "https://www.seafoodwarehouse.com.au" "Mozilla/5.0+(compatible; UptimeRobot/2.0; http://www.uptimerobot.com/)"
107.173.9.84 - - [13/Jun/2026:22:35:20 +1000] "GET /services/ HTTP/1.1" 200 9949 "-" "Uptime-Kuma/2.0.0-beta.4"
160.22.78.242 - - [13/Jun/2026:22:35:37 +1000] "POST /wp-cron.php?doing_wp_cron=1781354137.0209929943084716796875 HTTP/1.1" 200 - "-" "WordPress/6.5.8; https://seafoodwarehouse.com.au"
45.63.28.202 - - [13/Jun/2026:22:36:02 +1000] "GET /services/ HTTP/1.1" 200 9942 "-" "Mozilla/5.0 (Windows NT 10.0; Win64; x64) AppleWebKit/537.36 (KHTML, like Gecko) Chrome/89.0.4389.128 Safari/537.36"
160.22.78.242 - - [13/Jun/2026:22:36:20 +1000] "POST /wp-cron.php?doing_wp_cron=1781354180.5536859035491943359375 HTTP/1.1" 200 - "-" "WordPress/6.5.8; https://seafoodwarehouse.com.au"
107.173.9.84 - - [13/Jun/2026:22:36:20 +1000] "GET /services/ HTTP/1.1" 200 9946 "-" "Uptime-Kuma/2.0.0-beta.4"
49.51.132.100 - - [13/Jun/2026:22:36:26 +1000] "GET /cart/?add-to-cart=44165 HTTP/1.1" 200 27731 "-" "Mozilla/5.0 (iPhone; CPU iPhone OS 13_2_3 like Mac OS X) AppleWebKit/605.1.15 (KHTML, like Gecko) Version/13.0.3 Mobile/15E148 Safari/604.1"
46.22.216.11 - - [13/Jun/2026:22:36:29 +1000] "GET / HTTP/1.1" 200 97443 "-" "Mozilla/5.0"
34.118.143.62 - - [13/Jun/2026:22:36:38 +1000] "GET /wp-json/gravitysmtp/v1/tests/mock-data?page=gravitysmtp-settings HTTP/1.1" 403 6629 "-" "Mozilla/5.0 (Linux; Android 9; CPH1859) AppleWebKit/537.36 (KHTML, like Gecko) Chrome/76.0.3809.111 Mobile Safari/537.36"
160.22.78.242 - - [13/Jun/2026:22:36:38 +1000] "POST /?wordfence_syncAttackData=1781354198.2274 HTTP/1.1" 200 - "-" "WordPress/6.5.8; https://seafoodwarehouse.com.au"
160.22.78.242 - - [13/Jun/2026:22:36:38 +1000] "POST /wp-cron.php?doing_wp_cron=1781354198.4662570953369140625000 HTTP/1.1" 200 - "-" "WordPress/6.5.8; https://seafoodwarehouse.com.au"
160.22.78.242 - - [13/Jun/2026:22:36:38 +1000] "POST /wp-cron.php?doing_wp_cron=1781354198.4659490585327148437500 HTTP/1.1" 200 - "-" "WordPress/6.5.8; https://seafoodwarehouse.com.au"
34.118.143.62 - - [13/Jun/2026:22:36:38 +1000] "GET /wp-json/gravitysmtp/v1/settings HTTP/1.1" 404 117 "-" "Mozilla/5.0 (Windows NT 10.0; WOW64) AppleWebKit/537.36 (KHTML, like Gecko) Chrome/75.0.3770.80 Safari/537.36"
160.22.78.242 - - [13/Jun/2026:22:36:38 +1000] "POST /?wordfence_syncAttackData=1781354198.2337 HTTP/1.1" 200 14535 "-" "WordPress/6.5.8; https://seafoodwarehouse.com.au"
160.22.78.242 - - [13/Jun/2026:22:36:38 +1000] "POST /?wordfence_syncAttackData=1781354198.2453 HTTP/1.1" 200 14542 "-" "WordPress/6.5.8; https://seafoodwarehouse.com.au"
160.22.78.242 - - [13/Jun/2026:22:36:38 +1000] "POST /?wordfence_syncAttackData=1781354198.2335 HTTP/1.1" 200 14532 "-" "WordPress/6.5.8; https://seafoodwarehouse.com.au"
160.22.78.242 - - [13/Jun/2026:22:36:38 +1000] "POST /wp-cron.php?doing_wp_cron=1781354198.8420019149780273437500 HTTP/1.1" 200 - "-" "WordPress/6.5.8; https://seafoodwarehouse.com.au"
34.118.143.62 - - [13/Jun/2026:22:36:38 +1000] "GET /wp-json/wp/v2/settings HTTP/1.1" 401 106 "-" "Mozilla/5.0 (compatible; alexa site audit/1.0; +http://www.alexa.com/help/webmasters; )"
34.118.143.62 - - [13/Jun/2026:22:36:38 +1000] "GET /wp-json/gravitysmtp/v1/config HTTP/1.1" 404 117 "-" "Gulper Web Bot 0.2.4 (www.ecsl.cs.sunysb.edu/~maxim/cgi-bin/Link/GulperBot)"
34.118.143.62 - - [13/Jun/2026:22:36:38 +1000] "GET /wp-json/gravitysmtp/v1/tests/mock-data HTTP/1.1" 404 117 "-" "Mozilla/5.0 (Linux; webOS/2.2.4; U; en-US) AppleWebKit/534.6 (KHTML, like Gecko) webOSBrowser/221.56 Safari/534.6 Pre/3.0"
66.249.66.162 - - [13/Jun/2026:22:36:48 +1000] "GET /product/mullet-1234/ HTTP/1.1" 200 6621 "-" "Mozilla/5.0 (Linux; Android 6.0.1; Nexus 5X Build/MMB29P) AppleWebKit/537.36 (KHTML, like Gecko) Chrome/148.0.7778.96 Mobile Safari/537.36 (compatible; Googlebot/2.1; +http://www.google.com/bot.html)"
39.50.255.246 - - [13/Jun/2026:22:37:13 +1000] "POST /xmlrpc.php HTTP/1.1" 404 8107 "-" "Mozilla/5.0 (Windows NT 6.3; arm64) AppleWebKit/537.36 (KHTML, like Gecko) Edge/82.0.0.0 Safari/537.36"
107.173.9.84 - - [13/Jun/2026:22:37:20 +1000] "GET /services/ HTTP/1.1" 200 9950 "-" "Uptime-Kuma/2.0.0-beta.4"
160.22.78.242 - - [13/Jun/2026:22:37:45 +1000] "POST /wp-cron.php?doing_wp_cron=1781354265.7542669773101806640625 HTTP/1.1" 200 - "-" "WordPress/6.5.8; https://seafoodwarehouse.com.au"
2001:4860:7:40b::fa - - [13/Jun/2026:22:37:45 +1000] "GET /product/new-zealand-green-lip-mussels560/ HTTP/1.1" 200 12996 "https://www.google.com/" "Mozilla/5.0 (Linux; Android 10; K) AppleWebKit/537.36 (KHTML, like Gecko) Chrome/149.0.0.0 Mobile Safari/537.36"
160.22.78.242 - - [13/Jun/2026:22:37:48 +1000] "POST /wp-cron.php?doing_wp_cron=1781354268.6776299476623535156250 HTTP/1.1" 200 - "-" "WordPress/6.5.8; https://seafoodwarehouse.com.au"
52.167.144.158 - - [13/Jun/2026:22:37:48 +1000] "GET /product/spot-sardine/ HTTP/1.1" 301 - "-" "Mozilla/5.0 AppleWebKit/537.36 (KHTML, like Gecko; compatible; bingbot/2.0; +http://www.bing.com/bingbot.htm) Chrome/116.0.1938.76 Safari/537.36"
122.58.2.209 - - [13/Jun/2026:22:38:00 +1000] "GET /wp-content/plugins/woocommerce/assets/css/photoswipe/photoswipe.min.css?ver=5.5.5 HTTP/1.1" 200 997 "https://seafoodwarehouse.com.au/product/new-zealand-green-lip-mussels560/" "Mozilla/5.0 (Linux; Android 10; K) AppleWebKit/537.36 (KHTML, like Gecko) Chrome/149.0.0.0 Mobile Safari/537.36"
122.58.2.209 - - [13/Jun/2026:22:38:00 +1000] "GET /wp-content/plugins/woocommerce/assets/css/photoswipe/default-skin/default-skin.min.css?ver=5.5.5 HTTP/1.1" 200 1915 "https://seafoodwarehouse.com.au/product/new-zealand-green-lip-mussels560/" "Mozilla/5.0 (Linux; Android 10; K) AppleWebKit/537.36 (KHTML, like Gecko) Chrome/149.0.0.0 Mobile Safari/537.36"
122.58.2.209 - - [13/Jun/2026:22:38:00 +1000] "GET /wp-content/uploads/2016/11/mussels-main.jpg HTTP/1.1" 200 461971 "https://seafoodwarehouse.com.au/product/new-zealand-green-lip-mussels560/" "Mozilla/5.0 (Linux; Android 10; K) AppleWebKit/537.36 (KHTML, like Gecko) Chrome/149.0.0.0 Mobile Safari/537.36"
122.58.2.209 - - [13/Jun/2026:22:38:00 +1000] "GET /wp-content/uploads/2016/11/greenlip-mussels-wide.jpg HTTP/1.1" 200 621830 "https://seafoodwarehouse.com.au/product/new-zealand-green-lip-mussels560/" "Mozilla/5.0 (Linux; Android 10; K) AppleWebKit/537.36 (KHTML, like Gecko) Chrome/149.0.0.0 Mobile Safari/537.36"
122.58.2.209 - - [13/Jun/2026:22:38:00 +1000] "GET /wp-content/plugins/woocommerce-social-media-share-buttons/img/email-share-button.png HTTP/1.1" 200 3668 "https://seafoodwarehouse.com.au/product/new-zealand-green-lip-mussels560/" "Mozilla/5.0 (Linux; Android 10; K) AppleWebKit/537.36 (KHTML, like Gecko) Chrome/149.0.0.0 Mobile Safari/537.36"
122.58.2.209 - - [13/Jun/2026:22:38:00 +1000] "GET /wp-content/plugins/woocommerce/assets/js/photoswipe/photoswipe-ui-default.min.js?ver=4.1.1 HTTP/1.1" 200 3634 "https://seafoodwarehouse.com.au/product/new-zealand-green-lip-mussels560/" "Mozilla/5.0 (Linux; Android 10; K) AppleWebKit/537.36 (KHTML, like Gecko) Chrome/149.0.0.0 Mobile Safari/537.36"
122.58.2.209 - - [13/Jun/2026:22:38:00 +1000] "GET /wp-content/plugins/woocommerce/assets/js/photoswipe/photoswipe.min.js?ver=4.1.1 HTTP/1.1" 200 11939 "https://seafoodwarehouse.com.au/product/new-zealand-green-lip-mussels560/" "Mozilla/5.0 (Linux; Android 10; K) AppleWebKit/537.36 (KHTML, like Gecko) Chrome/149.0.0.0 Mobile Safari/537.36"
122.58.2.209 - - [13/Jun/2026:22:38:00 +1000] "GET /wp-content/plugins/woocommerce/assets/js/flexslider/jquery.flexslider.min.js?ver=2.7.2 HTTP/1.1" 200 6484 "https://seafoodwarehouse.com.au/product/new-zealand-green-lip-mussels560/" "Mozilla/5.0 (Linux; Android 10; K) AppleWebKit/537.36 (KHTML, like Gecko) Chrome/149.0.0.0 Mobile Safari/537.36"
122.58.2.209 - - [13/Jun/2026:22:38:00 +1000] "GET /wp-content/plugins/woocommerce/assets/js/frontend/single-product.min.js?ver=5.5.5 HTTP/1.1" 200 1881 "https://seafoodwarehouse.com.au/product/new-zealand-green-lip-mussels560/" "Mozilla/5.0 (Linux; Android 10; K) AppleWebKit/537.36 (KHTML, like Gecko) Chrome/149.0.0.0 Mobile Safari/537.36"
122.58.2.209 - - [13/Jun/2026:22:38:00 +1000] "GET /wp-content/uploads/2018/02/pip600.jpg HTTP/1.1" 200 335625 "https://seafoodwarehouse.com.au/product/new-zealand-green-lip-mussels560/" "Mozilla/5.0 (Linux; Android 10; K) AppleWebKit/537.36 (KHTML, like Gecko) Chrome/149.0.0.0 Mobile Safari/537.36"
122.58.2.209 - - [13/Jun/2026:22:38:01 +1000] "GET /wp-content/uploads/2016/11/chilli-squid-bag-300x300.jpg HTTP/1.1" 200 25272 "https://seafoodwarehouse.com.au/product/new-zealand-green-lip-mussels560/" "Mozilla/5.0 (Linux; Android 10; K) AppleWebKit/537.36 (KHTML, like Gecko) Chrome/149.0.0.0 Mobile Safari/537.36"
122.58.2.209 - - [13/Jun/2026:22:38:01 +1000] "GET /wp-content/uploads/2016/11/mussels-main-100x100.jpg HTTP/1.1" 200 4364 "https://seafoodwarehouse.com.au/product/new-zealand-green-lip-mussels560/" "Mozilla/5.0 (Linux; Android 10; K) AppleWebKit/537.36 (KHTML, like Gecko) Chrome/149.0.0.0 Mobile Safari/537.36"
122.58.2.209 - - [13/Jun/2026:22:38:01 +1000] "GET /wp-content/uploads/2016/11/greenlip-mussels-wide-100x100.jpg HTTP/1.1" 200 5127 "https://seafoodwarehouse.com.au/product/new-zealand-green-lip-mussels560/" "Mozilla/5.0 (Linux; Android 10; K) AppleWebKit/537.36 (KHTML, like Gecko) Chrome/149.0.0.0 Mobile Safari/537.36"
160.22.78.242 - - [13/Jun/2026:22:38:02 +1000] "POST /wp-cron.php?doing_wp_cron=1781354281.3078939914703369140625 HTTP/1.1" 200 - "-" "WordPress/6.5.8; https://seafoodwarehouse.com.au"
122.58.2.209 - - [13/Jun/2026:22:38:01 +1000] "POST /?wc-ajax=get_refreshed_fragments HTTP/1.1" 200 313 "https://seafoodwarehouse.com.au/product/new-zealand-green-lip-mussels560/" "Mozilla/5.0 (Linux; Android 10; K) AppleWebKit/537.36 (KHTML, like Gecko) Chrome/149.0.0.0 Mobile Safari/537.36"
45.63.28.202 - - [13/Jun/2026:22:38:03 +1000] "GET /services/ HTTP/1.1" 200 9951 "-" "Mozilla/5.0 (Windows NT 10.0; Win64; x64) AppleWebKit/537.36 (KHTML, like Gecko) Chrome/89.0.4389.128 Safari/537.36"
122.58.2.209 - - [13/Jun/2026:22:38:08 +1000] "GET /wp-content/uploads/2016/11/van-meatmain.jpg HTTP/1.1" 200 415685 "https://seafoodwarehouse.com.au/product/new-zealand-green-lip-mussels560/" "Mozilla/5.0 (Linux; Android 10; K) AppleWebKit/537.36 (KHTML, like Gecko) Chrome/149.0.0.0 Mobile Safari/537.36"
66.249.66.192 - - [13/Jun/2026:22:38:14 +1000] "GET /product/reefcod8-20/ HTTP/1.1" 200 6621 "-" "Mozilla/5.0 (Linux; Android 6.0.1; Nexus 5X Build/MMB29P) AppleWebKit/537.36 (KHTML, like Gecko) Chrome/148.0.7778.96 Mobile Safari/537.36 (compatible; Googlebot/2.1; +http://www.google.com/bot.html)"
122.58.2.209 - - [13/Jun/2026:22:38:20 +1000] "GET /wp-content/uploads/2016/12/saltrock-300x300.jpg HTTP/1.1" 200 19366 "https://seafoodwarehouse.com.au/product/new-zealand-green-lip-mussels560/" "Mozilla/5.0 (Linux; Android 10; K) AppleWebKit/537.36 (KHTML, like Gecko) Chrome/149.0.0.0 Mobile Safari/537.36"
107.173.9.84 - - [13/Jun/2026:22:38:20 +1000] "GET /services/ HTTP/1.1" 200 9939 "-" "Uptime-Kuma/2.0.0-beta.4"
46.22.216.11 - - [13/Jun/2026:22:38:29 +1000] "GET / HTTP/1.1" 200 97442 "-" "Mozilla/5.0"
160.22.78.242 - - [13/Jun/2026:22:39:22 +1000] "POST /wp-cron.php?doing_wp_cron=1781354362.4142138957977294921875 HTTP/1.1" 200 - "-" "WordPress/6.5.8; https://seafoodwarehouse.com.au"
107.173.9.84 - - [13/Jun/2026:22:39:20 +1000] "GET /services/ HTTP/1.1" 200 9950 "-" "Uptime-Kuma/2.0.0-beta.4"
160.22.78.242 - - [13/Jun/2026:22:40:02 +1000] "POST /wp-cron.php?doing_wp_cron=1781354402.5763020515441894531250 HTTP/1.1" 200 - "-" "WordPress/6.5.8; https://seafoodwarehouse.com.au"
45.63.28.202 - - [13/Jun/2026:22:40:02 +1000] "GET /services/ HTTP/1.1" 200 9947 "-" "Mozilla/5.0 (Windows NT 10.0; Win64; x64) AppleWebKit/537.36 (KHTML, like Gecko) Chrome/89.0.4389.128 Safari/537.36"
198.57.247.148 - - [13/Jun/2026:22:40:03 +1000] "GET /wp-login.php HTTP/1.1" 200 2245 "-" "Mozilla/5.0 (Windows NT 10.0; Win64; x64) AppleWebKit/537.36 (KHTML, like Gecko) Chrome/120.0.0.0 Safari/537.36"
49.13.134.145 - - [13/Jun/2026:22:40:05 +1000] "HEAD / HTTP/1.1" 301 - "https://www.seafoodwarehouse.com.au" "Mozilla/5.0+(compatible; UptimeRobot/2.0; http://www.uptimerobot.com/)"
49.13.134.145 - - [13/Jun/2026:22:40:06 +1000] "HEAD / HTTP/1.1" 200 - "https://www.seafoodwarehouse.com.au" "Mozilla/5.0+(compatible; UptimeRobot/2.0; http://www.uptimerobot.com/)"
152.55.184.63 - - [13/Jun/2026:22:40:08 +1000] "GET /products.json?limit=1&page=1 HTTP/1.1" 404 8093 "-" "outboundbuddy-enrichment/1.0 (+jamie@outboundbuddy.com)"
156.244.46.207 - - [13/Jun/2026:22:40:17 +1000] "GET /wp-login.php HTTP/1.1" 200 2244 "-" "Mozilla/5.0 (X11; Linux x86_64; rv:133.0) Gecko/20100101 Firefox/133.0"
107.173.9.84 - - [13/Jun/2026:22:40:20 +1000] "GET /services/ HTTP/1.1" 200 9953 "-" "Uptime-Kuma/2.0.0-beta.4"
46.22.216.11 - - [13/Jun/2026:22:40:29 +1000] "GET / HTTP/1.1" 200 97429 "-" "Mozilla/5.0"
198.57.247.148 - - [13/Jun/2026:22:40:32 +1000] "POST /wp-login.php HTTP/1.1" 503 7067 "https://mail.seafoodwarehouse.com.au/wp-login.php" "Mozilla/5.0 (Windows NT 10.0; Win64; x64) AppleWebKit/537.36 (KHTML, like Gecko) Chrome/120.0.0.0 Safari/537.36"
160.22.78.242 - - [13/Jun/2026:22:40:35 +1000] "POST /wp-cron.php?doing_wp_cron=1781354435.0233230590820312500000 HTTP/1.1" 200 - "-" "WordPress/6.5.8; https://seafoodwarehouse.com.au"
156.244.46.207 - - [13/Jun/2026:22:40:34 +1000] "GET /wp-json/wp/v2/users/me HTTP/1.1" 401 102 "-" "Mozilla/5.0 (X11; Linux x86_64; rv:133.0) Gecko/20100101 Firefox/133.0"
2a03:2880:16ff:e:: - - [13/Jun/2026:22:40:36 +1000] "GET /meta.json HTTP/1.1" 404 8101 "-" "facebookexternalhit/1.1 (+http://www.facebook.com/externalhit_uatext.php)"
160.22.78.242 - - [13/Jun/2026:22:41:05 +1000] "POST /wp-cron.php?doing_wp_cron=1781354465.4865870475769042968750 HTTP/1.1" 200 - "-" "WordPress/6.5.8; https://seafoodwarehouse.com.au"
94.16.115.121 - - [13/Jun/2026:22:41:05 +1000] "GET / HTTP/1.1" 200 14521 "https://seafoodwarehouse.com.au" "Mozilla/5.0 (Windows NT 6.3; Win64; x64) AppleWebKit/537.36 (KHTML, like Gecko) Chrome/84.0.4136.7 Safari/537.36"
2a01:239:4ca:b200::1 - - [13/Jun/2026:22:41:15 +1000] "GET / HTTP/1.1" 200 14535 "-" "Mozilla/5.0 (Windows NT 10.0; Win64; x64) AppleWebKit/537.36"
107.173.9.84 - - [13/Jun/2026:22:41:20 +1000] "GET /services/ HTTP/1.1" 200 9945 "-" "Uptime-Kuma/2.0.0-beta.4"
160.22.78.242 - - [13/Jun/2026:22:42:02 +1000] "POST /wp-cron.php?doing_wp_cron=1781354522.5765950679779052734375 HTTP/1.1" 200 - "-" "WordPress/6.5.8; https://seafoodwarehouse.com.au"
45.63.28.202 - - [13/Jun/2026:22:42:02 +1000] "GET /services/ HTTP/1.1" 200 9948 "-" "Mozilla/5.0 (Windows NT 10.0; Win64; x64) AppleWebKit/537.36 (KHTML, like Gecko) Chrome/89.0.4389.128 Safari/537.36"
52.167.144.145 - - [13/Jun/2026:22:42:10 +1000] "GET /?s=%E0%B8%A1%E0%B8%88%E0%B8%9E+%E0%B8%A1%E0%B8%88%E0%B8%98+%E0%B8%AA%E0%B8%88%E0%B8%A5&post_type=product HTTP/1.1" 200 9639 "-" "Mozilla/5.0 AppleWebKit/537.36 (KHTML, like Gecko; compatible; bingbot/2.0; +http://www.bing.com/bingbot.htm) Chrome/116.0.1938.76 Safari/537.36"
107.173.9.84 - - [13/Jun/2026:22:42:20 +1000] "GET /services/ HTTP/1.1" 200 9942 "-" "Uptime-Kuma/2.0.0-beta.4"
46.22.216.11 - - [13/Jun/2026:22:42:30 +1000] "GET / HTTP/1.1" 200 97451 "-" "Mozilla/5.0"
107.173.9.84 - - [13/Jun/2026:22:43:20 +1000] "GET /services/ HTTP/1.1" 200 9948 "-" "Uptime-Kuma/2.0.0-beta.4"
160.22.78.242 - - [13/Jun/2026:22:44:02 +1000] "POST /wp-cron.php?doing_wp_cron=1781354642.6174790859222412109375 HTTP/1.1" 200 - "-" "WordPress/6.5.8; https://seafoodwarehouse.com.au"
45.63.28.202 - - [13/Jun/2026:22:44:02 +1000] "GET /services/ HTTP/1.1" 200 9943 "-" "Mozilla/5.0 (Windows NT 10.0; Win64; x64) AppleWebKit/537.36 (KHTML, like Gecko) Chrome/89.0.4389.128 Safari/537.36"
109.70.100.2 - - [13/Jun/2026:22:44:18 +1000] "GET / HTTP/1.1" 200 14538 "https://seafoodwarehouse.com.au" "Mozilla/5.0 (X11; Linux x86_64) AppleWebKit/537.36 (KHTML, like Gecko) Chrome/145.0.0.0 Safari/537.36"
107.173.9.84 - - [13/Jun/2026:22:44:20 +1000] "GET /services/ HTTP/1.1" 200 9948 "-" "Uptime-Kuma/2.0.0-beta.4"
46.22.216.11 - - [13/Jun/2026:22:44:30 +1000] "GET / HTTP/1.1" 200 97437 "-" "Mozilla/5.0"
160.22.78.242 - - [13/Jun/2026:22:44:35 +1000] "POST /wp-cron.php?doing_wp_cron=1781354675.6387989521026611328125 HTTP/1.1" 200 - "-" "WordPress/6.5.8; https://seafoodwarehouse.com.au"
43.156.47.42 - - [13/Jun/2026:22:44:35 +1000] "GET /product/red-snapper-8-80/ HTTP/1.1" 200 12855 "-" "Mozilla/5.0 (iPhone; CPU iPhone OS 13_2_3 like Mac OS X) AppleWebKit/605.1.15 (KHTML, like Gecko) Version/13.0.3 Mobile/15E148 Safari/604.1"
160.22.78.242 - - [13/Jun/2026:22:45:11 +1000] "POST /wp-cron.php?doing_wp_cron=1781354711.3573698997497558593750 HTTP/1.1" 200 - "-" "WordPress/6.5.8; https://seafoodwarehouse.com.au"
3.77.67.4 - - [13/Jun/2026:22:45:11 +1000] "HEAD / HTTP/1.1" 301 - "https://www.seafoodwarehouse.com.au" "Mozilla/5.0+(compatible; UptimeRobot/2.0; http://www.uptimerobot.com/)"
3.77.67.4 - - [13/Jun/2026:22:45:12 +1000] "HEAD / HTTP/1.1" 200 - "https://www.seafoodwarehouse.com.au" "Mozilla/5.0+(compatible; UptimeRobot/2.0; http://www.uptimerobot.com/)"
107.173.9.84 - - [13/Jun/2026:22:45:20 +1000] "GET /services/ HTTP/1.1" 200 9945 "-" "Uptime-Kuma/2.0.0-beta.4"
20.245.6.154 - - [13/Jun/2026:22:45:25 +1000] "GET /product/indian-mackerel/?add-to-cart=102 HTTP/1.1" 200 12670 "-" "Mozilla/5.0 (X11; Linux x86_64) AppleWebKit/537.36 (KHTML, like Gecko) Chrome/133.0.0.0 Safari/537.36"
160.22.78.242 - - [13/Jun/2026:22:46:02 +1000] "POST /wp-cron.php?doing_wp_cron=1781354762.6104800701141357421875 HTTP/1.1" 200 - "-" "WordPress/6.5.8; https://seafoodwarehouse.com.au"
45.63.28.202 - - [13/Jun/2026:22:46:02 +1000] "GET /services/ HTTP/1.1" 200 9938 "-" "Mozilla/5.0 (Windows NT 10.0; Win64; x64) AppleWebKit/537.36 (KHTML, like Gecko) Chrome/89.0.4389.128 Safari/537.36"
107.173.9.84 - - [13/Jun/2026:22:46:20 +1000] "GET /services/ HTTP/1.1" 200 9942 "-" "Uptime-Kuma/2.0.0-beta.4"
46.22.216.11 - - [13/Jun/2026:22:46:30 +1000] "GET / HTTP/1.1" 200 97446 "-" "Mozilla/5.0"
160.22.78.242 - - [13/Jun/2026:22:47:04 +1000] "POST /wp-cron.php?doing_wp_cron=1781354823.9990899562835693359375 HTTP/1.1" 200 - "-" "WordPress/6.5.8; https://seafoodwarehouse.com.au"
185.125.27.44 - - [13/Jun/2026:22:47:03 +1000] "GET /wp-login.php HTTP/1.1" 200 2244 "-" "Mozilla/5.0 (X11; CrOS x86_64 14541.0.0) AppleWebKit/537.36 (KHTML, like Gecko) Chrome/133.0.0.0 Safari/537.36"
185.125.27.44 - - [13/Jun/2026:22:47:05 +1000] "POST /wp-login.php HTTP/1.1" 503 7066 "https://www.seafoodwarehouse.com.au/wp-login.php" "Mozilla/5.0 (X11; CrOS x86_64 14541.0.0) AppleWebKit/537.36 (KHTML, like Gecko) Chrome/133.0.0.0 Safari/537.36"
82.156.116.86 - - [13/Jun/2026:22:47:16 +1000] "GET / HTTP/1.1" 200 14536 "http://seafoodwarehouse.com" "Mozilla/5.0 (iPhone; CPU iPhone OS 13_2_3 like Mac OS X) AppleWebKit/605.1.15 (KHTML, like Gecko) Version/13.0.3 Mobile/15E148 Safari/604.1"
144.31.167.110 - - [13/Jun/2026:22:47:19 +1000] "GET /my-account/ HTTP/1.1" 200 10775 "-" "Mozilla/5.0 (Windows NT 10.0; Win64; x64) AppleWebKit/537.36 (KHTML, like Gecko) Chrome/130.0.6723.117 Safari/537.36 Edg/130.0.0.0"
144.31.167.110 - - [13/Jun/2026:22:47:20 +1000] "POST /my-account/ HTTP/1.1" 200 10808 "https://seafoodwarehouse.com.au/my-account/" "Mozilla/5.0 (Windows NT 10.0; Win64; x64) AppleWebKit/537.36 (KHTML, like Gecko) Chrome/130.0.6723.117 Safari/537.36 Edg/130.0.0.0"
107.173.9.84 - - [13/Jun/2026:22:47:20 +1000] "GET /services/ HTTP/1.1" 200 9944 "-" "Uptime-Kuma/2.0.0-beta.4"
192.250.229.42 - - [13/Jun/2026:22:47:20 +1000] "GET /wp-login.php HTTP/1.1" 200 2245 "-" "Mozilla/5.0 (Windows NT 10.0; Win64; x64) AppleWebKit/537.36 (KHTML, like Gecko) Chrome/120.0.0.0 Safari/537.36"
152.55.184.155 - - [13/Jun/2026:22:47:21 +1000] "GET /products.json?limit=1&page=1 HTTP/1.1" 404 8114 "-" "outboundbuddy-enrichment/1.0 (+jamie@outboundbuddy.com)"
192.250.229.42 - - [13/Jun/2026:22:47:21 +1000] "POST /wp-login.php HTTP/1.1" 503 7067 "https://mail.seafoodwarehouse.com.au/wp-login.php" "Mozilla/5.0 (Windows NT 10.0; Win64; x64) AppleWebKit/537.36 (KHTML, like Gecko) Chrome/120.0.0.0 Safari/537.36"
160.22.78.242 - - [13/Jun/2026:22:48:02 +1000] "POST /wp-cron.php?doing_wp_cron=1781354882.6653010845184326171875 HTTP/1.1" 200 - "-" "WordPress/6.5.8; https://seafoodwarehouse.com.au"
45.63.28.202 - - [13/Jun/2026:22:48:02 +1000] "GET /services/ HTTP/1.1" 200 9954 "-" "Mozilla/5.0 (Windows NT 10.0; Win64; x64) AppleWebKit/537.36 (KHTML, like Gecko) Chrome/89.0.4389.128 Safari/537.36"
107.173.9.84 - - [13/Jun/2026:22:48:20 +1000] "GET /services/ HTTP/1.1" 200 9947 "-" "Uptime-Kuma/2.0.0-beta.4"
46.22.216.11 - - [13/Jun/2026:22:48:31 +1000] "GET / HTTP/1.1" 200 97431 "-" "Mozilla/5.0"
66.249.66.169 - - [13/Jun/2026:22:48:56 +1000] "GET /?attachment_id=294 HTTP/1.1" 200 6621 "-" "Mozilla/5.0 (Linux; Android 6.0.1; Nexus 5X Build/MMB29P) AppleWebKit/537.36 (KHTML, like Gecko) Chrome/148.0.7778.96 Mobile Safari/537.36 (compatible; Googlebot/2.1; +http://www.google.com/bot.html)"
160.22.78.242 - - [13/Jun/2026:22:48:59 +1000] "POST /wp-cron.php?doing_wp_cron=1781354939.9301331043243408203125 HTTP/1.1" 200 - "-" "WordPress/6.5.8; https://seafoodwarehouse.com.au"
2406:3400:43b:fb00:19fa:6c45:71a1:76bd - - [13/Jun/2026:22:48:59 +1000] "GET / HTTP/1.1" 200 14547 "-" "Mozilla/5.0 (Linux; Android 10; K) AppleWebKit/537.36 (KHTML, like Gecko) Chrome/149.0.0.0 Mobile Safari/537.36"
2406:3400:43b:fb00:19fa:6c45:71a1:76bd - - [13/Jun/2026:22:49:00 +1000] "POST /?wc-ajax=get_refreshed_fragments HTTP/1.1" 200 313 "https://seafoodwarehouse.com.au/" "Mozilla/5.0 (Linux; Android 10; K) AppleWebKit/537.36 (KHTML, like Gecko) Chrome/149.0.0.0 Mobile Safari/537.36"
107.173.9.84 - - [13/Jun/2026:22:49:20 +1000] "GET /services/ HTTP/1.1" 200 9944 "-" "Uptime-Kuma/2.0.0-beta.4"
52.167.144.232 - - [13/Jun/2026:22:49:27 +1000] "GET /wp-content/uploads/2017/11/mangrove-jack-800.jpg HTTP/1.1" 200 1007011 "-" "Mozilla/5.0 AppleWebKit/537.36 (KHTML, like Gecko; compatible; bingbot/2.0; +http://www.bing.com/bingbot.htm) Chrome/116.0.1938.76 Safari/537.36"
160.22.78.242 - - [13/Jun/2026:22:49:57 +1000] "POST /wp-cron.php?doing_wp_cron=1781354997.0448911190032958984375 HTTP/1.1" 200 - "-" "WordPress/6.5.8; https://seafoodwarehouse.com.au"
2406:3400:43b:fb00:19fa:6c45:71a1:76bd - - [13/Jun/2026:22:49:56 +1000] "GET /product-category/wholefish/ HTTP/1.1" 200 12585 "https://seafoodwarehouse.com.au/" "Mozilla/5.0 (Linux; Android 10; K) AppleWebKit/537.36 (KHTML, like Gecko) Chrome/149.0.0.0 Mobile Safari/537.36"
45.63.28.202 - - [13/Jun/2026:22:50:02 +1000] "GET /services/ HTTP/1.1" 200 9939 "-" "Mozilla/5.0 (Windows NT 10.0; Win64; x64) AppleWebKit/537.36 (KHTML, like Gecko) Chrome/89.0.4389.128 Safari/537.36"
52.167.144.220 - - [13/Jun/2026:22:50:15 +1000] "GET /product-category/wet-seafood-fresh-products/ HTTP/1.1" 200 10422 "-" "Mozilla/5.0 AppleWebKit/537.36 (KHTML, like Gecko; compatible; bingbot/2.0; +http://www.bing.com/bingbot.htm) Chrome/116.0.1938.76 Safari/537.36"
138.201.82.103 - - [13/Jun/2026:22:50:15 +1000] "GET /wp-login.php HTTP/1.1" 200 2245 "-" "Mozilla/5.0 (Macintosh; Intel Mac OS X 11_7_10) AppleWebKit/537.36 (KHTML, like Gecko) Chrome/133.0.0.0 Safari/537.36"
138.201.82.103 - - [13/Jun/2026:22:50:16 +1000] "POST /wp-login.php HTTP/1.1" 503 7066 "https://seafoodwarehouse.aussieseafoodhouse.com.au/wp-login.php" "Mozilla/5.0 (Macintosh; Intel Mac OS X 11_7_10) AppleWebKit/537.36 (KHTML, like Gecko) Chrome/133.0.0.0 Safari/537.36"
168.119.53.160 - - [13/Jun/2026:22:50:19 +1000] "HEAD / HTTP/1.1" 301 - "https://www.seafoodwarehouse.com.au" "Mozilla/5.0+(compatible; UptimeRobot/2.0; http://www.uptimerobot.com/)"
168.119.53.160 - - [13/Jun/2026:22:50:20 +1000] "HEAD / HTTP/1.1" 200 - "https://www.seafoodwarehouse.com.au" "Mozilla/5.0+(compatible; UptimeRobot/2.0; http://www.uptimerobot.com/)"
107.173.9.84 - - [13/Jun/2026:22:50:20 +1000] "GET /services/ HTTP/1.1" 200 9945 "-" "Uptime-Kuma/2.0.0-beta.4"
46.22.216.11 - - [13/Jun/2026:22:50:30 +1000] "GET / HTTP/1.1" 200 97426 "-" "Mozilla/5.0"
104.42.151.157 - - [13/Jun/2026:22:50:32 +1000] "GET /product/dagwood-dogs-1-39/?add-to-cart=10229 HTTP/1.1" 200 13003 "-" "Mozilla/5.0 (Macintosh; Intel Mac OS X 10_15_7) AppleWebKit/537.36 (KHTML, like Gecko) Chrome/133.0.0.0 Safari/537.36"
160.22.78.242 - - [13/Jun/2026:22:50:46 +1000] "POST /wp-cron.php?doing_wp_cron=1781355046.3742320537567138671875 HTTP/1.1" 200 - "-" "WordPress/6.5.8; https://seafoodwarehouse.com.au"
2406:3400:43b:fb00:19fa:6c45:71a1:76bd - - [13/Jun/2026:22:50:46 +1000] "POST /?wc-ajax=get_refreshed_fragments HTTP/1.1" 200 313 "https://seafoodwarehouse.com.au/product-category/wholefish/" "Mozilla/5.0 (Linux; Android 10; K) AppleWebKit/537.36 (KHTML, like Gecko) Chrome/149.0.0.0 Mobile Safari/537.36"
160.22.78.242 - - [13/Jun/2026:22:50:47 +1000] "POST /wp-cron.php?doing_wp_cron=1781355047.1951870918273925781250 HTTP/1.1" 200 - "-" "WordPress/6.5.8; https://seafoodwarehouse.com.au"
2406:3400:43b:fb00:19fa:6c45:71a1:76bd - - [13/Jun/2026:22:50:47 +1000] "POST /?wc-ajax=get_refreshed_fragments HTTP/1.1" 200 313 "https://seafoodwarehouse.com.au/" "Mozilla/5.0 (Linux; Android 10; K) AppleWebKit/537.36 (KHTML, like Gecko) Chrome/149.0.0.0 Mobile Safari/537.36"
160.22.78.242 - - [13/Jun/2026:22:51:20 +1000] "POST /wp-cron.php?doing_wp_cron=1781355080.6409330368041992187500 HTTP/1.1" 200 - "-" "WordPress/6.5.8; https://seafoodwarehouse.com.au"
107.173.9.84 - - [13/Jun/2026:22:51:20 +1000] "GET /services/ HTTP/1.1" 200 9940 "-" "Uptime-Kuma/2.0.0-beta.4"
43.157.158.178 - - [13/Jun/2026:22:51:44 +1000] "GET / HTTP/1.1" 200 14537 "http://www.seafoodwarehouse.com/" "Mozilla/5.0 (iPhone; CPU iPhone OS 13_2_3 like Mac OS X) AppleWebKit/605.1.15 (KHTML, like Gecko) Version/13.0.3 Mobile/15E148 Safari/604.1"
193.115.126.168 - - [13/Jun/2026:22:51:45 +1000] "GET /wp-login.php HTTP/1.1" 200 2245 "-" "Mozilla/5.0 (Windows NT 10.0; Win64; x64) AppleWebKit/537.36 (KHTML, like Gecko) Chrome/120.0.0.0 Safari/537.36"
193.115.126.168 - - [13/Jun/2026:22:51:46 +1000] "POST /wp-login.php HTTP/1.1" 503 7066 "https://seafoodwarehouse.aussieseafoodhouse.com.au/wp-login.php" "Mozilla/5.0 (Windows NT 10.0; Win64; x64) AppleWebKit/537.36 (KHTML, like Gecko) Chrome/120.0.0.0 Safari/537.36"
185.224.103.148 - - [13/Jun/2026:22:51:54 +1000] "GET /product/whole-tassie-salmon/ HTTP/1.1" 200 12628 "-" "Mozilla/5.0 (Windows NT 6.1; WOW64) AppleWebKit/537.36 (KHTML, like Gecko) Chrome/104.0.0.0 Safari/537.36"
45.63.28.202 - - [13/Jun/2026:22:52:02 +1000] "GET /services/ HTTP/1.1" 200 9949 "-" "Mozilla/5.0 (Windows NT 10.0; Win64; x64) AppleWebKit/537.36 (KHTML, like Gecko) Chrome/89.0.4389.128 Safari/537.36"
160.22.78.242 - - [13/Jun/2026:22:52:20 +1000] "POST /wp-cron.php?doing_wp_cron=1781355140.6140820980072021484375 HTTP/1.1" 200 - "-" "WordPress/6.5.8; https://seafoodwarehouse.com.au"
107.173.9.84 - - [13/Jun/2026:22:52:20 +1000] "GET /services/ HTTP/1.1" 200 9945 "-" "Uptime-Kuma/2.0.0-beta.4"
160.22.78.242 - - [13/Jun/2026:22:52:35 +1000] "POST /wp-cron.php?doing_wp_cron=1781355155.8158900737762451171875 HTTP/1.1" 200 - "-" "WordPress/6.5.8; https://seafoodwarehouse.com.au"
46.22.216.11 - - [13/Jun/2026:22:52:35 +1000] "GET / HTTP/1.1" 200 97449 "-" "Mozilla/5.0"
107.173.9.84 - - [13/Jun/2026:22:53:20 +1000] "GET /services/ HTTP/1.1" 200 9936 "-" "Uptime-Kuma/2.0.0-beta.4"
160.22.78.242 - - [13/Jun/2026:22:53:44 +1000] "POST /wp-cron.php?doing_wp_cron=1781355224.9251160621643066406250 HTTP/1.1" 200 - "-" "WordPress/6.5.8; https://seafoodwarehouse.com.au"
152.55.184.155 - - [13/Jun/2026:22:53:44 +1000] "GET / HTTP/1.1" 200 14532 "-" "outboundbuddy-enrichment/1.0 (+jamie@outboundbuddy.com)"
45.63.28.202 - - [13/Jun/2026:22:54:02 +1000] "GET /services/ HTTP/1.1" 200 9943 "-" "Mozilla/5.0 (Windows NT 10.0; Win64; x64) AppleWebKit/537.36 (KHTML, like Gecko) Chrome/89.0.4389.128 Safari/537.36"
107.173.9.84 - - [13/Jun/2026:22:54:20 +1000] "GET /services/ HTTP/1.1" 200 9946 "-" "Uptime-Kuma/2.0.0-beta.4"
160.22.78.242 - - [13/Jun/2026:22:54:35 +1000] "POST /wp-cron.php?doing_wp_cron=1781355275.6334440708160400390625 HTTP/1.1" 200 - "-" "WordPress/6.5.8; https://seafoodwarehouse.com.au"
46.22.216.11 - - [13/Jun/2026:22:54:35 +1000] "GET / HTTP/1.1" 200 97445 "-" "Mozilla/5.0"
107.173.9.84 - - [13/Jun/2026:22:55:20 +1000] "GET /services/ HTTP/1.1" 200 9940 "-" "Uptime-Kuma/2.0.0-beta.4"
128.140.41.193 - - [13/Jun/2026:22:55:25 +1000] "HEAD / HTTP/1.1" 301 - "https://www.seafoodwarehouse.com.au" "Mozilla/5.0+(compatible; UptimeRobot/2.0; http://www.uptimerobot.com/)"
128.140.41.193 - - [13/Jun/2026:22:55:26 +1000] "HEAD / HTTP/1.1" 200 - "https://www.seafoodwarehouse.com.au" "Mozilla/5.0+(compatible; UptimeRobot/2.0; http://www.uptimerobot.com/)"
160.22.78.242 - - [13/Jun/2026:22:55:56 +1000] "POST /wp-cron.php?doing_wp_cron=1781355356.8821840286254882812500 HTTP/1.1" 200 - "-" "WordPress/6.5.8; https://seafoodwarehouse.com.au"
2a03:2880:7ff:: - - [13/Jun/2026:22:55:56 +1000] "GET / HTTP/1.1" 200 14530 "-" "meta-externalagent/1.1 (+https://developers.facebook.com/docs/sharing/webmasters/crawler)"
45.63.28.202 - - [13/Jun/2026:22:56:03 +1000] "GET /services/ HTTP/1.1" 200 9946 "-" "Mozilla/5.0 (Windows NT 10.0; Win64; x64) AppleWebKit/537.36 (KHTML, like Gecko) Chrome/89.0.4389.128 Safari/537.36"
192.185.4.94 - - [13/Jun/2026:22:56:05 +1000] "GET /wp-login.php HTTP/1.1" 200 2245 "-" "Mozilla/5.0 (Windows NT 10.0; Win64; x64) AppleWebKit/537.36 (KHTML, like Gecko) Chrome/120.0.0.0 Safari/537.36"
192.185.4.94 - - [13/Jun/2026:22:56:06 +1000] "POST /wp-login.php HTTP/1.1" 503 7067 "https://mail.seafoodwarehouse.com.au/wp-login.php" "Mozilla/5.0 (Windows NT 10.0; Win64; x64) AppleWebKit/537.36 (KHTML, like Gecko) Chrome/120.0.0.0 Safari/537.36"
107.173.9.84 - - [13/Jun/2026:22:56:20 +1000] "GET /services/ HTTP/1.1" 200 9940 "-" "Uptime-Kuma/2.0.0-beta.4"
160.22.78.242 - - [13/Jun/2026:22:56:35 +1000] "POST /wp-cron.php?doing_wp_cron=1781355395.4500420093536376953125 HTTP/1.1" 200 - "-" "WordPress/6.5.8; https://seafoodwarehouse.com.au"
46.22.216.11 - - [13/Jun/2026:22:56:35 +1000] "GET / HTTP/1.1" 200 97436 "-" "Mozilla/5.0"
160.22.78.242 - - [13/Jun/2026:22:56:40 +1000] "POST /wp-cron.php?doing_wp_cron=1781355400.3793489933013916015625 HTTP/1.1" 200 - "-" "WordPress/6.5.8; https://seafoodwarehouse.com.au"
