160.22.78.242 - - [13/Jun/2026:22:57:21 +1000] "POST /wp-cron.php?doing_wp_cron=1781355441.2670700550079345703125 HTTP/1.1" 200 - "-" "WordPress/6.5.8; https://seafoodwarehouse.com.au"
107.173.9.84 - - [13/Jun/2026:22:57:21 +1000] "GET /services/ HTTP/1.1" 200 9943 "-" "Uptime-Kuma/2.0.0-beta.4"
160.22.78.242 - - [13/Jun/2026:22:58:03 +1000] "POST /wp-cron.php?doing_wp_cron=1781355483.6130421161651611328125 HTTP/1.1" 200 - "-" "WordPress/6.5.8; https://seafoodwarehouse.com.au"
45.63.28.202 - - [13/Jun/2026:22:58:03 +1000] "GET /services/ HTTP/1.1" 200 9956 "-" "Mozilla/5.0 (Windows NT 10.0; Win64; x64) AppleWebKit/537.36 (KHTML, like Gecko) Chrome/89.0.4389.128 Safari/537.36"
66.249.66.161 - - [13/Jun/2026:22:58:14 +1000] "GET /product/new-zealand-green-lip-mussels560/ HTTP/1.1" 200 6621 "-" "Mozilla/5.0 (Linux; Android 6.0.1; Nexus 5X Build/MMB29P) AppleWebKit/537.36 (KHTML, like Gecko) Chrome/148.0.7778.96 Mobile Safari/537.36 (compatible; Googlebot/2.1; +http://www.google.com/bot.html)"
107.173.9.84 - - [13/Jun/2026:22:58:21 +1000] "GET /services/ HTTP/1.1" 200 9936 "-" "Uptime-Kuma/2.0.0-beta.4"
160.22.78.242 - - [13/Jun/2026:22:58:36 +1000] "POST /wp-cron.php?doing_wp_cron=1781355516.2680211067199707031250 HTTP/1.1" 200 - "-" "WordPress/6.5.8; https://seafoodwarehouse.com.au"
46.22.216.11 - - [13/Jun/2026:22:58:36 +1000] "GET / HTTP/1.1" 200 97439 "-" "Mozilla/5.0"
104.42.151.157 - - [13/Jun/2026:22:58:51 +1000] "GET /product/dagwood-dogs-1-39/?add-to-cart=2089 HTTP/1.1" 200 12971 "-" "Mozilla/5.0 (Windows NT 10.0; Win64; x64) AppleWebKit/537.36 (KHTML, like Gecko) Chrome/133.0.0.0 Safari/537.36"
107.173.9.84 - - [13/Jun/2026:22:59:20 +1000] "GET /services/ HTTP/1.1" 200 9943 "-" "Uptime-Kuma/2.0.0-beta.4"
168.63.79.147 - - [13/Jun/2026:22:59:26 +1000] "GET /wp-login.php HTTP/1.1" 200 2244 "-" "Mozilla/5.0 (Macintosh; Intel Mac OS X 11_7_10) AppleWebKit/537.36 (KHTML, like Gecko) Chrome/133.0.0.0 Safari/537.36"
168.63.79.147 - - [13/Jun/2026:22:59:32 +1000] "GET /wp-json/wp/v2/users/me HTTP/1.1" 401 102 "-" "Mozilla/5.0 (Macintosh; Intel Mac OS X 11_7_10) AppleWebKit/537.36 (KHTML, like Gecko) Chrome/133.0.0.0 Safari/537.36"
66.249.66.193 - - [13/Jun/2026:22:59:39 +1000] "GET /?attachment_id=2119 HTTP/1.1" 200 6621 "-" "Mozilla/5.0 (Linux; Android 6.0.1; Nexus 5X Build/MMB29P) AppleWebKit/537.36 (KHTML, like Gecko) Chrome/148.0.7778.96 Mobile Safari/537.36 (compatible; Googlebot/2.1; +http://www.google.com/bot.html)"
160.22.78.242 - - [13/Jun/2026:23:00:02 +1000] "POST /wp-cron.php?doing_wp_cron=1781355602.7893559932708740234375 HTTP/1.1" 200 - "-" "WordPress/6.5.8; https://seafoodwarehouse.com.au"
45.63.28.202 - - [13/Jun/2026:23:00:02 +1000] "GET /services/ HTTP/1.1" 200 9948 "-" "Mozilla/5.0 (Windows NT 10.0; Win64; x64) AppleWebKit/537.36 (KHTML, like Gecko) Chrome/89.0.4389.128 Safari/537.36"
66.249.66.161 - - [13/Jun/2026:23:00:15 +1000] "GET /product/nz-oysters-standards/ HTTP/1.1" 200 6621 "-" "Mozilla/5.0 (Linux; Android 6.0.1; Nexus 5X Build/MMB29P) AppleWebKit/537.36 (KHTML, like Gecko) Chrome/148.0.7778.96 Mobile Safari/537.36 (compatible; Googlebot/2.1; +http://www.google.com/bot.html)"
107.173.9.84 - - [13/Jun/2026:23:00:20 +1000] "GET /services/ HTTP/1.1" 200 9946 "-" "Uptime-Kuma/2.0.0-beta.4"
192.42.116.115 - - [13/Jun/2026:23:00:24 +1000] "GET / HTTP/1.1" 200 14535 "https://seafoodwarehouse.com.au" "Mozilla/5.0 (Windows NT 10.0; Win64; x64) AppleWebKit/537.36 (KHTML, like Gecko) Chrome/148.0.0.0 Safari/537.36 OPR/113.0.0.0"
122.148.242.182 - - [13/Jun/2026:23:00:32 +1000] "GET /wp-content/uploads/2016/12/rse2600-600x600.jpg HTTP/1.1" 200 74004 "https://www.google.com/" "Mozilla/5.0 (iPhone; CPU iPhone OS 18_7 like Mac OS X) AppleWebKit/605.1.15 (KHTML, like Gecko) Version/26.5 Mobile/15E148 Safari/604.1"
3.77.67.4 - - [13/Jun/2026:23:00:32 +1000] "HEAD / HTTP/1.1" 301 - "https://www.seafoodwarehouse.com.au" "Mozilla/5.0+(compatible; UptimeRobot/2.0; http://www.uptimerobot.com/)"
3.77.67.4 - - [13/Jun/2026:23:00:34 +1000] "HEAD / HTTP/1.1" 200 - "https://www.seafoodwarehouse.com.au" "Mozilla/5.0+(compatible; UptimeRobot/2.0; http://www.uptimerobot.com/)"
160.22.78.242 - - [13/Jun/2026:23:00:36 +1000] "POST /wp-cron.php?doing_wp_cron=1781355636.0862638950347900390625 HTTP/1.1" 200 - "-" "WordPress/6.5.8; https://seafoodwarehouse.com.au"
46.22.216.11 - - [13/Jun/2026:23:00:35 +1000] "GET / HTTP/1.1" 200 97430 "-" "Mozilla/5.0"
107.173.9.84 - - [13/Jun/2026:23:01:20 +1000] "GET /services/ HTTP/1.1" 200 9944 "-" "Uptime-Kuma/2.0.0-beta.4"
34.187.227.17 - - [13/Jun/2026:23:01:23 +1000] "GET /wp-login.php HTTP/1.1" 200 2245 "-" "Mozilla/5.0 (Windows NT 10.0; Win64; x64) AppleWebKit/537.36 (KHTML, like Gecko) Chrome/120.0.0.0 Safari/537.36"
34.187.227.17 - - [13/Jun/2026:23:01:23 +1000] "POST /wp-login.php HTTP/1.1" 503 7066 "https://seafoodwarehouse.aussieseafoodhouse.com.au/wp-login.php" "Mozilla/5.0 (Windows NT 10.0; Win64; x64) AppleWebKit/537.36 (KHTML, like Gecko) Chrome/120.0.0.0 Safari/537.36"
20.245.117.200 - - [13/Jun/2026:23:01:28 +1000] "GET /product/durian-fruit-400g/?add-to-cart=3123 HTTP/1.1" 200 12635 "-" "Mozilla/5.0 (Macintosh; Intel Mac OS X 10_15_7) AppleWebKit/537.36 (KHTML, like Gecko) Chrome/133.0.0.0 Safari/537.36"
160.22.78.242 - - [13/Jun/2026:23:01:44 +1000] "POST /wp-cron.php?doing_wp_cron=1781355704.0798180103302001953125 HTTP/1.1" 200 - "-" "WordPress/6.5.8; https://seafoodwarehouse.com.au"
85.211.241.137 - - [13/Jun/2026:23:01:43 +1000] "GET /product/hot-smoke-blackeningspice/ HTTP/1.1" 200 13241 "-" "Mozilla/5.0 AppleWebKit/537.36 (KHTML, like Gecko); compatible; ChatGPT-User/1.0; +https://openai.com/bot"
2001:8003:6094:8a00:c886:7697:f86f:40c7 - - [13/Jun/2026:23:01:46 +1000] "GET /product-category/prawns/ HTTP/1.1" 200 12023 "https://www.bing.com/" "Mozilla/5.0 (iPhone; CPU iPhone OS 16_7_11 like Mac OS X) AppleWebKit/605.1.15 (KHTML, like Gecko) EdgiOS/137.0.3296.82 Version/16.0 Mobile/15E148 Safari/604.1"
2001:8003:6094:8a00:c886:7697:f86f:40c7 - - [13/Jun/2026:23:01:47 +1000] "POST /?wc-ajax=get_refreshed_fragments HTTP/1.1" 200 313 "https://seafoodwarehouse.com.au/product-category/prawns/" "Mozilla/5.0 (iPhone; CPU iPhone OS 16_7_11 like Mac OS X) AppleWebKit/605.1.15 (KHTML, like Gecko) EdgiOS/137.0.3296.82 Version/16.0 Mobile/15E148 Safari/604.1"
160.22.78.242 - - [13/Jun/2026:23:02:00 +1000] "POST /wp-cron.php?doing_wp_cron=1781355720.5087819099426269531250 HTTP/1.1" 200 - "-" "WordPress/6.5.8; https://seafoodwarehouse.com.au"
2a03:2880:7ff:9:: - - [13/Jun/2026:23:02:00 +1000] "GET /meta.json HTTP/1.1" 404 8103 "-" "facebookexternalhit/1.1 (+http://www.facebook.com/externalhit_uatext.php)"
45.63.28.202 - - [13/Jun/2026:23:02:02 +1000] "GET /services/ HTTP/1.1" 200 9944 "-" "Mozilla/5.0 (Windows NT 10.0; Win64; x64) AppleWebKit/537.36 (KHTML, like Gecko) Chrome/89.0.4389.128 Safari/537.36"
107.173.9.84 - - [13/Jun/2026:23:02:20 +1000] "GET /services/ HTTP/1.1" 200 9953 "-" "Uptime-Kuma/2.0.0-beta.4"
43.133.61.171 - - [13/Jun/2026:23:02:34 +1000] "GET /product/aussie-nth-kings-26-80-kg-5kg-buy/ HTTP/1.1" 200 13016 "-" "Mozilla/5.0 (iPhone; CPU iPhone OS 13_2_3 like Mac OS X) AppleWebKit/605.1.15 (KHTML, like Gecko) Version/13.0.3 Mobile/15E148 Safari/604.1"
160.22.78.242 - - [13/Jun/2026:23:02:35 +1000] "POST /wp-cron.php?doing_wp_cron=1781355755.8730309009552001953125 HTTP/1.1" 200 - "-" "WordPress/6.5.8; https://seafoodwarehouse.com.au"
46.22.216.11 - - [13/Jun/2026:23:02:35 +1000] "GET / HTTP/1.1" 200 97423 "-" "Mozilla/5.0"
216.131.105.86 - - [13/Jun/2026:23:02:37 +1000] "GET /product/sardines-6-80kg-4-kg-box/ HTTP/1.1" 200 13004 "-" "Mozilla/5.0 (iPhone; CPU iPhone OS 18_7 like Mac OS X) AppleWebKit/605.1.15 (KHTML, like Gecko) Mobile/15E148"
216.131.105.86 - - [13/Jun/2026:23:02:38 +1000] "GET /product/sardines-6-80kg-4-kg-box/ HTTP/1.1" 200 12941 "-" "Mozilla/5.0 (iPhone; CPU iPhone OS 18_7 like Mac OS X) AppleWebKit/605.1.15 (KHTML, like Gecko) FxiOS/151.2 Mobile/15E148 Safari/604.1"
216.131.105.86 - - [13/Jun/2026:23:02:39 +1000] "GET /wp-content/plugins/woocommerce/assets/js/js-cookie/js.cookie.min.js?ver=2.1.4 HTTP/1.1" 200 982 "https://seafoodwarehouse.com.au/product/sardines-6-80kg-4-kg-box/" "Mozilla/5.0 (iPhone; CPU iPhone OS 18_7 like Mac OS X) AppleWebKit/605.1.15 (KHTML, like Gecko) FxiOS/151.2 Mobile/15E148 Safari/604.1"
216.131.105.86 - - [13/Jun/2026:23:02:39 +1000] "GET /wp-content/plugins/woocommerce/assets/css/woocommerce.css?ver=5.5.5 HTTP/1.1" 200 8907 "https://seafoodwarehouse.com.au/product/sardines-6-80kg-4-kg-box/" "Mozilla/5.0 (iPhone; CPU iPhone OS 18_7 like Mac OS X) AppleWebKit/605.1.15 (KHTML, like Gecko) FxiOS/151.2 Mobile/15E148 Safari/604.1"
216.131.105.86 - - [13/Jun/2026:23:02:39 +1000] "GET /wp-includes/js/jquery/jquery-migrate.min.js?ver=3.4.1 HTTP/1.1" 200 4872 "https://seafoodwarehouse.com.au/product/sardines-6-80kg-4-kg-box/" "Mozilla/5.0 (iPhone; CPU iPhone OS 18_7 like Mac OS X) AppleWebKit/605.1.15 (KHTML, like Gecko) FxiOS/151.2 Mobile/15E148 Safari/604.1"
216.131.105.86 - - [13/Jun/2026:23:02:39 +1000] "GET /wp-content/themes/topshop/templates/css/topshop-header-standard.css?ver=10.2.2 HTTP/1.1" 200 761 "https://seafoodwarehouse.com.au/product/sardines-6-80kg-4-kg-box/" "Mozilla/5.0 (iPhone; CPU iPhone OS 18_7 like Mac OS X) AppleWebKit/605.1.15 (KHTML, like Gecko) FxiOS/151.2 Mobile/15E148 Safari/604.1"
216.131.105.86 - - [13/Jun/2026:23:02:39 +1000] "GET /wp-content/plugins/woocommerce/assets/js/zoom/jquery.zoom.min.js?ver=1.7.21 HTTP/1.1" 200 1179 "https://seafoodwarehouse.com.au/product/sardines-6-80kg-4-kg-box/" "Mozilla/5.0 (iPhone; CPU iPhone OS 18_7 like Mac OS X) AppleWebKit/605.1.15 (KHTML, like Gecko) FxiOS/151.2 Mobile/15E148 Safari/604.1"
216.131.105.86 - - [13/Jun/2026:23:02:39 +1000] "GET /wp-content/themes/topshop/js/custom.js?ver=10.2.2 HTTP/1.1" 200 1184 "https://seafoodwarehouse.com.au/product/sardines-6-80kg-4-kg-box/" "Mozilla/5.0 (iPhone; CPU iPhone OS 18_7 like Mac OS X) AppleWebKit/605.1.15 (KHTML, like Gecko) FxiOS/151.2 Mobile/15E148 Safari/604.1"
216.131.105.86 - - [13/Jun/2026:23:02:39 +1000] "GET /wp-content/plugins/woocommerce/assets/js/frontend/cart-fragments.min.js?ver=5.5.5 HTTP/1.1" 200 1039 "https://seafoodwarehouse.com.au/product/sardines-6-80kg-4-kg-box/" "Mozilla/5.0 (iPhone; CPU iPhone OS 18_7 like Mac OS X) AppleWebKit/605.1.15 (KHTML, like Gecko) FxiOS/151.2 Mobile/15E148 Safari/604.1"
216.131.105.86 - - [13/Jun/2026:23:02:39 +1000] "GET /wp-includes/css/dist/block-library/style.min.css?ver=6.5.8 HTTP/1.1" 200 14991 "https://seafoodwarehouse.com.au/product/sardines-6-80kg-4-kg-box/" "Mozilla/5.0 (iPhone; CPU iPhone OS 18_7 like Mac OS X) AppleWebKit/605.1.15 (KHTML, like Gecko) FxiOS/151.2 Mobile/15E148 Safari/604.1"
216.131.105.86 - - [13/Jun/2026:23:02:39 +1000] "GET /wp-content/plugins/honeypot/includes/js/wpa.js?ver=2.2.11 HTTP/1.1" 200 1818 "https://seafoodwarehouse.com.au/product/sardines-6-80kg-4-kg-box/" "Mozilla/5.0 (iPhone; CPU iPhone OS 18_7 like Mac OS X) AppleWebKit/605.1.15 (KHTML, like Gecko) FxiOS/151.2 Mobile/15E148 Safari/604.1"
216.131.105.86 - - [13/Jun/2026:23:02:39 +1000] "GET /wp-content/plugins/woocommerce/assets/js/frontend/add-to-cart.min.js?ver=5.5.5 HTTP/1.1" 200 1086 "https://seafoodwarehouse.com.au/product/sardines-6-80kg-4-kg-box/" "Mozilla/5.0 (iPhone; CPU iPhone OS 18_7 like Mac OS X) AppleWebKit/605.1.15 (KHTML, like Gecko) FxiOS/151.2 Mobile/15E148 Safari/604.1"
216.131.105.86 - - [13/Jun/2026:23:02:39 +1000] "GET /wp-content/themes/topshop/js/skip-link-focus-fix.js?ver=10.2.2 HTTP/1.1" 200 336 "https://seafoodwarehouse.com.au/product/sardines-6-80kg-4-kg-box/" "Mozilla/5.0 (iPhone; CPU iPhone OS 18_7 like Mac OS X) AppleWebKit/605.1.15 (KHTML, like Gecko) FxiOS/151.2 Mobile/15E148 Safari/604.1"
216.131.105.86 - - [13/Jun/2026:23:02:39 +1000] "GET /wp-content/plugins/woocommerce/assets/js/photoswipe/photoswipe-ui-default.min.js?ver=4.1.1 HTTP/1.1" 200 3634 "https://seafoodwarehouse.com.au/product/sardines-6-80kg-4-kg-box/" "Mozilla/5.0 (iPhone; CPU iPhone OS 18_7 like Mac OS X) AppleWebKit/605.1.15 (KHTML, like Gecko) FxiOS/151.2 Mobile/15E148 Safari/604.1"
216.131.105.86 - - [13/Jun/2026:23:02:39 +1000] "GET /wp-content/plugins/woocommerce-incremental-product-quantities/assets/js/ipq_input_value_validation.js?ver=6.5.8 HTTP/1.1" 200 860 "https://seafoodwarehouse.com.au/product/sardines-6-80kg-4-kg-box/" "Mozilla/5.0 (iPhone; CPU iPhone OS 18_7 like Mac OS X) AppleWebKit/605.1.15 (KHTML, like Gecko) FxiOS/151.2 Mobile/15E148 Safari/604.1"
216.131.105.86 - - [13/Jun/2026:23:02:39 +1000] "GET /wp-content/plugins/woocommerce/assets/js/flexslider/jquery.flexslider.min.js?ver=2.7.2 HTTP/1.1" 200 6484 "https://seafoodwarehouse.com.au/product/sardines-6-80kg-4-kg-box/" "Mozilla/5.0 (iPhone; CPU iPhone OS 18_7 like Mac OS X) AppleWebKit/605.1.15 (KHTML, like Gecko) FxiOS/151.2 Mobile/15E148 Safari/604.1"
216.131.105.86 - - [13/Jun/2026:23:02:39 +1000] "GET /wp-content/themes/topshop/js/waypoints-sticky.min.js?ver=10.2.2 HTTP/1.1" 200 602 "https://seafoodwarehouse.com.au/product/sardines-6-80kg-4-kg-box/" "Mozilla/5.0 (iPhone; CPU iPhone OS 18_7 like Mac OS X) AppleWebKit/605.1.15 (KHTML, like Gecko) FxiOS/151.2 Mobile/15E148 Safari/604.1"
216.131.105.86 - - [13/Jun/2026:23:02:39 +1000] "GET /wp-content/themes/topshop/js/waypoints-custom.js?ver=10.2.2 HTTP/1.1" 200 179 "https://seafoodwarehouse.com.au/product/sardines-6-80kg-4-kg-box/" "Mozilla/5.0 (iPhone; CPU iPhone OS 18_7 like Mac OS X) AppleWebKit/605.1.15 (KHTML, like Gecko) FxiOS/151.2 Mobile/15E148 Safari/604.1"
216.131.105.86 - - [13/Jun/2026:23:02:39 +1000] "GET /wp-content/plugins/honeypot/includes/css/wpa.css?ver=2.2.11 HTTP/1.1" 200 337 "https://seafoodwarehouse.com.au/product/sardines-6-80kg-4-kg-box/" "Mozilla/5.0 (iPhone; CPU iPhone OS 18_7 like Mac OS X) AppleWebKit/605.1.15 (KHTML, like Gecko) FxiOS/151.2 Mobile/15E148 Safari/604.1"
216.131.105.86 - - [13/Jun/2026:23:02:39 +1000] "GET /wp-content/themes/topshop/templates/css/topshop-woocommerce-style.css?ver=10.2.2 HTTP/1.1" 200 4015 "https://seafoodwarehouse.com.au/product/sardines-6-80kg-4-kg-box/" "Mozilla/5.0 (iPhone; CPU iPhone OS 18_7 like Mac OS X) AppleWebKit/605.1.15 (KHTML, like Gecko) FxiOS/151.2 Mobile/15E148 Safari/604.1"
216.131.105.86 - - [13/Jun/2026:23:02:39 +1000] "GET /wp-content/plugins/woocommerce/assets/js/jquery-blockui/jquery.blockUI.min.js?ver=2.70 HTTP/1.1" 200 3491 "https://seafoodwarehouse.com.au/product/sardines-6-80kg-4-kg-box/" "Mozilla/5.0 (iPhone; CPU iPhone OS 18_7 like Mac OS X) AppleWebKit/605.1.15 (KHTML, like Gecko) FxiOS/151.2 Mobile/15E148 Safari/604.1"
216.131.105.86 - - [13/Jun/2026:23:02:39 +1000] "GET /wp-content/themes/topshop/js/navigation.js?ver=10.2.2 HTTP/1.1" 200 438 "https://seafoodwarehouse.com.au/product/sardines-6-80kg-4-kg-box/" "Mozilla/5.0 (iPhone; CPU iPhone OS 18_7 like Mac OS X) AppleWebKit/605.1.15 (KHTML, like Gecko) FxiOS/151.2 Mobile/15E148 Safari/604.1"
216.131.105.86 - - [13/Jun/2026:23:02:39 +1000] "GET /wp-content/plugins/woocommerce/assets/js/frontend/woocommerce.min.js?ver=5.5.5 HTTP/1.1" 200 794 "https://seafoodwarehouse.com.au/product/sardines-6-80kg-4-kg-box/" "Mozilla/5.0 (iPhone; CPU iPhone OS 18_7 like Mac OS X) AppleWebKit/605.1.15 (KHTML, like Gecko) FxiOS/151.2 Mobile/15E148 Safari/604.1"
216.131.105.86 - - [13/Jun/2026:23:02:39 +1000] "GET /wp-content/themes/topshop/js/jquery.carouFredSel-6.2.1-packed.js?ver=10.2.2 HTTP/1.1" 200 13676 "https://seafoodwarehouse.com.au/product/sardines-6-80kg-4-kg-box/" "Mozilla/5.0 (iPhone; CPU iPhone OS 18_7 like Mac OS X) AppleWebKit/605.1.15 (KHTML, like Gecko) FxiOS/151.2 Mobile/15E148 Safari/604.1"
216.131.105.86 - - [13/Jun/2026:23:02:39 +1000] "GET /wp-content/plugins/woocommerce/assets/js/frontend/single-product.min.js?ver=5.5.5 HTTP/1.1" 200 1881 "https://seafoodwarehouse.com.au/product/sardines-6-80kg-4-kg-box/" "Mozilla/5.0 (iPhone; CPU iPhone OS 18_7 like Mac OS X) AppleWebKit/605.1.15 (KHTML, like Gecko) FxiOS/151.2 Mobile/15E148 Safari/604.1"
216.131.105.86 - - [13/Jun/2026:23:02:39 +1000] "GET /wp-content/plugins/woocommerce-social-media-share-buttons/smsb_script.js?ver=1.0.0 HTTP/1.1" 200 1171 "https://seafoodwarehouse.com.au/product/sardines-6-80kg-4-kg-box/" "Mozilla/5.0 (iPhone; CPU iPhone OS 18_7 like Mac OS X) AppleWebKit/605.1.15 (KHTML, like Gecko) FxiOS/151.2 Mobile/15E148 Safari/604.1"
216.131.105.86 - - [13/Jun/2026:23:02:39 +1000] "GET /wp-content/plugins/woocommerce/assets/js/select2/select2.full.min.js?ver=4.0.3 HTTP/1.1" 200 21566 "https://seafoodwarehouse.com.au/product/sardines-6-80kg-4-kg-box/" "Mozilla/5.0 (iPhone; CPU iPhone OS 18_7 like Mac OS X) AppleWebKit/605.1.15 (KHTML, like Gecko) FxiOS/151.2 Mobile/15E148 Safari/604.1"
216.131.105.86 - - [13/Jun/2026:23:02:39 +1000] "GET /wp-content/plugins/woocommerce/assets/js/selectWoo/selectWoo.full.min.js?ver=1.0.9 HTTP/1.1" 200 21563 "https://seafoodwarehouse.com.au/product/sardines-6-80kg-4-kg-box/" "Mozilla/5.0 (iPhone; CPU iPhone OS 18_7 like Mac OS X) AppleWebKit/605.1.15 (KHTML, like Gecko) FxiOS/151.2 Mobile/15E148 Safari/604.1"
216.131.105.86 - - [13/Jun/2026:23:02:39 +1000] "GET /wp-content/uploads/2016/11/pillies.jpg HTTP/1.1" 200 560096 "https://seafoodwarehouse.com.au/product/sardines-6-80kg-4-kg-box/" "Mozilla/5.0 (iPhone; CPU iPhone OS 18_7 like Mac OS X) AppleWebKit/605.1.15 (KHTML, like Gecko) FxiOS/151.2 Mobile/15E148 Safari/604.1"
216.131.105.86 - - [13/Jun/2026:23:02:41 +1000] "GET /wp-content/themes/topshop/includes/font-awesome/fonts/fontawesome-webfont.woff2?v=4.7.0 HTTP/1.1" 200 77162 "https://seafoodwarehouse.com.au/product/sardines-6-80kg-4-kg-box/" "Mozilla/5.0 (iPhone; CPU iPhone OS 18_7 like Mac OS X) AppleWebKit/605.1.15 (KHTML, like Gecko) FxiOS/151.2 Mobile/15E148 Safari/604.1"
216.131.105.86 - - [13/Jun/2026:23:02:41 +1000] "POST /?wc-ajax=get_refreshed_fragments HTTP/1.1" 200 313 "https://seafoodwarehouse.com.au/product/sardines-6-80kg-4-kg-box/" "Mozilla/5.0 (iPhone; CPU iPhone OS 18_7 like Mac OS X) AppleWebKit/605.1.15 (KHTML, like Gecko) FxiOS/151.2 Mobile/15E148 Safari/604.1"
216.131.105.86 - - [13/Jun/2026:23:02:42 +1000] "GET /wp-content/plugins/woocommerce-social-media-share-buttons/img/email-share-button.png HTTP/1.1" 200 3668 "https://seafoodwarehouse.com.au/product/sardines-6-80kg-4-kg-box/" "Mozilla/5.0 (iPhone; CPU iPhone OS 18_7 like Mac OS X) AppleWebKit/605.1.15 (KHTML, like Gecko) FxiOS/151.2 Mobile/15E148 Safari/604.1"
216.131.105.86 - - [13/Jun/2026:23:02:42 +1000] "GET /wp-content/uploads/2016/11/header3.png HTTP/1.1" 200 7549 "https://seafoodwarehouse.com.au/product/sardines-6-80kg-4-kg-box/" "Mozilla/5.0 (iPhone; CPU iPhone OS 18_7 like Mac OS X) AppleWebKit/605.1.15 (KHTML, like Gecko) FxiOS/151.2 Mobile/15E148 Safari/604.1"
216.131.105.86 - - [13/Jun/2026:23:02:43 +1000] "GET /wp-content/uploads/2016/11/extender2-300x300.jpg HTTP/1.1" 200 21181 "https://seafoodwarehouse.com.au/product/sardines-6-80kg-4-kg-box/" "Mozilla/5.0 (iPhone; CPU iPhone OS 18_7 like Mac OS X) AppleWebKit/605.1.15 (KHTML, like Gecko) FxiOS/151.2 Mobile/15E148 Safari/604.1"
216.131.105.86 - - [13/Jun/2026:23:02:43 +1000] "GET /wp-content/uploads/2016/11/chilli-squid-bag-300x300.jpg HTTP/1.1" 200 25272 "https://seafoodwarehouse.com.au/product/sardines-6-80kg-4-kg-box/" "Mozilla/5.0 (iPhone; CPU iPhone OS 18_7 like Mac OS X) AppleWebKit/605.1.15 (KHTML, like Gecko) FxiOS/151.2 Mobile/15E148 Safari/604.1"
216.131.105.86 - - [13/Jun/2026:23:02:46 +1000] "GET /product/pilchards-14-kg-box/ HTTP/1.1" 200 13027 "-" "Mozilla/5.0 (iPhone; CPU iPhone OS 18_7 like Mac OS X) AppleWebKit/605.1.15 (KHTML, like Gecko) Mobile/15E148"
216.131.105.86 - - [13/Jun/2026:23:02:47 +1000] "GET /product/pilchards-14-kg-box/ HTTP/1.1" 200 13036 "-" "Mozilla/5.0 (iPhone; CPU iPhone OS 18_7 like Mac OS X) AppleWebKit/605.1.15 (KHTML, like Gecko) FxiOS/151.2 Mobile/15E148 Safari/604.1"
216.131.105.86 - - [13/Jun/2026:23:02:49 +1000] "POST /?wc-ajax=get_refreshed_fragments HTTP/1.1" 200 313 "https://seafoodwarehouse.com.au/product/pilchards-14-kg-box/" "Mozilla/5.0 (iPhone; CPU iPhone OS 18_7 like Mac OS X) AppleWebKit/605.1.15 (KHTML, like Gecko) FxiOS/151.2 Mobile/15E148 Safari/604.1"
216.131.105.86 - - [13/Jun/2026:23:02:49 +1000] "GET /wp-content/uploads/2016/11/pillies-2-1.jpg HTTP/1.1" 200 498671 "https://seafoodwarehouse.com.au/product/pilchards-14-kg-box/" "Mozilla/5.0 (iPhone; CPU iPhone OS 18_7 like Mac OS X) AppleWebKit/605.1.15 (KHTML, like Gecko) Mobile/15E148"
216.131.105.86 - - [13/Jun/2026:23:02:51 +1000] "GET /wp-content/uploads/2018/08/Seaweed-Salad.jpg HTTP/1.1" 200 118826 "https://seafoodwarehouse.com.au/product/pilchards-14-kg-box/" "Mozilla/5.0 (iPhone; CPU iPhone OS 18_7 like Mac OS X) AppleWebKit/605.1.15 (KHTML, like Gecko) FxiOS/151.2 Mobile/15E148 Safari/604.1"
216.131.105.86 - - [13/Jun/2026:23:02:51 +1000] "GET /wp-content/uploads/2016/11/pillies-100x100.jpg HTTP/1.1" 200 5336 "https://seafoodwarehouse.com.au/product/pilchards-14-kg-box/" "Mozilla/5.0 (iPhone; CPU iPhone OS 18_7 like Mac OS X) AppleWebKit/605.1.15 (KHTML, like Gecko) FxiOS/151.2 Mobile/15E148 Safari/604.1"
216.131.105.86 - - [13/Jun/2026:23:02:52 +1000] "GET /wp-content/uploads/2016/11/pillies-2-1-100x100.jpg HTTP/1.1" 200 5339 "https://seafoodwarehouse.com.au/product/pilchards-14-kg-box/" "Mozilla/5.0 (iPhone; CPU iPhone OS 18_7 like Mac OS X) AppleWebKit/605.1.15 (KHTML, like Gecko) FxiOS/151.2 Mobile/15E148 Safari/604.1"
216.131.105.86 - - [13/Jun/2026:23:03:01 +1000] "GET /product/pilchards-14-kg-box/favicon.ico HTTP/1.1" 404 8105 "-" "Client/72455 CFNetwork/3860.600.12 Darwin/25.5.0"
216.131.105.86 - - [13/Jun/2026:23:03:20 +1000] "GET /wp-content/uploads/2018/08/Clams-Littleneck-clams00-300x300.jpg HTTP/1.1" 200 21060 "https://seafoodwarehouse.com.au/product/pilchards-14-kg-box/" "Mozilla/5.0 (iPhone; CPU iPhone OS 18_7 like Mac OS X) AppleWebKit/605.1.15 (KHTML, like Gecko) FxiOS/151.2 Mobile/15E148 Safari/604.1"
107.173.9.84 - - [13/Jun/2026:23:03:20 +1000] "GET /services/ HTTP/1.1" 200 9950 "-" "Uptime-Kuma/2.0.0-beta.4"
216.131.105.86 - - [13/Jun/2026:23:03:29 +1000] "GET /wp-content/uploads/2016/11/oystersnzjj.jpg HTTP/1.1" 200 493858 "https://seafoodwarehouse.com.au/product/pilchards-14-kg-box/" "Mozilla/5.0 (iPhone; CPU iPhone OS 18_7 like Mac OS X) AppleWebKit/605.1.15 (KHTML, like Gecko) FxiOS/151.2 Mobile/15E148 Safari/604.1"
160.22.78.242 - - [13/Jun/2026:23:03:46 +1000] "POST /wp-cron.php?doing_wp_cron=1781355826.7428629398345947265625 HTTP/1.1" 200 - "-" "WordPress/6.5.8; https://seafoodwarehouse.com.au"
216.131.105.86 - - [13/Jun/2026:23:03:46 +1000] "GET /product/pilchards-14-kg-box/ HTTP/1.1" 200 13006 "-" "Mozilla/5.0 (iPhone; CPU iPhone OS 18_7 like Mac OS X) AppleWebKit/605.1.15 (KHTML, like Gecko) FxiOS/151.2 Mobile/15E148 Safari/604.1"
45.63.28.202 - - [13/Jun/2026:23:04:02 +1000] "GET /services/ HTTP/1.1" 200 9946 "-" "Mozilla/5.0 (Windows NT 10.0; Win64; x64) AppleWebKit/537.36 (KHTML, like Gecko) Chrome/89.0.4389.128 Safari/537.36"
216.131.105.86 - - [13/Jun/2026:23:04:09 +1000] "GET / HTTP/1.1" 200 14543 "https://seafoodwarehouse.com.au/product/pilchards-14-kg-box/" "Mozilla/5.0 (iPhone; CPU iPhone OS 18_7 like Mac OS X) AppleWebKit/605.1.15 (KHTML, like Gecko) FxiOS/151.2 Mobile/15E148 Safari/604.1"
216.131.105.86 - - [13/Jun/2026:23:04:11 +1000] "GET /wp-content/uploads/2016/11/slide1.png HTTP/1.1" 200 138123 "https://seafoodwarehouse.com.au/" "Mozilla/5.0 (iPhone; CPU iPhone OS 18_7 like Mac OS X) AppleWebKit/605.1.15 (KHTML, like Gecko) FxiOS/151.2 Mobile/15E148 Safari/604.1"
216.131.105.86 - - [13/Jun/2026:23:04:11 +1000] "GET /wp-content/uploads/2016/11/web-pic-222.jpg HTTP/1.1" 200 59839 "https://seafoodwarehouse.com.au/" "Mozilla/5.0 (iPhone; CPU iPhone OS 18_7 like Mac OS X) AppleWebKit/605.1.15 (KHTML, like Gecko) FxiOS/151.2 Mobile/15E148 Safari/604.1"
216.131.105.86 - - [13/Jun/2026:23:04:11 +1000] "GET /wp-content/uploads/2016/11/hours-headingchange-2-1024x67.jpg HTTP/1.1" 200 23603 "https://seafoodwarehouse.com.au/" "Mozilla/5.0 (iPhone; CPU iPhone OS 18_7 like Mac OS X) AppleWebKit/605.1.15 (KHTML, like Gecko) FxiOS/151.2 Mobile/15E148 Safari/604.1"
216.131.105.86 - - [13/Jun/2026:23:04:11 +1000] "GET /wp-content/plugins/ml-slider/assets/sliders/flexslider/flexslider.css?ver=3.98.0 HTTP/1.1" 200 1166 "https://seafoodwarehouse.com.au/" "Mozilla/5.0 (iPhone; CPU iPhone OS 18_7 like Mac OS X) AppleWebKit/605.1.15 (KHTML, like Gecko) FxiOS/151.2 Mobile/15E148 Safari/604.1"
216.131.105.86 - - [13/Jun/2026:23:04:11 +1000] "GET /wp-content/plugins/ml-slider/assets/sliders/flexslider/jquery.flexslider.min.js?ver=3.98.0 HTTP/1.1" 200 6999 "https://seafoodwarehouse.com.au/" "Mozilla/5.0 (iPhone; CPU iPhone OS 18_7 like Mac OS X) AppleWebKit/605.1.15 (KHTML, like Gecko) FxiOS/151.2 Mobile/15E148 Safari/604.1"
216.131.105.86 - - [13/Jun/2026:23:04:11 +1000] "GET /wp-content/plugins/ml-slider/assets/metaslider/script.min.js?ver=3.98.0 HTTP/1.1" 200 383 "https://seafoodwarehouse.com.au/" "Mozilla/5.0 (iPhone; CPU iPhone OS 18_7 like Mac OS X) AppleWebKit/605.1.15 (KHTML, like Gecko) FxiOS/151.2 Mobile/15E148 Safari/604.1"
216.131.105.86 - - [13/Jun/2026:23:04:11 +1000] "GET /wp-content/plugins/ml-slider/assets/metaslider/public.css?ver=3.98.0 HTTP/1.1" 200 3108 "https://seafoodwarehouse.com.au/" "Mozilla/5.0 (iPhone; CPU iPhone OS 18_7 like Mac OS X) AppleWebKit/605.1.15 (KHTML, like Gecko) FxiOS/151.2 Mobile/15E148 Safari/604.1"
216.131.105.86 - - [13/Jun/2026:23:04:11 +1000] "GET /wp-content/uploads/2016/11/heading-5.png HTTP/1.1" 200 7309 "https://seafoodwarehouse.com.au/" "Mozilla/5.0 (iPhone; CPU iPhone OS 18_7 like Mac OS X) AppleWebKit/605.1.15 (KHTML, like Gecko) FxiOS/151.2 Mobile/15E148 Safari/604.1"
216.131.105.86 - - [13/Jun/2026:23:04:11 +1000] "GET /wp-content/uploads/2019/08/wholefish-mainbarra.jpg HTTP/1.1" 200 460244 "https://seafoodwarehouse.com.au/" "Mozilla/5.0 (iPhone; CPU iPhone OS 18_7 like Mac OS X) AppleWebKit/605.1.15 (KHTML, like Gecko) FxiOS/151.2 Mobile/15E148 Safari/604.1"
216.131.105.86 - - [13/Jun/2026:23:04:12 +1000] "GET /wp-content/uploads/2016/11/slide2.png HTTP/1.1" 200 163373 "https://seafoodwarehouse.com.au/" "Mozilla/5.0 (iPhone; CPU iPhone OS 18_7 like Mac OS X) AppleWebKit/605.1.15 (KHTML, like Gecko) FxiOS/151.2 Mobile/15E148 Safari/604.1"
216.131.105.86 - - [13/Jun/2026:23:04:13 +1000] "GET /wp-content/plugins/ml-slider/assets/metaslider/bg_direction_nav.png HTTP/1.1" 200 2627 "https://seafoodwarehouse.com.au/" "Mozilla/5.0 (iPhone; CPU iPhone OS 18_7 like Mac OS X) AppleWebKit/605.1.15 (KHTML, like Gecko) FxiOS/151.2 Mobile/15E148 Safari/604.1"
216.131.105.86 - - [13/Jun/2026:23:04:14 +1000] "GET /wp-content/uploads/2019/08/diy.jpg HTTP/1.1" 200 393734 "https://seafoodwarehouse.com.au/" "Mozilla/5.0 (iPhone; CPU iPhone OS 18_7 like Mac OS X) AppleWebKit/605.1.15 (KHTML, like Gecko) FxiOS/151.2 Mobile/15E148 Safari/604.1"
216.131.105.86 - - [13/Jun/2026:23:04:14 +1000] "GET /wp-content/uploads/2017/01/on-the-water.jpg HTTP/1.1" 200 578663 "https://seafoodwarehouse.com.au/" "Mozilla/5.0 (iPhone; CPU iPhone OS 18_7 like Mac OS X) AppleWebKit/605.1.15 (KHTML, like Gecko) FxiOS/151.2 Mobile/15E148 Safari/604.1"
216.131.105.86 - - [13/Jun/2026:23:04:17 +1000] "GET /wp-content/uploads/2017/01/prawn-main.jpg HTTP/1.1" 200 454988 "https://seafoodwarehouse.com.au/" "Mozilla/5.0 (iPhone; CPU iPhone OS 18_7 like Mac OS X) AppleWebKit/605.1.15 (KHTML, like Gecko) FxiOS/151.2 Mobile/15E148 Safari/604.1"
107.173.9.84 - - [13/Jun/2026:23:04:20 +1000] "GET /services/ HTTP/1.1" 200 9953 "-" "Uptime-Kuma/2.0.0-beta.4"
216.131.105.86 - - [13/Jun/2026:23:04:20 +1000] "GET /wp-content/uploads/2020/10/mackerelpic.jpg HTTP/1.1" 200 326249 "https://seafoodwarehouse.com.au/" "Mozilla/5.0 (iPhone; CPU iPhone OS 18_7 like Mac OS X) AppleWebKit/605.1.15 (KHTML, like Gecko) FxiOS/151.2 Mobile/15E148 Safari/604.1"
216.131.105.86 - - [13/Jun/2026:23:04:22 +1000] "GET /wp-content/uploads/2025/10/Tuna3-300x300.jpg HTTP/1.1" 200 22227 "https://seafoodwarehouse.com.au/" "Mozilla/5.0 (iPhone; CPU iPhone OS 18_7 like Mac OS X) AppleWebKit/605.1.15 (KHTML, like Gecko) FxiOS/151.2 Mobile/15E148 Safari/604.1"
216.131.105.86 - - [13/Jun/2026:23:04:24 +1000] "GET /wp-content/uploads/2021/07/Coral-Trout-Fillet-SOffsss-300x300.jpg HTTP/1.1" 200 22344 "https://seafoodwarehouse.com.au/" "Mozilla/5.0 (iPhone; CPU iPhone OS 18_7 like Mac OS X) AppleWebKit/605.1.15 (KHTML, like Gecko) FxiOS/151.2 Mobile/15E148 Safari/604.1"
216.131.105.86 - - [13/Jun/2026:23:04:25 +1000] "GET /wp-content/uploads/2016/11/musseltubs.jpg HTTP/1.1" 200 441471 "https://seafoodwarehouse.com.au/" "Mozilla/5.0 (iPhone; CPU iPhone OS 18_7 like Mac OS X) AppleWebKit/605.1.15 (KHTML, like Gecko) FxiOS/151.2 Mobile/15E148 Safari/604.1"
216.131.105.86 - - [13/Jun/2026:23:04:27 +1000] "GET /wp-content/uploads/2017/02/mosesperch60000.jpg HTTP/1.1" 200 460668 "https://seafoodwarehouse.com.au/" "Mozilla/5.0 (iPhone; CPU iPhone OS 18_7 like Mac OS X) AppleWebKit/605.1.15 (KHTML, like Gecko) FxiOS/151.2 Mobile/15E148 Safari/604.1"
216.131.105.86 - - [13/Jun/2026:23:04:33 +1000] "GET /wp-content/uploads/2016/11/tiger-grn1.jpg HTTP/1.1" 200 453325 "https://seafoodwarehouse.com.au/" "Mozilla/5.0 (iPhone; CPU iPhone OS 18_7 like Mac OS X) AppleWebKit/605.1.15 (KHTML, like Gecko) FxiOS/151.2 Mobile/15E148 Safari/604.1"
160.22.78.242 - - [13/Jun/2026:23:04:35 +1000] "POST /wp-cron.php?doing_wp_cron=1781355875.8419530391693115234375 HTTP/1.1" 200 - "-" "WordPress/6.5.8; https://seafoodwarehouse.com.au"
216.131.105.86 - - [13/Jun/2026:23:04:35 +1000] "GET /wp-content/uploads/2017/03/barratemp600.jpg HTTP/1.1" 200 275852 "https://seafoodwarehouse.com.au/" "Mozilla/5.0 (iPhone; CPU iPhone OS 18_7 like Mac OS X) AppleWebKit/605.1.15 (KHTML, like Gecko) FxiOS/151.2 Mobile/15E148 Safari/604.1"
46.22.216.11 - - [13/Jun/2026:23:04:35 +1000] "GET / HTTP/1.1" 200 97435 "-" "Mozilla/5.0"
216.131.105.86 - - [13/Jun/2026:23:04:37 +1000] "GET /wp-content/uploads/2020/03/gold-cod-300x300.jpg HTTP/1.1" 200 22964 "https://seafoodwarehouse.com.au/" "Mozilla/5.0 (iPhone; CPU iPhone OS 18_7 like Mac OS X) AppleWebKit/605.1.15 (KHTML, like Gecko) FxiOS/151.2 Mobile/15E148 Safari/604.1"
216.131.105.86 - - [13/Jun/2026:23:04:40 +1000] "GET /wp-content/uploads/2024/04/icefish-mac22-300x300.jpg HTTP/1.1" 200 32858 "https://seafoodwarehouse.com.au/" "Mozilla/5.0 (iPhone; CPU iPhone OS 18_7 like Mac OS X) AppleWebKit/605.1.15 (KHTML, like Gecko) FxiOS/151.2 Mobile/15E148 Safari/604.1"
216.131.105.86 - - [13/Jun/2026:23:04:41 +1000] "GET /wp-content/uploads/2024/04/squid-wingsnsbnauj-300x300.jpg HTTP/1.1" 200 49939 "https://seafoodwarehouse.com.au/" "Mozilla/5.0 (iPhone; CPU iPhone OS 18_7 like Mac OS X) AppleWebKit/605.1.15 (KHTML, like Gecko) FxiOS/151.2 Mobile/15E148 Safari/604.1"
216.131.105.86 - - [13/Jun/2026:23:04:43 +1000] "GET /wp-content/uploads/2018/02/browncrab600.jpg HTTP/1.1" 200 427156 "https://seafoodwarehouse.com.au/" "Mozilla/5.0 (iPhone; CPU iPhone OS 18_7 like Mac OS X) AppleWebKit/605.1.15 (KHTML, like Gecko) FxiOS/151.2 Mobile/15E148 Safari/604.1"
216.131.105.86 - - [13/Jun/2026:23:04:44 +1000] "GET /wp-content/uploads/2021/11/mack-offcuts.jpg HTTP/1.1" 200 142763 "https://seafoodwarehouse.com.au/" "Mozilla/5.0 (iPhone; CPU iPhone OS 18_7 like Mac OS X) AppleWebKit/605.1.15 (KHTML, like Gecko) FxiOS/151.2 Mobile/15E148 Safari/604.1"
216.131.105.86 - - [13/Jun/2026:23:04:47 +1000] "GET /wp-content/uploads/2017/08/bonefish.jpg HTTP/1.1" 200 409781 "https://seafoodwarehouse.com.au/" "Mozilla/5.0 (iPhone; CPU iPhone OS 18_7 like Mac OS X) AppleWebKit/605.1.15 (KHTML, like Gecko) FxiOS/151.2 Mobile/15E148 Safari/604.1"
216.131.105.86 - - [13/Jun/2026:23:04:49 +1000] "GET /wp-content/uploads/2017/08/kahawai600.jpg HTTP/1.1" 200 385879 "https://seafoodwarehouse.com.au/" "Mozilla/5.0 (iPhone; CPU iPhone OS 18_7 like Mac OS X) AppleWebKit/605.1.15 (KHTML, like Gecko) FxiOS/151.2 Mobile/15E148 Safari/604.1"
160.22.78.242 - - [13/Jun/2026:23:04:58 +1000] "POST /wp-cron.php?doing_wp_cron=1781355898.0857989788055419921875 HTTP/1.1" 200 - "-" "WordPress/6.5.8; https://seafoodwarehouse.com.au"
216.131.105.86 - - [13/Jun/2026:23:04:57 +1000] "GET /contact-us/ HTTP/1.1" 200 10009 "https://seafoodwarehouse.com.au/" "Mozilla/5.0 (iPhone; CPU iPhone OS 18_7 like Mac OS X) AppleWebKit/605.1.15 (KHTML, like Gecko) FxiOS/151.2 Mobile/15E148 Safari/604.1"
107.173.9.84 - - [13/Jun/2026:23:05:20 +1000] "GET /services/ HTTP/1.1" 200 9944 "-" "Uptime-Kuma/2.0.0-beta.4"
101.32.52.164 - - [13/Jun/2026:23:05:27 +1000] "GET / HTTP/1.1" 200 14525 "http://www.seafoodwarehouse.com" "Mozilla/5.0 (iPhone; CPU iPhone OS 13_2_3 like Mac OS X) AppleWebKit/605.1.15 (KHTML, like Gecko) Version/13.0.3 Mobile/15E148 Safari/604.1"
160.22.78.242 - - [13/Jun/2026:23:05:40 +1000] "POST /wp-cron.php?doing_wp_cron=1781355940.8061540126800537109375 HTTP/1.1" 200 - "-" "WordPress/6.5.8; https://seafoodwarehouse.com.au"
88.99.80.227 - - [13/Jun/2026:23:05:40 +1000] "HEAD / HTTP/1.1" 301 - "https://www.seafoodwarehouse.com.au" "Mozilla/5.0+(compatible; UptimeRobot/2.0; http://www.uptimerobot.com/)"
88.99.80.227 - - [13/Jun/2026:23:05:41 +1000] "HEAD / HTTP/1.1" 200 - "https://www.seafoodwarehouse.com.au" "Mozilla/5.0+(compatible; UptimeRobot/2.0; http://www.uptimerobot.com/)"
202.56.174.125 - - [13/Jun/2026:23:05:52 +1000] "POST /wp-comments-post.php HTTP/1.1" 500 1028 "-" "Mozilla/5.0 (Windows NT 10.0; Win64; x64) AppleWebKit/537.36 (KHTML, like Gecko) Chrome/120.0.0.0 Safari/537.36"
45.63.28.202 - - [13/Jun/2026:23:06:02 +1000] "GET /services/ HTTP/1.1" 200 9939 "-" "Mozilla/5.0 (Windows NT 10.0; Win64; x64) AppleWebKit/537.36 (KHTML, like Gecko) Chrome/89.0.4389.128 Safari/537.36"
107.173.9.84 - - [13/Jun/2026:23:06:20 +1000] "GET /services/ HTTP/1.1" 200 9946 "-" "Uptime-Kuma/2.0.0-beta.4"
40.77.179.166 - - [13/Jun/2026:23:06:31 +1000] "POST /?wc-ajax=get_refreshed_fragments HTTP/1.1" 200 313 "https://seafoodwarehouse.com.au/product-category/wet-seafood-fresh-products/" "Mozilla/5.0 AppleWebKit/537.36 (KHTML, like Gecko; compatible; bingbot/2.0; +http://www.bing.com/bingbot.htm) Chrome/136.0.0.0 Safari/537.36"
160.22.78.242 - - [13/Jun/2026:23:06:40 +1000] "POST /wp-cron.php?doing_wp_cron=1781356000.2476670742034912109375 HTTP/1.1" 200 - "-" "WordPress/6.5.8; https://seafoodwarehouse.com.au"
46.22.216.11 - - [13/Jun/2026:23:06:40 +1000] "GET / HTTP/1.1" 200 97424 "-" "Mozilla/5.0"
103.39.146.106 - - [13/Jun/2026:23:06:42 +1000] "GET /wp-content/uploads/2017/01/tilapia600.jpg HTTP/1.1" 200 326837 "-" "Mozilla/5.0 (compatible; MSIE 6.0; Windows NT 6.1; Trident/5.1)"
66.249.66.201 - - [13/Jun/2026:23:06:44 +1000] "GET /product-category/prawns/feed/ HTTP/1.1" 200 6621 "-" "Mozilla/5.0 (Linux; Android 6.0.1; Nexus 5X Build/MMB29P) AppleWebKit/537.36 (KHTML, like Gecko) Chrome/148.0.7778.96 Mobile Safari/537.36 (compatible; Googlebot/2.1; +http://www.google.com/bot.html)"
107.173.9.84 - - [13/Jun/2026:23:07:20 +1000] "GET /services/ HTTP/1.1" 200 9947 "-" "Uptime-Kuma/2.0.0-beta.4"
52.54.249.218 - - [13/Jun/2026:23:07:29 +1000] "GET /product/whiting-crumbed/ HTTP/1.1" 200 13285 "-" "Mozilla/5.0 AppleWebKit/537.36 (KHTML, like Gecko; compatible; Amazonbot/0.1; +https://developer.amazon.com/support/amazonbot) Chrome/119.0.6045.214 Safari/537.36"
3.225.45.252 - - [13/Jun/2026:23:07:31 +1000] "GET /wp-content/uploads/2016/11/crumbedwhiting4-600x479.jpg HTTP/1.1" 200 60641 "-" "Mozilla/5.0 AppleWebKit/537.36 (KHTML, like Gecko; compatible; Amazonbot/0.1; +https://developer.amazon.com/support/amazonbot) Chrome/119.0.6045.214 Safari/537.36"
3.226.106.93 - - [13/Jun/2026:23:07:33 +1000] "GET /product/marinated-mussels-8-tubs/ HTTP/1.1" 200 13092 "-" "Mozilla/5.0 AppleWebKit/537.36 (KHTML, like Gecko; compatible; Amazonbot/0.1; +https://developer.amazon.com/support/amazonbot) Chrome/119.0.6045.214 Safari/537.36"
23.23.137.202 - - [13/Jun/2026:23:07:42 +1000] "GET /wp-content/uploads/2016/11/crumbed-whiting...600..6002-600x600.jpg HTTP/1.1" 200 86136 "-" "Mozilla/5.0 AppleWebKit/537.36 (KHTML, like Gecko; compatible; Amazonbot/0.1; +https://developer.amazon.com/support/amazonbot) Chrome/119.0.6045.214 Safari/537.36"
54.145.82.217 - - [13/Jun/2026:23:07:43 +1000] "GET /wp-content/uploads/2016/11/crumbed-whiting-600x381.jpg HTTP/1.1" 200 45516 "-" "Mozilla/5.0 AppleWebKit/537.36 (KHTML, like Gecko; compatible; Amazonbot/0.1; +https://developer.amazon.com/support/amazonbot) Chrome/119.0.6045.214 Safari/537.36"
34.239.197.197 - - [13/Jun/2026:23:07:43 +1000] "GET /wp-content/uploads/2016/11/crumbedwhitingruler-600x464.jpg HTTP/1.1" 200 51031 "-" "Mozilla/5.0 AppleWebKit/537.36 (KHTML, like Gecko; compatible; Amazonbot/0.1; +https://developer.amazon.com/support/amazonbot) Chrome/119.0.6045.214 Safari/537.36"
160.22.78.242 - - [13/Jun/2026:23:08:02 +1000] "POST /wp-cron.php?doing_wp_cron=1781356082.8491160869598388671875 HTTP/1.1" 200 - "-" "WordPress/6.5.8; https://seafoodwarehouse.com.au"
45.63.28.202 - - [13/Jun/2026:23:08:02 +1000] "GET /services/ HTTP/1.1" 200 9947 "-" "Mozilla/5.0 (Windows NT 10.0; Win64; x64) AppleWebKit/537.36 (KHTML, like Gecko) Chrome/89.0.4389.128 Safari/537.36"
107.173.9.84 - - [13/Jun/2026:23:08:20 +1000] "GET /services/ HTTP/1.1" 200 9940 "-" "Uptime-Kuma/2.0.0-beta.4"
104.155.29.73 - - [13/Jun/2026:23:08:33 +1000] "GET /wp-login.php HTTP/1.1" 200 2245 "-" "Mozilla/5.0 (Macintosh; Intel Mac OS X 10_15_7) AppleWebKit/537.36 (KHTML, like Gecko) Chrome/133.0.0.0 Safari/537.36 Edg/133.0.0.0"
104.155.29.73 - - [13/Jun/2026:23:08:34 +1000] "POST /wp-login.php HTTP/1.1" 503 7066 "https://www.seafoodwarehouse.com.au/wp-login.php" "Mozilla/5.0 (Macintosh; Intel Mac OS X 10_15_7) AppleWebKit/537.36 (KHTML, like Gecko) Chrome/133.0.0.0 Safari/537.36 Edg/133.0.0.0"
160.22.78.242 - - [13/Jun/2026:23:08:40 +1000] "POST /wp-cron.php?doing_wp_cron=1781356120.0111320018768310546875 HTTP/1.1" 200 - "-" "WordPress/6.5.8; https://seafoodwarehouse.com.au"
46.22.216.11 - - [13/Jun/2026:23:08:39 +1000] "GET / HTTP/1.1" 200 95612 "-" "Mozilla/5.0"
147.10.246.199 - - [13/Jun/2026:23:08:46 +1000] "GET /product/mullet-fillets/ HTTP/1.1" 200 12637 "-" "Mozilla/5.0 (Linux; Android 10; K) AppleWebKit/537.36 (KHTML, like Gecko) Chrome/148.0.0.0 Mobile Safari/537.36"
147.10.246.199 - - [13/Jun/2026:23:08:51 +1000] "POST /?wc-ajax=get_refreshed_fragments HTTP/1.1" 200 313 "https://seafoodwarehouse.com.au/product/mullet-fillets/" "Mozilla/5.0 (Linux; Android 10; K) AppleWebKit/537.36 (KHTML, like Gecko) Chrome/148.0.0.0 Mobile Safari/537.36"
40.77.167.254 - - [13/Jun/2026:23:09:09 +1000] "GET /product/alaskan-salmon-tails-skin-on-14-80/ HTTP/1.1" 200 13033 "-" "Mozilla/5.0 AppleWebKit/537.36 (KHTML, like Gecko; compatible; bingbot/2.0; +http://www.bing.com/bingbot.htm) Chrome/116.0.1938.76 Safari/537.36"
107.173.9.84 - - [13/Jun/2026:23:09:20 +1000] "GET /services/ HTTP/1.1" 200 9889 "-" "Uptime-Kuma/2.0.0-beta.4"
147.10.246.199 - - [13/Jun/2026:23:09:37 +1000] "POST /product/mullet-fillets/ HTTP/1.1" 200 12657 "https://seafoodwarehouse.com.au/product/mullet-fillets/" "Mozilla/5.0 (Linux; Android 10; K) AppleWebKit/537.36 (KHTML, like Gecko) Chrome/148.0.0.0 Mobile Safari/537.36"
147.10.246.199 - - [13/Jun/2026:23:09:38 +1000] "POST /?wc-ajax=get_refreshed_fragments HTTP/1.1" 200 922 "https://seafoodwarehouse.com.au/product/mullet-fillets/" "Mozilla/5.0 (Linux; Android 10; K) AppleWebKit/537.36 (KHTML, like Gecko) Chrome/148.0.0.0 Mobile Safari/537.36"
160.22.78.242 - - [13/Jun/2026:23:09:40 +1000] "POST /wp-cron.php?doing_wp_cron=1781356180.9492330551147460937500 HTTP/1.1" 200 - "-" "WordPress/6.5.8; https://seafoodwarehouse.com.au"
147.10.246.199 - - [13/Jun/2026:23:09:40 +1000] "GET /cart/ HTTP/1.1" 200 27594 "https://seafoodwarehouse.com.au/product/mullet-fillets/" "Mozilla/5.0 (Linux; Android 10; K) AppleWebKit/537.36 (KHTML, like Gecko) Chrome/148.0.0.0 Mobile Safari/537.36"
160.22.78.242 - - [13/Jun/2026:23:09:52 +1000] "POST /wp-cron.php?doing_wp_cron=1781356192.0095760822296142578125 HTTP/1.1" 200 - "-" "WordPress/6.5.8; https://seafoodwarehouse.com.au"
147.10.246.199 - - [13/Jun/2026:23:09:51 +1000] "GET /checkout/ HTTP/1.1" 200 32516 "https://seafoodwarehouse.com.au/cart/" "Mozilla/5.0 (Linux; Android 10; K) AppleWebKit/537.36 (KHTML, like Gecko) Chrome/148.0.0.0 Mobile Safari/537.36"
147.10.246.199 - - [13/Jun/2026:23:09:53 +1000] "GET /wp-content/plugins/order-delivery-date/js/accessibility.js?ver=9.26.2 HTTP/1.1" 200 4840 "https://seafoodwarehouse.com.au/checkout/" "Mozilla/5.0 (Linux; Android 10; K) AppleWebKit/537.36 (KHTML, like Gecko) Chrome/148.0.0.0 Mobile Safari/537.36"
160.22.78.242 - - [13/Jun/2026:23:09:53 +1000] "POST /wp-cron.php?doing_wp_cron=1781356193.9057350158691406250000 HTTP/1.1" 200 - "-" "WordPress/6.5.8; https://seafoodwarehouse.com.au"
160.22.78.242 - - [13/Jun/2026:23:09:54 +1000] "POST /wp-cron.php?doing_wp_cron=1781356193.9833478927612304687500 HTTP/1.1" 200 - "-" "WordPress/6.5.8; https://seafoodwarehouse.com.au"
147.10.246.199 - - [13/Jun/2026:23:09:53 +1000] "POST /wp-admin/admin-ajax.php HTTP/1.1" 200 22 "https://seafoodwarehouse.com.au/checkout/" "Mozilla/5.0 (Linux; Android 10; K) AppleWebKit/537.36 (KHTML, like Gecko) Chrome/148.0.0.0 Mobile Safari/537.36"
147.10.246.199 - - [13/Jun/2026:23:09:53 +1000] "POST /?wc-ajax=update_order_review HTTP/1.1" 200 1264 "https://seafoodwarehouse.com.au/checkout/" "Mozilla/5.0 (Linux; Android 10; K) AppleWebKit/537.36 (KHTML, like Gecko) Chrome/148.0.0.0 Mobile Safari/537.36"
160.22.78.242 - - [13/Jun/2026:23:10:02 +1000] "POST /wp-cron.php?doing_wp_cron=1781356202.9030139446258544921875 HTTP/1.1" 200 - "-" "WordPress/6.5.8; https://seafoodwarehouse.com.au"
45.63.28.202 - - [13/Jun/2026:23:10:02 +1000] "GET /services/ HTTP/1.1" 200 9887 "-" "Mozilla/5.0 (Windows NT 10.0; Win64; x64) AppleWebKit/537.36 (KHTML, like Gecko) Chrome/89.0.4389.128 Safari/537.36"
160.22.78.242 - - [13/Jun/2026:23:10:09 +1000] "POST /wp-cron.php?doing_wp_cron=1781356209.1643989086151123046875 HTTP/1.1" 200 - "-" "WordPress/6.5.8; https://seafoodwarehouse.com.au"
147.10.246.199 - - [13/Jun/2026:23:10:08 +1000] "GET /cart/ HTTP/1.1" 200 27593 "https://seafoodwarehouse.com.au/product/mullet-fillets/" "Mozilla/5.0 (Linux; Android 10; K) AppleWebKit/537.36 (KHTML, like Gecko) Chrome/148.0.0.0 Mobile Safari/537.36"
160.22.78.242 - - [13/Jun/2026:23:10:21 +1000] "POST /wp-cron.php?doing_wp_cron=1781356221.0577740669250488281250 HTTP/1.1" 200 - "-" "WordPress/6.5.8; https://seafoodwarehouse.com.au"
107.173.9.84 - - [13/Jun/2026:23:10:20 +1000] "GET /services/ HTTP/1.1" 200 9881 "-" "Uptime-Kuma/2.0.0-beta.4"
66.249.66.74 - - [13/Jun/2026:23:10:22 +1000] "GET /?attachment_id=1918 HTTP/1.1" 200 6621 "-" "Mozilla/5.0 (Linux; Android 6.0.1; Nexus 5X Build/MMB29P) AppleWebKit/537.36 (KHTML, like Gecko) Chrome/148.0.7778.96 Mobile Safari/537.36 (compatible; Googlebot/2.1; +http://www.google.com/bot.html)"
160.22.78.242 - - [13/Jun/2026:23:10:23 +1000] "POST /wp-cron.php?doing_wp_cron=1781356223.4310588836669921875000 HTTP/1.1" 200 - "-" "WordPress/6.5.8; https://seafoodwarehouse.com.au"
2405:6e00:641:174b:44d2:7f3d:e5ae:ffef - - [13/Jun/2026:23:10:23 +1000] "GET / HTTP/1.1" 200 14262 "-" "Mozilla/5.0 (Linux; Android 10; K) AppleWebKit/537.36 (KHTML, like Gecko) Chrome/149.0.0.0 Mobile Safari/537.36"
160.22.78.242 - - [13/Jun/2026:23:10:24 +1000] "POST /wp-cron.php?doing_wp_cron=1781356224.5904669761657714843750 HTTP/1.1" 200 - "-" "WordPress/6.5.8; https://seafoodwarehouse.com.au"
2405:6e00:641:174b:44d2:7f3d:e5ae:ffef - - [13/Jun/2026:23:10:24 +1000] "POST /?wc-ajax=get_refreshed_fragments HTTP/1.1" 200 313 "https://seafoodwarehouse.com.au/" "Mozilla/5.0 (Linux; Android 10; K) AppleWebKit/537.36 (KHTML, like Gecko) Chrome/149.0.0.0 Mobile Safari/537.36"
160.22.78.242 - - [13/Jun/2026:23:10:28 +1000] "POST /wp-cron.php?doing_wp_cron=1781356228.8544321060180664062500 HTTP/1.1" 200 - "-" "WordPress/6.5.8; https://seafoodwarehouse.com.au"
2405:6e00:641:174b:44d2:7f3d:e5ae:ffef - - [13/Jun/2026:23:10:28 +1000] "GET / HTTP/1.1" 200 14271 "-" "Mozilla/5.0 (Linux; Android 10; K) AppleWebKit/537.36 (KHTML, like Gecko) Chrome/149.0.0.0 Mobile Safari/537.36"
160.22.78.242 - - [13/Jun/2026:23:10:42 +1000] "POST /wp-cron.php?doing_wp_cron=1781356242.0039620399475097656250 HTTP/1.1" 200 - "-" "WordPress/6.5.8; https://seafoodwarehouse.com.au"
46.22.216.11 - - [13/Jun/2026:23:10:41 +1000] "GET / HTTP/1.1" 200 95601 "-" "Mozilla/5.0"
160.22.78.242 - - [13/Jun/2026:23:10:46 +1000] "POST /wp-cron.php?doing_wp_cron=1781356246.9559409618377685546875 HTTP/1.1" 200 - "-" "WordPress/6.5.8; https://seafoodwarehouse.com.au"
63.178.84.147 - - [13/Jun/2026:23:10:46 +1000] "HEAD / HTTP/1.1" 301 - "https://www.seafoodwarehouse.com.au" "Mozilla/5.0+(compatible; UptimeRobot/2.0; http://www.uptimerobot.com/)"
160.22.78.242 - - [13/Jun/2026:23:10:48 +1000] "POST /wp-cron.php?doing_wp_cron=1781356248.1322069168090820312500 HTTP/1.1" 200 - "-" "WordPress/6.5.8; https://seafoodwarehouse.com.au"
63.178.84.147 - - [13/Jun/2026:23:10:47 +1000] "HEAD / HTTP/1.1" 200 - "https://www.seafoodwarehouse.com.au" "Mozilla/5.0+(compatible; UptimeRobot/2.0; http://www.uptimerobot.com/)"
160.22.78.242 - - [13/Jun/2026:23:11:19 +1000] "POST /wp-cron.php?doing_wp_cron=1781356279.1897990703582763671875 HTTP/1.1" 200 - "-" "WordPress/6.5.8; https://seafoodwarehouse.com.au"
2405:6e00:641:174b:44d2:7f3d:e5ae:ffef - - [13/Jun/2026:23:11:19 +1000] "POST /?wc-ajax=get_refreshed_fragments HTTP/1.1" 200 313 "https://seafoodwarehouse.com.au/" "Mozilla/5.0 (Linux; Android 10; K) AppleWebKit/537.36 (KHTML, like Gecko) Chrome/149.0.0.0 Mobile Safari/537.36"
160.22.78.242 - - [13/Jun/2026:23:11:21 +1000] "POST /wp-cron.php?doing_wp_cron=1781356280.9757490158081054687500 HTTP/1.1" 200 - "-" "WordPress/6.5.8; https://seafoodwarehouse.com.au"
107.173.9.84 - - [13/Jun/2026:23:11:20 +1000] "GET /services/ HTTP/1.1" 200 9891 "-" "Uptime-Kuma/2.0.0-beta.4"
160.22.78.242 - - [13/Jun/2026:23:11:25 +1000] "POST /wp-cron.php?doing_wp_cron=1781356285.7467410564422607421875 HTTP/1.1" 200 - "-" "WordPress/6.5.8; https://seafoodwarehouse.com.au"
43.157.148.38 - - [13/Jun/2026:23:11:25 +1000] "GET /product-category/on-the-water/ HTTP/1.1" 200 9453 "-" "Mozilla/5.0 (iPhone; CPU iPhone OS 13_2_3 like Mac OS X) AppleWebKit/605.1.15 (KHTML, like Gecko) Version/13.0.3 Mobile/15E148 Safari/604.1"
160.22.78.242 - - [13/Jun/2026:23:11:30 +1000] "POST /wp-cron.php?doing_wp_cron=1781356290.4382019042968750000000 HTTP/1.1" 200 - "-" "WordPress/6.5.8; https://seafoodwarehouse.com.au"
160.22.78.242 - - [13/Jun/2026:23:12:02 +1000] "POST /wp-cron.php?doing_wp_cron=1781356322.8975501060485839843750 HTTP/1.1" 200 - "-" "WordPress/6.5.8; https://seafoodwarehouse.com.au"
45.63.28.202 - - [13/Jun/2026:23:12:02 +1000] "GET /services/ HTTP/1.1" 200 9944 "-" "Mozilla/5.0 (Windows NT 10.0; Win64; x64) AppleWebKit/537.36 (KHTML, like Gecko) Chrome/89.0.4389.128 Safari/537.36"
107.173.9.84 - - [13/Jun/2026:23:12:20 +1000] "GET /services/ HTTP/1.1" 200 9948 "-" "Uptime-Kuma/2.0.0-beta.4"
160.22.78.242 - - [13/Jun/2026:23:12:41 +1000] "POST /wp-cron.php?doing_wp_cron=1781356361.6602730751037597656250 HTTP/1.1" 200 - "-" "WordPress/6.5.8; https://seafoodwarehouse.com.au"
46.22.216.11 - - [13/Jun/2026:23:12:41 +1000] "GET / HTTP/1.1" 200 97444 "-" "Mozilla/5.0"
87.106.70.198 - - [13/Jun/2026:23:12:59 +1000] "GET /wp-login.php HTTP/1.1" 200 2244 "-" "Mozilla/5.0 (Windows NT 10.0; Win64; x64; rv:133.0) Gecko/20100101 Firefox/133.0"
87.106.70.198 - - [13/Jun/2026:23:13:00 +1000] "POST /wp-login.php HTTP/1.1" 503 7066 "https://seafoodwarehouse.aussieseafoodhouse.com.au/wp-login.php" "Mozilla/5.0 (Windows NT 10.0; Win64; x64; rv:133.0) Gecko/20100101 Firefox/133.0"
107.173.9.84 - - [13/Jun/2026:23:13:20 +1000] "GET /services/ HTTP/1.1" 200 9881 "-" "Uptime-Kuma/2.0.0-beta.4"
160.22.78.242 - - [13/Jun/2026:23:13:40 +1000] "POST /wp-cron.php?doing_wp_cron=1781356420.6574199199676513671875 HTTP/1.1" 200 - "-" "WordPress/6.5.8; https://seafoodwarehouse.com.au"
2a03:2880:10ff:f:: - - [13/Jun/2026:23:13:40 +1000] "GET /meta.json HTTP/1.1" 404 8111 "-" "facebookexternalhit/1.1 (+http://www.facebook.com/externalhit_uatext.php)"
57.129.139.60 - - [13/Jun/2026:23:13:41 +1000] "GET /product/salt-10-kg/?add-to-cart=231 HTTP/1.1" 200 12969 "-" "Mozilla/5.0 (Windows NT 10.0; Win64; x64) AppleWebKit/537.36 (KHTML, like Gecko) Chrome/139.0.0.0 Safari/537.36"
217.182.79.131 - - [13/Jun/2026:23:13:42 +1000] "GET /product/salt-10-kg/?add-to-cart=199 HTTP/1.1" 200 12966 "-" "Mozilla/5.0 (Windows NT 10.0; Win64; x64) AppleWebKit/537.36 (KHTML, like Gecko) Chrome/139.0.0.0 Safari/537.36"
57.129.139.103 - - [13/Jun/2026:23:13:43 +1000] "GET /product/large-tassie-arrow-squid/?add-to-cart=2090 HTTP/1.1" 200 12716 "-" "Mozilla/5.0 (Windows NT 10.0; Win64; x64) AppleWebKit/537.36 (KHTML, like Gecko) Chrome/139.0.0.0 Safari/537.36"
45.63.28.202 - - [13/Jun/2026:23:14:02 +1000] "GET /services/ HTTP/1.1" 200 9953 "-" "Mozilla/5.0 (Windows NT 10.0; Win64; x64) AppleWebKit/537.36 (KHTML, like Gecko) Chrome/89.0.4389.128 Safari/537.36"
107.173.9.84 - - [13/Jun/2026:23:14:20 +1000] "GET /services/ HTTP/1.1" 200 9940 "-" "Uptime-Kuma/2.0.0-beta.4"
160.22.78.242 - - [13/Jun/2026:23:14:42 +1000] "POST /wp-cron.php?doing_wp_cron=1781356482.1673119068145751953125 HTTP/1.1" 200 - "-" "WordPress/6.5.8; https://seafoodwarehouse.com.au"
46.22.216.11 - - [13/Jun/2026:23:14:41 +1000] "GET / HTTP/1.1" 200 97419 "-" "Mozilla/5.0"
119.195.102.159 - - [13/Jun/2026:23:14:51 +1000] "GET /wp-login.php HTTP/1.1" 200 2244 "-" "Mozilla/5.0 (X11; Fedora; Linux x86_64) AppleWebKit/537.36 (KHTML, like Gecko) Chrome/133.0.0.0 Safari/537.36"
