107.173.9.84 - - [13/Jun/2026:23:57:21 +1000] "GET /services/ HTTP/1.1" 200 9943 "-" "Uptime-Kuma/2.0.0-beta.4"
160.22.78.242 - - [13/Jun/2026:23:58:03 +1000] "POST /wp-cron.php?doing_wp_cron=1781359083.3359160423278808593750 HTTP/1.1" 200 - "-" "WordPress/6.5.8; https://seafoodwarehouse.com.au"
45.63.28.202 - - [13/Jun/2026:23:58:03 +1000] "GET /services/ HTTP/1.1" 200 9948 "-" "Mozilla/5.0 (Windows NT 10.0; Win64; x64) AppleWebKit/537.36 (KHTML, like Gecko) Chrome/89.0.4389.128 Safari/537.36"
107.173.9.84 - - [13/Jun/2026:23:58:21 +1000] "GET /services/ HTTP/1.1" 200 9932 "-" "Uptime-Kuma/2.0.0-beta.4"
160.22.78.242 - - [13/Jun/2026:23:58:35 +1000] "POST /wp-cron.php?doing_wp_cron=1781359115.2503650188446044921875 HTTP/1.1" 200 - "-" "WordPress/6.5.8; https://seafoodwarehouse.com.au"
52.173.162.97 - - [13/Jun/2026:23:58:35 +1000] "GET /wp-content/plugins/updraftplus/readme.txt HTTP/1.1" 404 8113 "-" "Python/3.12 aiohttp/3.14.1"
46.22.216.11 - - [13/Jun/2026:23:58:46 +1000] "GET / HTTP/1.1" 200 97425 "-" "Mozilla/5.0"
160.22.78.242 - - [13/Jun/2026:23:59:21 +1000] "POST /wp-cron.php?doing_wp_cron=1781359161.6285550594329833984375 HTTP/1.1" 200 - "-" "WordPress/6.5.8; https://seafoodwarehouse.com.au"
107.173.9.84 - - [13/Jun/2026:23:59:21 +1000] "GET /services/ HTTP/1.1" 200 9941 "-" "Uptime-Kuma/2.0.0-beta.4"
40.81.1.83 - - [13/Jun/2026:23:59:24 +1000] "GET /product/double-crunch-spicy-prawn/?add-to-cart=1702 HTTP/1.1" 200 12757 "-" "Mozilla/5.0 (Windows NT 10.0; Win64; x64) AppleWebKit/537.36 (KHTML, like Gecko) Chrome/133.0.0.0 Safari/537.36"
160.22.78.242 - - [14/Jun/2026:00:00:03 +1000] "POST /wp-cron.php?doing_wp_cron=1781359203.3870270252227783203125 HTTP/1.1" 200 - "-" "WordPress/6.5.8; https://seafoodwarehouse.com.au"
45.63.28.202 - - [14/Jun/2026:00:00:03 +1000] "GET /services/ HTTP/1.1" 200 9949 "-" "Mozilla/5.0 (Windows NT 10.0; Win64; x64) AppleWebKit/537.36 (KHTML, like Gecko) Chrome/89.0.4389.128 Safari/537.36"
107.173.9.84 - - [14/Jun/2026:00:00:21 +1000] "GET /services/ HTTP/1.1" 200 9949 "-" "Uptime-Kuma/2.0.0-beta.4"
2001:8004:6f51:8496:250a:d27b:96b2:fd33 - - [14/Jun/2026:00:00:23 +1000] "POST /?wc-ajax=get_refreshed_fragments HTTP/1.1" 200 313 "https://seafoodwarehouse.com.au/" "Mozilla/5.0 (iPhone; CPU iPhone OS 18_7 like Mac OS X) AppleWebKit/605.1.15 (KHTML, like Gecko) Version/26.5 Mobile/15E148 Safari/604.1"
160.22.78.242 - - [14/Jun/2026:00:00:38 +1000] "POST /wp-cron.php?doing_wp_cron=1781359238.4309511184692382812500 HTTP/1.1" 200 - "-" "WordPress/6.5.8; https://seafoodwarehouse.com.au"
2001:8004:6f51:8496:250a:d27b:96b2:fd33 - - [14/Jun/2026:00:00:38 +1000] "POST /?wc-ajax=get_refreshed_fragments HTTP/1.1" 200 313 "https://seafoodwarehouse.com.au/" "Mozilla/5.0 (iPhone; CPU iPhone OS 18_7 like Mac OS X) AppleWebKit/605.1.15 (KHTML, like Gecko) Version/26.5 Mobile/15E148 Safari/604.1"
2001:8004:6f51:8496:250a:d27b:96b2:fd33 - - [14/Jun/2026:00:00:47 +1000] "POST /?wc-ajax=get_refreshed_fragments HTTP/1.1" 200 313 "https://seafoodwarehouse.com.au/" "Mozilla/5.0 (iPhone; CPU iPhone OS 18_7 like Mac OS X) AppleWebKit/605.1.15 (KHTML, like Gecko) Version/26.5 Mobile/15E148 Safari/604.1"
46.22.216.11 - - [14/Jun/2026:00:00:46 +1000] "GET / HTTP/1.1" 200 97428 "-" "Mozilla/5.0"
2001:8004:6f51:8496:250a:d27b:96b2:fd33 - - [14/Jun/2026:00:01:08 +1000] "POST /?wc-ajax=get_refreshed_fragments HTTP/1.1" 200 313 "https://seafoodwarehouse.com.au/" "Mozilla/5.0 (iPhone; CPU iPhone OS 18_7 like Mac OS X) AppleWebKit/605.1.15 (KHTML, like Gecko) Version/26.5 Mobile/15E148 Safari/604.1"
23.101.206.172 - - [14/Jun/2026:00:01:11 +1000] "GET /product/double-crunch-spicy-prawn/?add-to-cart=231 HTTP/1.1" 200 12723 "-" "Mozilla/5.0 (X11; Linux x86_64) AppleWebKit/537.36 (KHTML, like Gecko) Chrome/133.0.0.0 Safari/537.36"
107.173.9.84 - - [14/Jun/2026:00:01:21 +1000] "GET /services/ HTTP/1.1" 200 9951 "-" "Uptime-Kuma/2.0.0-beta.4"
2001:8004:6f51:8496:250a:d27b:96b2:fd33 - - [14/Jun/2026:00:01:26 +1000] "POST /?wc-ajax=get_refreshed_fragments HTTP/1.1" 200 313 "https://seafoodwarehouse.com.au/" "Mozilla/5.0 (iPhone; CPU iPhone OS 18_7 like Mac OS X) AppleWebKit/605.1.15 (KHTML, like Gecko) Version/26.5 Mobile/15E148 Safari/604.1"
160.22.78.242 - - [14/Jun/2026:00:01:54 +1000] "POST /wp-cron.php?doing_wp_cron=1781359314.0175139904022216796875 HTTP/1.1" 200 - "-" "WordPress/6.5.8; https://seafoodwarehouse.com.au"
128.140.41.193 - - [14/Jun/2026:00:01:53 +1000] "HEAD / HTTP/1.1" 301 - "https://www.seafoodwarehouse.com.au" "Mozilla/5.0+(compatible; UptimeRobot/2.0; http://www.uptimerobot.com/)"
128.140.41.193 - - [14/Jun/2026:00:01:54 +1000] "HEAD / HTTP/1.1" 200 - "https://www.seafoodwarehouse.com.au" "Mozilla/5.0+(compatible; UptimeRobot/2.0; http://www.uptimerobot.com/)"
160.22.78.242 - - [14/Jun/2026:00:02:03 +1000] "POST /wp-cron.php?doing_wp_cron=1781359323.3444631099700927734375 HTTP/1.1" 200 - "-" "WordPress/6.5.8; https://seafoodwarehouse.com.au"
45.63.28.202 - - [14/Jun/2026:00:02:03 +1000] "GET /services/ HTTP/1.1" 200 9950 "-" "Mozilla/5.0 (Windows NT 10.0; Win64; x64) AppleWebKit/537.36 (KHTML, like Gecko) Chrome/89.0.4389.128 Safari/537.36"
108.179.194.55 - - [14/Jun/2026:00:02:11 +1000] "GET /wp-login.php HTTP/1.1" 200 2244 "-" "Mozilla/5.0 (Windows NT 10.0; Win64; x64) AppleWebKit/537.36 (KHTML, like Gecko) Chrome/120.0.0.0 Safari/537.36"
129.226.193.122 - - [14/Jun/2026:00:02:17 +1000] "GET /product/aussie-nth-kings-26-80-kg-5kg-buy/?add-to-cart=3220 HTTP/1.1" 200 13094 "-" "Mozilla/5.0 (iPhone; CPU iPhone OS 13_2_3 like Mac OS X) AppleWebKit/605.1.15 (KHTML, like Gecko) Version/13.0.3 Mobile/15E148 Safari/604.1"
107.173.9.84 - - [14/Jun/2026:00:02:21 +1000] "GET /services/ HTTP/1.1" 200 9943 "-" "Uptime-Kuma/2.0.0-beta.4"
2001:8004:6f51:8496:250a:d27b:96b2:fd33 - - [14/Jun/2026:00:02:23 +1000] "POST /?wc-ajax=get_refreshed_fragments HTTP/1.1" 200 313 "https://seafoodwarehouse.com.au/" "Mozilla/5.0 (iPhone; CPU iPhone OS 18_7 like Mac OS X) AppleWebKit/605.1.15 (KHTML, like Gecko) Version/26.5 Mobile/15E148 Safari/604.1"
2a03:2880:7ff:52:: - - [14/Jun/2026:00:02:27 +1000] "GET /product/fresh-finny-scads-4-60/ HTTP/1.1" 301 - "-" "facebookexternalhit/1.1 (+http://www.facebook.com/externalhit_uatext.php)"
2a03:2880:7ff:52:: - - [14/Jun/2026:00:02:28 +1000] "GET /?post_type=product&p=34519 HTTP/1.1" 404 8105 "-" "facebookexternalhit/1.1 (+http://www.facebook.com/externalhit_uatext.php)"
66.249.66.162 - - [14/Jun/2026:00:02:31 +1000] "GET /wp-content/uploads/file-manager/log.txt HTTP/1.1" 200 125780 "-" "Mozilla/5.0 (Linux; Android 6.0.1; Nexus 5X Build/MMB29P) AppleWebKit/537.36 (KHTML, like Gecko) Chrome/148.0.7778.96 Mobile Safari/537.36 (compatible; Googlebot/2.1; +http://www.google.com/bot.html)"
160.22.78.242 - - [14/Jun/2026:00:02:46 +1000] "POST /wp-cron.php?doing_wp_cron=1781359366.5731110572814941406250 HTTP/1.1" 200 - "-" "WordPress/6.5.8; https://seafoodwarehouse.com.au"
46.22.216.11 - - [14/Jun/2026:00:02:46 +1000] "GET / HTTP/1.1" 200 97448 "-" "Mozilla/5.0"
107.173.9.84 - - [14/Jun/2026:00:03:21 +1000] "GET /services/ HTTP/1.1" 200 9952 "-" "Uptime-Kuma/2.0.0-beta.4"
160.22.78.242 - - [14/Jun/2026:00:04:03 +1000] "POST /wp-cron.php?doing_wp_cron=1781359443.4193239212036132812500 HTTP/1.1" 200 - "-" "WordPress/6.5.8; https://seafoodwarehouse.com.au"
45.63.28.202 - - [14/Jun/2026:00:04:03 +1000] "GET /services/ HTTP/1.1" 200 9946 "-" "Mozilla/5.0 (Windows NT 10.0; Win64; x64) AppleWebKit/537.36 (KHTML, like Gecko) Chrome/89.0.4389.128 Safari/537.36"
107.173.9.84 - - [14/Jun/2026:00:04:21 +1000] "GET /services/ HTTP/1.1" 200 9933 "-" "Uptime-Kuma/2.0.0-beta.4"
160.22.78.242 - - [14/Jun/2026:00:04:47 +1000] "POST /wp-cron.php?doing_wp_cron=1781359487.3600881099700927734375 HTTP/1.1" 200 - "-" "WordPress/6.5.8; https://seafoodwarehouse.com.au"
46.22.216.11 - - [14/Jun/2026:00:04:47 +1000] "GET / HTTP/1.1" 200 97428 "-" "Mozilla/5.0"
152.55.184.156 - - [14/Jun/2026:00:04:48 +1000] "GET /products.json?limit=1&page=1 HTTP/1.1" 404 8105 "-" "outboundbuddy-enrichment/1.0 (+jamie@outboundbuddy.com)"
107.173.9.84 - - [14/Jun/2026:00:05:21 +1000] "GET /services/ HTTP/1.1" 200 9955 "-" "Uptime-Kuma/2.0.0-beta.4"
172.184.178.97 - - [14/Jun/2026:00:05:30 +1000] "GET /product/crumbed-seafood-sticks/?add-to-cart=7887 HTTP/1.1" 200 12994 "-" "Mozilla/5.0 (Macintosh; Intel Mac OS X 10_15_7) AppleWebKit/537.36 (KHTML, like Gecko) Chrome/133.0.0.0 Safari/537.36"
175.176.16.113 - - [14/Jun/2026:00:05:59 +1000] "GET /wp-content/uploads/2018/08/calamarichip-300x300.jpg HTTP/1.1" 200 22676 "-" "Opera/9.63.(X11; Linux i686; mn-MN) Presto/2.9.170 Version/11.00"
160.22.78.242 - - [14/Jun/2026:00:06:02 +1000] "POST /wp-cron.php?doing_wp_cron=1781359562.3439478874206542968750 HTTP/1.1" 200 - "-" "WordPress/6.5.8; https://seafoodwarehouse.com.au"
40.77.167.53 - - [14/Jun/2026:00:06:02 +1000] "GET /?s=%E0%B9%82%E0%B8%AB%E0%B8%A5%E0%B8%94+antivirus+%E0%B8%9F%E0%B8%A3%E0%B8%B5+%E0%B8%96%E0%B8%B2%E0%B8%A7%E0%B8%A3&post_type=product HTTP/1.1" 200 9709 "-" "Mozilla/5.0 AppleWebKit/537.36 (KHTML, like Gecko; compatible; bingbot/2.0; +http://www.bing.com/bingbot.htm) Chrome/116.0.1938.76 Safari/537.36"
45.63.28.202 - - [14/Jun/2026:00:06:03 +1000] "GET /services/ HTTP/1.1" 200 9946 "-" "Mozilla/5.0 (Windows NT 10.0; Win64; x64) AppleWebKit/537.36 (KHTML, like Gecko) Chrome/89.0.4389.128 Safari/537.36"
107.173.9.84 - - [14/Jun/2026:00:06:21 +1000] "GET /services/ HTTP/1.1" 200 9953 "-" "Uptime-Kuma/2.0.0-beta.4"
160.22.78.242 - - [14/Jun/2026:00:06:50 +1000] "POST /wp-cron.php?doing_wp_cron=1781359610.4929049015045166015625 HTTP/1.1" 200 - "-" "WordPress/6.5.8; https://seafoodwarehouse.com.au"
46.22.216.11 - - [14/Jun/2026:00:06:50 +1000] "GET / HTTP/1.1" 200 97431 "-" "Mozilla/5.0"
49.13.167.123 - - [14/Jun/2026:00:06:58 +1000] "HEAD / HTTP/1.1" 301 - "https://www.seafoodwarehouse.com.au" "Mozilla/5.0+(compatible; UptimeRobot/2.0; http://www.uptimerobot.com/)"
49.13.167.123 - - [14/Jun/2026:00:06:59 +1000] "HEAD / HTTP/1.1" 200 - "https://www.seafoodwarehouse.com.au" "Mozilla/5.0+(compatible; UptimeRobot/2.0; http://www.uptimerobot.com/)"
107.173.9.84 - - [14/Jun/2026:00:07:21 +1000] "GET /services/ HTTP/1.1" 200 9947 "-" "Uptime-Kuma/2.0.0-beta.4"
160.22.78.242 - - [14/Jun/2026:00:08:03 +1000] "POST /wp-cron.php?doing_wp_cron=1781359683.4334919452667236328125 HTTP/1.1" 200 - "-" "WordPress/6.5.8; https://seafoodwarehouse.com.au"
45.63.28.202 - - [14/Jun/2026:00:08:03 +1000] "GET /services/ HTTP/1.1" 200 9942 "-" "Mozilla/5.0 (Windows NT 10.0; Win64; x64) AppleWebKit/537.36 (KHTML, like Gecko) Chrome/89.0.4389.128 Safari/537.36"
107.173.9.84 - - [14/Jun/2026:00:08:21 +1000] "GET /services/ HTTP/1.1" 200 9946 "-" "Uptime-Kuma/2.0.0-beta.4"
160.22.78.242 - - [14/Jun/2026:00:08:51 +1000] "POST /wp-cron.php?doing_wp_cron=1781359730.9725959300994873046875 HTTP/1.1" 200 - "-" "WordPress/6.5.8; https://seafoodwarehouse.com.au"
46.22.216.11 - - [14/Jun/2026:00:08:50 +1000] "GET / HTTP/1.1" 200 97424 "-" "Mozilla/5.0"
149.28.167.253 - - [14/Jun/2026:00:09:13 +1000] "GET /wp-login.php HTTP/1.1" 200 2245 "-" "Mozilla/5.0 (Windows NT 10.0; Win64; x64) AppleWebKit/537.36 (KHTML, like Gecko) Chrome/120.0.0.0 Safari/537.36"
149.28.167.253 - - [14/Jun/2026:00:09:13 +1000] "POST /wp-login.php HTTP/1.1" 503 7067 "https://seafoodwarehouse.aussieseafoodhouse.com.au/wp-login.php" "Mozilla/5.0 (Windows NT 10.0; Win64; x64) AppleWebKit/537.36 (KHTML, like Gecko) Chrome/120.0.0.0 Safari/537.36"
45.63.28.202 - - [14/Jun/2026:00:09:16 +1000] "GET /services/ HTTP/1.1" 200 9944 "-" "Mozilla/5.0 (Windows NT 10.0; Win64; x64) AppleWebKit/537.36 (KHTML, like Gecko) Chrome/89.0.4389.128 Safari/537.36"
107.173.9.84 - - [14/Jun/2026:00:09:21 +1000] "GET /services/ HTTP/1.1" 200 9948 "-" "Uptime-Kuma/2.0.0-beta.4"
160.22.78.242 - - [14/Jun/2026:00:09:41 +1000] "POST /wp-cron.php?doing_wp_cron=1781359781.5898919105529785156250 HTTP/1.1" 200 - "-" "WordPress/6.5.8; https://seafoodwarehouse.com.au"
34.205.170.13 - - [14/Jun/2026:00:09:41 +1000] "GET /wp-json/wp/v2/product/2524 HTTP/1.1" 200 1108 "-" "Mozilla/5.0 AppleWebKit/537.36 (KHTML, like Gecko; compatible; Amazonbot/0.1; +https://developer.amazon.com/support/amazonbot) Chrome/119.0.6045.214 Safari/537.36"
160.22.78.242 - - [14/Jun/2026:00:10:23 +1000] "POST /wp-cron.php?doing_wp_cron=1781359823.2308170795440673828125 HTTP/1.1" 200 - "-" "WordPress/6.5.8; https://seafoodwarehouse.com.au"
107.173.9.84 - - [14/Jun/2026:00:10:21 +1000] "GET /services/ HTTP/1.1" 200 9947 "-" "Uptime-Kuma/2.0.0-beta.4"
160.22.78.242 - - [14/Jun/2026:00:10:45 +1000] "POST /wp-cron.php?doing_wp_cron=1781359845.6101920604705810546875 HTTP/1.1" 200 - "-" "WordPress/6.5.8; https://seafoodwarehouse.com.au"
107.189.30.86 - - [14/Jun/2026:00:10:45 +1000] "GET / HTTP/1.1" 200 14529 "https://seafoodwarehouse.com.au" "Mozilla/5.0 (Macintosh; Intel Mac OS X 15_5) AppleWebKit/537.36 (KHTML, like Gecko) Chrome/147.0.0.0 YaBrowser/26.1.0.0 Yowser/2.5 Safari/537.36"
46.22.216.11 - - [14/Jun/2026:00:10:51 +1000] "GET / HTTP/1.1" 200 97434 "-" "Mozilla/5.0"
45.63.28.202 - - [14/Jun/2026:00:11:16 +1000] "GET /services/ HTTP/1.1" 200 9944 "-" "Mozilla/5.0 (Windows NT 10.0; Win64; x64) AppleWebKit/537.36 (KHTML, like Gecko) Chrome/89.0.4389.128 Safari/537.36"
107.173.9.84 - - [14/Jun/2026:00:11:21 +1000] "GET /services/ HTTP/1.1" 200 9950 "-" "Uptime-Kuma/2.0.0-beta.4"
160.22.78.242 - - [14/Jun/2026:00:12:03 +1000] "POST /wp-cron.php?doing_wp_cron=1781359923.6672101020812988281250 HTTP/1.1" 200 - "-" "WordPress/6.5.8; https://seafoodwarehouse.com.au"
152.55.184.112 - - [14/Jun/2026:00:12:01 +1000] "GET /products.json?limit=1&page=1 HTTP/1.1" 404 8103 "-" "outboundbuddy-enrichment/1.0 (+jamie@outboundbuddy.com)"
78.46.215.1 - - [14/Jun/2026:00:12:05 +1000] "HEAD / HTTP/1.1" 301 - "https://www.seafoodwarehouse.com.au" "Mozilla/5.0+(compatible; UptimeRobot/2.0; http://www.uptimerobot.com/)"
78.46.215.1 - - [14/Jun/2026:00:12:06 +1000] "HEAD / HTTP/1.1" 200 - "https://www.seafoodwarehouse.com.au" "Mozilla/5.0+(compatible; UptimeRobot/2.0; http://www.uptimerobot.com/)"
107.173.9.84 - - [14/Jun/2026:00:12:21 +1000] "GET /services/ HTTP/1.1" 200 9944 "-" "Uptime-Kuma/2.0.0-beta.4"
43.159.152.187 - - [14/Jun/2026:00:12:33 +1000] "GET /product-category/on-the-water/feed/ HTTP/1.1" 200 1863 "-" "Mozilla/5.0 (iPhone; CPU iPhone OS 13_2_3 like Mac OS X) AppleWebKit/605.1.15 (KHTML, like Gecko) Version/13.0.3 Mobile/15E148 Safari/604.1"
160.22.78.242 - - [14/Jun/2026:00:12:40 +1000] "POST /wp-cron.php?doing_wp_cron=1781359960.7305450439453125000000 HTTP/1.1" 200 - "-" "WordPress/6.5.8; https://seafoodwarehouse.com.au"
20.66.56.45 - - [14/Jun/2026:00:12:40 +1000] "GET /product/boney-bream-2-40-5kg/?add-to-cart=29669 HTTP/1.1" 200 12620 "-" "Mozilla/5.0 (Macintosh; Intel Mac OS X 10_15_7) AppleWebKit/605.1.15 (KHTML, like Gecko) Version/16.0 Safari/605.1.15"
46.22.216.11 - - [14/Jun/2026:00:12:51 +1000] "GET / HTTP/1.1" 200 97431 "-" "Mozilla/5.0"
2001:8004:6f51:8496:250a:d27b:96b2:fd33 - - [14/Jun/2026:00:12:53 +1000] "POST /?wc-ajax=get_refreshed_fragments HTTP/1.1" 200 313 "https://seafoodwarehouse.com.au/" "Mozilla/5.0 (iPhone; CPU iPhone OS 18_7 like Mac OS X) AppleWebKit/605.1.15 (KHTML, like Gecko) Version/26.5 Mobile/15E148 Safari/604.1"
45.63.28.202 - - [14/Jun/2026:00:13:15 +1000] "GET /services/ HTTP/1.1" 200 9949 "-" "Mozilla/5.0 (Windows NT 10.0; Win64; x64) AppleWebKit/537.36 (KHTML, like Gecko) Chrome/89.0.4389.128 Safari/537.36"
107.173.9.84 - - [14/Jun/2026:00:13:21 +1000] "GET /services/ HTTP/1.1" 200 9943 "-" "Uptime-Kuma/2.0.0-beta.4"
180.190.165.146 - - [14/Jun/2026:00:13:28 +1000] "GET /wp-content/uploads/2016/11/barra-2-600x399.jpg HTTP/1.1" 200 42498 "-" "Mozilla/5.0 (compatible; MSIE 7.0; Windows NT 5.2; Trident/4.1)"
213.171.208.62 - - [14/Jun/2026:00:13:31 +1000] "GET /wp-login.php HTTP/1.1" 200 2244 "-" "Mozilla/5.0 (X11; CrOS x86_64 14541.0.0) AppleWebKit/537.36 (KHTML, like Gecko) Chrome/133.0.0.0 Safari/537.36"
213.171.208.62 - - [14/Jun/2026:00:13:33 +1000] "POST /wp-login.php HTTP/1.1" 503 7067 "https://www.seafoodwarehouse.com.au/wp-login.php" "Mozilla/5.0 (X11; CrOS x86_64 14541.0.0) AppleWebKit/537.36 (KHTML, like Gecko) Chrome/133.0.0.0 Safari/537.36"
160.22.78.242 - - [14/Jun/2026:00:14:23 +1000] "POST /wp-cron.php?doing_wp_cron=1781360063.2691690921783447265625 HTTP/1.1" 200 - "-" "WordPress/6.5.8; https://seafoodwarehouse.com.au"
107.173.9.84 - - [14/Jun/2026:00:14:21 +1000] "GET /services/ HTTP/1.1" 200 9941 "-" "Uptime-Kuma/2.0.0-beta.4"
2001:8004:13c3:40b8:609b:157a:b8d0:ba98 - - [14/Jun/2026:00:14:31 +1000] "GET /wp-content/uploads/2017/10/diverwhiting-600.jpg HTTP/1.1" 200 461852 "https://www.google.com/" "Mozilla/5.0 (Linux; Android 10; K) AppleWebKit/537.36 (KHTML, like Gecko) SamsungBrowser/30.0 Chrome/143.0.0.0 Mobile Safari/537.36"
160.22.78.242 - - [14/Jun/2026:00:14:43 +1000] "POST /wp-cron.php?doing_wp_cron=1781360083.3158910274505615234375 HTTP/1.1" 200 - "-" "WordPress/6.5.8; https://seafoodwarehouse.com.au"
20.253.152.111 - - [14/Jun/2026:00:14:43 +1000] "GET /product/crumbed-bacon-cheese-sausages-3kg-box/?add-to-cart=7208 HTTP/1.1" 200 12965 "-" "Mozilla/5.0 (Macintosh; Intel Mac OS X 10_15_7) AppleWebKit/537.36 (KHTML, like Gecko) Chrome/133.0.0.0 Safari/537.36"
152.55.184.112 - - [14/Jun/2026:00:14:45 +1000] "GET / HTTP/1.1" 200 14535 "-" "outboundbuddy-enrichment/1.0 (+jamie@outboundbuddy.com)"
46.22.216.11 - - [14/Jun/2026:00:14:50 +1000] "GET / HTTP/1.1" 200 97430 "-" "Mozilla/5.0"
2a03:2880:1dff:70:: - - [14/Jun/2026:00:15:11 +1000] "GET /wp-content/uploads/2017/02/snapper-steaks600.jpg HTTP/1.1" 200 482031 "-" "facebookexternalhit/1.1 (+http://www.facebook.com/externalhit_uatext.php)"
45.63.28.202 - - [14/Jun/2026:00:15:16 +1000] "GET /services/ HTTP/1.1" 200 9951 "-" "Mozilla/5.0 (Windows NT 10.0; Win64; x64) AppleWebKit/537.36 (KHTML, like Gecko) Chrome/89.0.4389.128 Safari/537.36"
52.167.144.177 - - [14/Jun/2026:00:15:19 +1000] "GET /wp-content/uploads/2017/01/sfdsticks600.jpg HTTP/1.1" 200 231515 "-" "Mozilla/5.0 AppleWebKit/537.36 (KHTML, like Gecko; compatible; bingbot/2.0; +http://www.bing.com/bingbot.htm) Chrome/116.0.1938.76 Safari/537.36"
107.173.9.84 - - [14/Jun/2026:00:15:21 +1000] "GET /services/ HTTP/1.1" 200 9953 "-" "Uptime-Kuma/2.0.0-beta.4"
160.22.78.242 - - [14/Jun/2026:00:15:52 +1000] "POST /wp-cron.php?doing_wp_cron=1781360152.1285209655761718750000 HTTP/1.1" 200 - "-" "WordPress/6.5.8; https://seafoodwarehouse.com.au"
103.39.93.98 - - [14/Jun/2026:00:15:51 +1000] "GET /wp-login.php HTTP/1.1" 200 2243 "-" "Mozilla/5.0 (Windows NT 10.0; Win64; x64) AppleWebKit/537.36 (KHTML, like Gecko) Chrome/120.0.0.0 Safari/537.36"
103.39.93.98 - - [14/Jun/2026:00:15:52 +1000] "POST /wp-login.php HTTP/1.1" 503 7067 "https://mail.seafoodwarehouse.com.au/wp-login.php" "Mozilla/5.0 (Windows NT 10.0; Win64; x64) AppleWebKit/537.36 (KHTML, like Gecko) Chrome/120.0.0.0 Safari/537.36"
160.22.78.242 - - [14/Jun/2026:00:16:21 +1000] "POST /wp-cron.php?doing_wp_cron=1781360181.8264489173889160156250 HTTP/1.1" 200 - "-" "WordPress/6.5.8; https://seafoodwarehouse.com.au"
107.173.9.84 - - [14/Jun/2026:00:16:21 +1000] "GET /services/ HTTP/1.1" 200 9945 "-" "Uptime-Kuma/2.0.0-beta.4"
160.22.78.242 - - [14/Jun/2026:00:16:51 +1000] "POST /wp-cron.php?doing_wp_cron=1781360211.0108940601348876953125 HTTP/1.1" 200 - "-" "WordPress/6.5.8; https://seafoodwarehouse.com.au"
179.6.55.217 - - [14/Jun/2026:00:16:51 +1000] "GET /wp-content/uploads/2017/01/tilapia-300x225.jpg HTTP/1.1" 200 20804 "-" "Mozilla/5.0 (X11; Linux x86_64) AppleWebKit/535.1 (KHTML, like Gecko) Chrome/49.0.834.0 Safari/535.1"
46.22.216.11 - - [14/Jun/2026:00:16:50 +1000] "GET / HTTP/1.1" 200 97420 "-" "Mozilla/5.0"
160.22.78.242 - - [14/Jun/2026:00:17:10 +1000] "POST /wp-cron.php?doing_wp_cron=1781360230.8219959735870361328125 HTTP/1.1" 200 - "-" "WordPress/6.5.8; https://seafoodwarehouse.com.au"
52.28.162.93 - - [14/Jun/2026:00:17:10 +1000] "HEAD / HTTP/1.1" 301 - "https://www.seafoodwarehouse.com.au" "Mozilla/5.0+(compatible; UptimeRobot/2.0; http://www.uptimerobot.com/)"
52.7.13.143 - - [14/Jun/2026:00:17:11 +1000] "GET /wp-json/oembed/1.0/embed?url=https://seafoodwarehouse.com.au/product/parrot-fillets/ HTTP/1.1" 200 1164 "-" "Mozilla/5.0 AppleWebKit/537.36 (KHTML, like Gecko; compatible; Amazonbot/0.1; +https://developer.amazon.com/support/amazonbot) Chrome/119.0.6045.214 Safari/537.36"
52.28.162.93 - - [14/Jun/2026:00:17:11 +1000] "HEAD / HTTP/1.1" 200 - "https://www.seafoodwarehouse.com.au" "Mozilla/5.0+(compatible; UptimeRobot/2.0; http://www.uptimerobot.com/)"
45.63.28.202 - - [14/Jun/2026:00:17:16 +1000] "GET /services/ HTTP/1.1" 200 9949 "-" "Mozilla/5.0 (Windows NT 10.0; Win64; x64) AppleWebKit/537.36 (KHTML, like Gecko) Chrome/89.0.4389.128 Safari/537.36"
107.173.9.84 - - [14/Jun/2026:00:17:21 +1000] "GET /services/ HTTP/1.1" 200 9944 "-" "Uptime-Kuma/2.0.0-beta.4"
160.22.78.242 - - [14/Jun/2026:00:18:23 +1000] "POST /wp-cron.php?doing_wp_cron=1781360303.3519740104675292968750 HTTP/1.1" 200 - "-" "WordPress/6.5.8; https://seafoodwarehouse.com.au"
107.173.9.84 - - [14/Jun/2026:00:18:21 +1000] "GET /services/ HTTP/1.1" 200 9950 "-" "Uptime-Kuma/2.0.0-beta.4"
160.22.78.242 - - [14/Jun/2026:00:18:50 +1000] "POST /wp-cron.php?doing_wp_cron=1781360330.9619948863983154296875 HTTP/1.1" 200 - "-" "WordPress/6.5.8; https://seafoodwarehouse.com.au"
46.22.216.11 - - [14/Jun/2026:00:18:50 +1000] "GET / HTTP/1.1" 200 97419 "-" "Mozilla/5.0"
103.127.30.137 - - [14/Jun/2026:00:18:58 +1000] "GET /wp-login.php HTTP/1.1" 200 2244 "-" "Mozilla/5.0 (X11; Linux x86_64; rv:133.0) Gecko/20100101 Firefox/133.0"
103.127.30.137 - - [14/Jun/2026:00:18:59 +1000] "POST /wp-login.php HTTP/1.1" 503 7066 "https://www.seafoodwarehouse.aussieseafoodhouse.com.au/wp-login.php" "Mozilla/5.0 (X11; Linux x86_64; rv:133.0) Gecko/20100101 Firefox/133.0"
203.172.89.21 - - [14/Jun/2026:00:19:00 +1000] "GET /wp-login.php HTTP/1.1" 200 2244 "-" "Mozilla/5.0 (Windows NT 10.0; Win64; x64) AppleWebKit/537.36 (KHTML, like Gecko) Chrome/120.0.0.0 Safari/537.36"
203.172.89.21 - - [14/Jun/2026:00:19:00 +1000] "POST /wp-login.php HTTP/1.1" 503 7067 "https://seafoodwarehouse.aussieseafoodhouse.com.au/wp-login.php" "Mozilla/5.0 (Windows NT 10.0; Win64; x64) AppleWebKit/537.36 (KHTML, like Gecko) Chrome/120.0.0.0 Safari/537.36"
2001:8004:e02:6b05:58b8:fd4:542a:800d - - [14/Jun/2026:00:19:06 +1000] "GET / HTTP/1.1" 301 - "https://www.google.com/" "Mozilla/5.0 (Linux; Android 10; K) AppleWebKit/537.36 (KHTML, like Gecko) Chrome/149.0.0.0 Mobile Safari/537.36"
2001:8004:e02:6b05:58b8:fd4:542a:800d - - [14/Jun/2026:00:19:06 +1000] "GET / HTTP/1.1" 200 14521 "https://www.google.com/" "Mozilla/5.0 (Linux; Android 10; K) AppleWebKit/537.36 (KHTML, like Gecko) Chrome/149.0.0.0 Mobile Safari/537.36"
2001:8004:e02:6b05:58b8:fd4:542a:800d - - [14/Jun/2026:00:19:07 +1000] "POST /?wc-ajax=get_refreshed_fragments HTTP/1.1" 200 313 "https://seafoodwarehouse.com.au/" "Mozilla/5.0 (Linux; Android 10; K) AppleWebKit/537.36 (KHTML, like Gecko) Chrome/149.0.0.0 Mobile Safari/537.36"
54.225.81.20 - - [14/Jun/2026:00:19:15 +1000] "GET /wp-json/oembed/1.0/embed?url=https://seafoodwarehouse.com.au/product/silver-dollar/ HTTP/1.1" 200 1191 "-" "Mozilla/5.0 AppleWebKit/537.36 (KHTML, like Gecko; compatible; Amazonbot/0.1; +https://developer.amazon.com/support/amazonbot) Chrome/119.0.6045.214 Safari/537.36"
45.63.28.202 - - [14/Jun/2026:00:19:16 +1000] "GET /services/ HTTP/1.1" 200 9942 "-" "Mozilla/5.0 (Windows NT 10.0; Win64; x64) AppleWebKit/537.36 (KHTML, like Gecko) Chrome/89.0.4389.128 Safari/537.36"
107.173.9.84 - - [14/Jun/2026:00:19:21 +1000] "GET /services/ HTTP/1.1" 200 9939 "-" "Uptime-Kuma/2.0.0-beta.4"
160.22.78.242 - - [14/Jun/2026:00:19:53 +1000] "POST /wp-cron.php?doing_wp_cron=1781360393.8384211063385009765625 HTTP/1.1" 200 - "-" "WordPress/6.5.8; https://seafoodwarehouse.com.au"
124.148.68.202 - - [14/Jun/2026:00:19:53 +1000] "GET / HTTP/1.1" 200 14537 "-" "Mozilla/5.0 (iPhone; CPU iPhone OS 16_5_1 like Mac OS X) AppleWebKit/605.1.15 (KHTML, like Gecko) Version/16.5.2 Mobile/15E148 Safari/604.1"
124.148.68.202 - - [14/Jun/2026:00:19:56 +1000] "GET / HTTP/1.1" 200 14536 "-" "Mozilla/5.0 (iPhone; CPU iPhone OS 16_5_1 like Mac OS X) AppleWebKit/605.1.15 (KHTML, like Gecko) Version/16.5.2 Mobile/15E148 Safari/604.1"
107.173.9.84 - - [14/Jun/2026:00:20:21 +1000] "GET /services/ HTTP/1.1" 200 9946 "-" "Uptime-Kuma/2.0.0-beta.4"
160.22.78.242 - - [14/Jun/2026:00:20:50 +1000] "POST /wp-cron.php?doing_wp_cron=1781360450.9566509723663330078125 HTTP/1.1" 200 - "-" "WordPress/6.5.8; https://seafoodwarehouse.com.au"
46.22.216.11 - - [14/Jun/2026:00:20:50 +1000] "GET / HTTP/1.1" 200 97433 "-" "Mozilla/5.0"
45.63.28.202 - - [14/Jun/2026:00:21:16 +1000] "GET /services/ HTTP/1.1" 200 9943 "-" "Mozilla/5.0 (Windows NT 10.0; Win64; x64) AppleWebKit/537.36 (KHTML, like Gecko) Chrome/89.0.4389.128 Safari/537.36"
107.173.9.84 - - [14/Jun/2026:00:21:21 +1000] "GET /services/ HTTP/1.1" 200 9941 "-" "Uptime-Kuma/2.0.0-beta.4"
8.228.18.113 - - [14/Jun/2026:00:21:51 +1000] "GET /wp-content/uploads/2016/11/mullet-box-600x399.jpg HTTP/1.1" 200 48642 "-" "Mozilla/5.0 AppleWebKit/537.36 (KHTML, like Gecko; compatible; ReyilBot/0.1"
160.22.78.242 - - [14/Jun/2026:00:22:19 +1000] "POST /wp-cron.php?doing_wp_cron=1781360539.7861950397491455078125 HTTP/1.1" 200 - "-" "WordPress/6.5.8; https://seafoodwarehouse.com.au"
63.178.84.147 - - [14/Jun/2026:00:22:18 +1000] "HEAD / HTTP/1.1" 301 - "https://www.seafoodwarehouse.com.au" "Mozilla/5.0+(compatible; UptimeRobot/2.0; http://www.uptimerobot.com/)"
63.178.84.147 - - [14/Jun/2026:00:22:20 +1000] "HEAD / HTTP/1.1" 200 - "https://www.seafoodwarehouse.com.au" "Mozilla/5.0+(compatible; UptimeRobot/2.0; http://www.uptimerobot.com/)"
107.173.9.84 - - [14/Jun/2026:00:22:22 +1000] "GET /services/ HTTP/1.1" 200 9941 "-" "Uptime-Kuma/2.0.0-beta.4"
160.22.78.242 - - [14/Jun/2026:00:22:37 +1000] "POST /wp-cron.php?doing_wp_cron=1781360557.1940839290618896484375 HTTP/1.1" 200 - "-" "WordPress/6.5.8; https://seafoodwarehouse.com.au"
65.92.30.80 - - [14/Jun/2026:00:22:36 +1000] "GET /product/salmon21-60/ HTTP/1.1" 404 8104 "-" "Mozilla/5.0 (Macintosh; Intel Mac OS X 12_7_3) AppleWebKit/537.36 (KHTML, like Gecko) Chrome/132.0.6834.83 Safari/537.36"
46.22.216.11 - - [14/Jun/2026:00:22:54 +1000] "GET / HTTP/1.1" 200 97423 "-" "Mozilla/5.0"
209.87.149.26 - - [14/Jun/2026:00:22:59 +1000] "GET /wp-login.php HTTP/1.1" 200 2244 "-" "Mozilla/5.0 (Macintosh; Intel Mac OS X 14_7_4) AppleWebKit/537.36 (KHTML, like Gecko) Chrome/133.0.0.0 Safari/537.36"
209.87.149.26 - - [14/Jun/2026:00:23:01 +1000] "POST /wp-login.php HTTP/1.1" 503 7066 "https://seafoodwarehouse.aussieseafoodhouse.com.au/wp-login.php" "Mozilla/5.0 (Macintosh; Intel Mac OS X 14_7_4) AppleWebKit/537.36 (KHTML, like Gecko) Chrome/133.0.0.0 Safari/537.36"
45.63.28.202 - - [14/Jun/2026:00:23:16 +1000] "GET /services/ HTTP/1.1" 200 9948 "-" "Mozilla/5.0 (Windows NT 10.0; Win64; x64) AppleWebKit/537.36 (KHTML, like Gecko) Chrome/89.0.4389.128 Safari/537.36"
107.173.9.84 - - [14/Jun/2026:00:23:21 +1000] "GET /services/ HTTP/1.1" 200 9949 "-" "Uptime-Kuma/2.0.0-beta.4"
43.135.135.57 - - [14/Jun/2026:00:23:23 +1000] "GET /product/cp-prawn-cutlets-16-20/ HTTP/1.1" 200 12922 "-" "Mozilla/5.0 (iPhone; CPU iPhone OS 13_2_3 like Mac OS X) AppleWebKit/605.1.15 (KHTML, like Gecko) Version/13.0.3 Mobile/15E148 Safari/604.1"
160.22.78.242 - - [14/Jun/2026:00:24:23 +1000] "POST /wp-cron.php?doing_wp_cron=1781360663.3658421039581298828125 HTTP/1.1" 200 - "-" "WordPress/6.5.8; https://seafoodwarehouse.com.au"
107.173.9.84 - - [14/Jun/2026:00:24:21 +1000] "GET /services/ HTTP/1.1" 200 9950 "-" "Uptime-Kuma/2.0.0-beta.4"
157.15.40.76 - - [14/Jun/2026:00:24:36 +1000] "GET /wp-admin/ HTTP/1.1" 302 - "-" "Mozilla/5.0 (Windows NT 10.0; Win64; x64) AppleWebKit/537.36 (KHTML, like Gecko) Edge/119.0.2151.97"
157.15.40.76 - - [14/Jun/2026:00:24:41 +1000] "GET /wp-login.php?redirect_to=https%3A%2F%2Fseafoodwarehouse.com.au%2Fwp-admin%2F&reauth=1 HTTP/1.1" 200 2232 "-" "Mozilla/5.0 (Windows NT 10.0; Win64; x64) AppleWebKit/537.36 (KHTML, like Gecko) Edge/119.0.2151.97"
66.249.66.38 - - [14/Jun/2026:00:24:46 +1000] "GET /product/coral-trout-fillets/ HTTP/1.1" 200 6621 "-" "Mozilla/5.0 (Linux; Android 6.0.1; Nexus 5X Build/MMB29P) AppleWebKit/537.36 (KHTML, like Gecko) Chrome/148.0.7778.96 Mobile Safari/537.36 (compatible; Googlebot/2.1; +http://www.google.com/bot.html)"
46.22.216.11 - - [14/Jun/2026:00:24:54 +1000] "GET / HTTP/1.1" 200 97431 "-" "Mozilla/5.0"
45.63.28.202 - - [14/Jun/2026:00:25:16 +1000] "GET /services/ HTTP/1.1" 200 9939 "-" "Mozilla/5.0 (Windows NT 10.0; Win64; x64) AppleWebKit/537.36 (KHTML, like Gecko) Chrome/89.0.4389.128 Safari/537.36"
107.173.9.84 - - [14/Jun/2026:00:25:21 +1000] "GET /services/ HTTP/1.1" 200 9952 "-" "Uptime-Kuma/2.0.0-beta.4"
45.61.184.21 - - [14/Jun/2026:00:25:26 +1000] "POST / HTTP/1.1" 302 241 "-" "python-requests/2.34.2"
52.167.144.138 - - [14/Jun/2026:00:25:34 +1000] "GET /product/milkfish/ HTTP/1.1" 200 13043 "-" "Mozilla/5.0 AppleWebKit/537.36 (KHTML, like Gecko; compatible; bingbot/2.0; +http://www.bing.com/bingbot.htm) Chrome/116.0.1938.76 Safari/537.36"
160.22.78.242 - - [14/Jun/2026:00:25:38 +1000] "POST /wp-cron.php?doing_wp_cron=1781360738.1640300750732421875000 HTTP/1.1" 200 - "-" "WordPress/6.5.8; https://seafoodwarehouse.com.au"
51.210.146.129 - - [14/Jun/2026:00:25:37 +1000] "GET /wp-login.php HTTP/1.1" 200 2245 "-" "Mozilla/5.0 (Windows NT 10.0; Win64; x64) AppleWebKit/537.36 (KHTML, like Gecko) Chrome/120.0.0.0 Safari/537.36"
51.210.146.129 - - [14/Jun/2026:00:25:38 +1000] "POST /wp-login.php HTTP/1.1" 503 7066 "https://mail.seafoodwarehouse.com.au/wp-login.php" "Mozilla/5.0 (Windows NT 10.0; Win64; x64) AppleWebKit/537.36 (KHTML, like Gecko) Chrome/120.0.0.0 Safari/537.36"
160.22.78.242 - - [14/Jun/2026:00:26:23 +1000] "POST /wp-cron.php?doing_wp_cron=1781360783.7217381000518798828125 HTTP/1.1" 200 - "-" "WordPress/6.5.8; https://seafoodwarehouse.com.au"
107.173.9.84 - - [14/Jun/2026:00:26:21 +1000] "GET /services/ HTTP/1.1" 200 9946 "-" "Uptime-Kuma/2.0.0-beta.4"
66.249.66.38 - - [14/Jun/2026:00:26:47 +1000] "GET /product/whole-pippi-7-40/ HTTP/1.1" 200 6621 "-" "Mozilla/5.0 (Linux; Android 6.0.1; Nexus 5X Build/MMB29P) AppleWebKit/537.36 (KHTML, like Gecko) Chrome/148.0.7778.96 Mobile Safari/537.36 (compatible; Googlebot/2.1; +http://www.google.com/bot.html)"
160.22.78.242 - - [14/Jun/2026:00:26:55 +1000] "POST /wp-cron.php?doing_wp_cron=1781360815.4303820133209228515625 HTTP/1.1" 200 - "-" "WordPress/6.5.8; https://seafoodwarehouse.com.au"
46.22.216.11 - - [14/Jun/2026:00:26:55 +1000] "GET / HTTP/1.1" 200 97430 "-" "Mozilla/5.0"
83.99.206.177 - - [14/Jun/2026:00:27:14 +1000] "GET / HTTP/1.1" 200 14540 "-" "Mozilla/5.0 (X11; Linux x86_64) AppleWebKit/537.36 (KHTML, like Gecko; GeedoShopProductFinder) Chrome/142.0.0.0 Safari/537.36"
45.63.28.202 - - [14/Jun/2026:00:27:16 +1000] "GET /services/ HTTP/1.1" 200 9950 "-" "Mozilla/5.0 (Windows NT 10.0; Win64; x64) AppleWebKit/537.36 (KHTML, like Gecko) Chrome/89.0.4389.128 Safari/537.36"
107.173.9.84 - - [14/Jun/2026:00:27:21 +1000] "GET /services/ HTTP/1.1" 200 9949 "-" "Uptime-Kuma/2.0.0-beta.4"
159.69.158.189 - - [14/Jun/2026:00:27:25 +1000] "HEAD / HTTP/1.1" 301 - "https://www.seafoodwarehouse.com.au" "Mozilla/5.0+(compatible; UptimeRobot/2.0; http://www.uptimerobot.com/)"
| ver. 1.4 |
Github
|
.
| PHP 7.4.33 | Generation time: 0.01 |
proxy
|
phpinfo
|
Settings