144.134.96.85 - - [13/Jun/2026:22:38:41 +1000] "GET /wp-content/plugins/siteorigin-premium/addons/theme/ajax-comments/js/ajax-comments.min.js?ver=1.0.3 HTTP/1.1" 200 398 "https://goldcoast.aussieseafoodhouse.com.au/shop/" "Mozilla/5.0 (Macintosh; Intel Mac OS X 10_15_7) AppleWebKit/605.1.15 (KHTML, like Gecko) Version/26.5 Safari/605.1.15"
144.134.96.85 - - [13/Jun/2026:22:38:41 +1000] "GET /wp-content/uploads/sites/14/2020/07/Seafood-Fresh-click-to-shop-now-6x6-1.jpg HTTP/1.1" 200 555243 "https://goldcoast.aussieseafoodhouse.com.au/shop/" "Mozilla/5.0 (Macintosh; Intel Mac OS X 10_15_7) AppleWebKit/605.1.15 (KHTML, like Gecko) Version/26.5 Safari/605.1.15"
144.134.96.85 - - [13/Jun/2026:22:38:41 +1000] "GET /wp-content/uploads/sites/14/2020/07/Fish-Chips-shop-Now.jpg HTTP/1.1" 200 316306 "https://goldcoast.aussieseafoodhouse.com.au/shop/" "Mozilla/5.0 (Macintosh; Intel Mac OS X 10_15_7) AppleWebKit/605.1.15 (KHTML, like Gecko) Version/26.5 Safari/605.1.15"
144.134.96.85 - - [13/Jun/2026:22:38:41 +1000] "GET /wp-content/uploads/sites/14/2020/11/Capture-300x300.jpg HTTP/1.1" 200 11937 "https://goldcoast.aussieseafoodhouse.com.au/shop/" "Mozilla/5.0 (Macintosh; Intel Mac OS X 10_15_7) AppleWebKit/605.1.15 (KHTML, like Gecko) Version/26.5 Safari/605.1.15"
144.134.96.85 - - [13/Jun/2026:22:38:41 +1000] "GET /wp-content/uploads/sites/14/2020/07/recipes-click-to-view-6x6-1.jpg HTTP/1.1" 200 421565 "https://goldcoast.aussieseafoodhouse.com.au/shop/" "Mozilla/5.0 (Macintosh; Intel Mac OS X 10_15_7) AppleWebKit/605.1.15 (KHTML, like Gecko) Version/26.5 Safari/605.1.15"
144.134.96.85 - - [13/Jun/2026:22:38:41 +1000] "GET /wp-content/uploads/sites/14/2020/07/Mussels-oysters-shellfish-clicki-to-view-6x6-1.jpg HTTP/1.1" 200 238348 "https://goldcoast.aussieseafoodhouse.com.au/shop/" "Mozilla/5.0 (Macintosh; Intel Mac OS X 10_15_7) AppleWebKit/605.1.15 (KHTML, like Gecko) Version/26.5 Safari/605.1.15"
144.134.96.85 - - [13/Jun/2026:22:38:42 +1000] "GET /wp-content/uploads/sites/14/2018/10/Capalaba-6x6.jpg HTTP/1.1" 200 322313 "https://goldcoast.aussieseafoodhouse.com.au/shop/" "Mozilla/5.0 (Macintosh; Intel Mac OS X 10_15_7) AppleWebKit/605.1.15 (KHTML, like Gecko) Version/26.5 Safari/605.1.15"
144.134.96.85 - - [13/Jun/2026:22:38:42 +1000] "GET /wp-content/uploads/sites/14/2024/05/Mussels-oysters-shellfish-clicki-to-view-6x6-1.jpg HTTP/1.1" 200 238348 "https://goldcoast.aussieseafoodhouse.com.au/shop/" "Mozilla/5.0 (Macintosh; Intel Mac OS X 10_15_7) AppleWebKit/605.1.15 (KHTML, like Gecko) Version/26.5 Safari/605.1.15"
144.134.96.85 - - [13/Jun/2026:22:38:42 +1000] "GET /wp-content/uploads/sites/14/2020/07/Whole-Fish-click-to-view-3-6x6-1.jpg HTTP/1.1" 200 494020 "https://goldcoast.aussieseafoodhouse.com.au/shop/" "Mozilla/5.0 (Macintosh; Intel Mac OS X 10_15_7) AppleWebKit/605.1.15 (KHTML, like Gecko) Version/26.5 Safari/605.1.15"
144.134.96.85 - - [13/Jun/2026:22:38:42 +1000] "GET /wp-content/uploads/sites/14/2021/06/Sauces-click-to-view-6x6-1.jpg HTTP/1.1" 200 440080 "https://goldcoast.aussieseafoodhouse.com.au/shop/" "Mozilla/5.0 (Macintosh; Intel Mac OS X 10_15_7) AppleWebKit/605.1.15 (KHTML, like Gecko) Version/26.5 Safari/605.1.15"
144.134.96.85 - - [13/Jun/2026:22:38:42 +1000] "GET /wp-content/uploads/sites/14/2017/07/fishnchip45687.jpg HTTP/1.1" 200 305980 "https://goldcoast.aussieseafoodhouse.com.au/shop/" "Mozilla/5.0 (Macintosh; Intel Mac OS X 10_15_7) AppleWebKit/605.1.15 (KHTML, like Gecko) Version/26.5 Safari/605.1.15"
144.134.96.85 - - [13/Jun/2026:22:38:42 +1000] "GET /wp-content/uploads/sites/14/2020/07/Fish-fillets-click-to-view-6x6-1.jpg HTTP/1.1" 200 257403 "https://goldcoast.aussieseafoodhouse.com.au/shop/" "Mozilla/5.0 (Macintosh; Intel Mac OS X 10_15_7) AppleWebKit/605.1.15 (KHTML, like Gecko) Version/26.5 Safari/605.1.15"
144.134.96.85 - - [13/Jun/2026:22:38:42 +1000] "GET /wp-content/uploads/sites/14/2017/06/facebook.png HTTP/1.1" 200 1214 "https://goldcoast.aussieseafoodhouse.com.au/shop/" "Mozilla/5.0 (Macintosh; Intel Mac OS X 10_15_7) AppleWebKit/605.1.15 (KHTML, like Gecko) Version/26.5 Safari/605.1.15"
144.134.96.85 - - [13/Jun/2026:22:38:42 +1000] "GET /wp-content/uploads/sites/14/2020/07/Entertaining-click-to-view-6x6-1.jpg HTTP/1.1" 200 366984 "https://goldcoast.aussieseafoodhouse.com.au/shop/" "Mozilla/5.0 (Macintosh; Intel Mac OS X 10_15_7) AppleWebKit/605.1.15 (KHTML, like Gecko) Version/26.5 Safari/605.1.15"
144.134.96.85 - - [13/Jun/2026:22:38:42 +1000] "GET /wp-content/uploads/sites/14/2020/07/Whitebait-click-to-view-6x6-1.jpg HTTP/1.1" 200 342267 "https://goldcoast.aussieseafoodhouse.com.au/shop/" "Mozilla/5.0 (Macintosh; Intel Mac OS X 10_15_7) AppleWebKit/605.1.15 (KHTML, like Gecko) Version/26.5 Safari/605.1.15"
144.134.96.85 - - [13/Jun/2026:22:38:42 +1000] "GET /wp-content/uploads/sites/14/2017/07/scallopsre-1.jpg HTTP/1.1" 200 225337 "https://goldcoast.aussieseafoodhouse.com.au/shop/" "Mozilla/5.0 (Macintosh; Intel Mac OS X 10_15_7) AppleWebKit/605.1.15 (KHTML, like Gecko) Version/26.5 Safari/605.1.15"
144.134.96.85 - - [13/Jun/2026:22:38:42 +1000] "GET /wp-content/uploads/sites/14/2017/07/healthy.jpg HTTP/1.1" 200 175895 "https://goldcoast.aussieseafoodhouse.com.au/shop/" "Mozilla/5.0 (Macintosh; Intel Mac OS X 10_15_7) AppleWebKit/605.1.15 (KHTML, like Gecko) Version/26.5 Safari/605.1.15"
144.134.96.85 - - [13/Jun/2026:22:38:42 +1000] "GET /wp-content/uploads/sites/14/2019/06/DSC02616-300x300.jpg HTTP/1.1" 200 28050 "https://goldcoast.aussieseafoodhouse.com.au/shop/" "Mozilla/5.0 (Macintosh; Intel Mac OS X 10_15_7) AppleWebKit/605.1.15 (KHTML, like Gecko) Version/26.5 Safari/605.1.15"
144.134.96.85 - - [13/Jun/2026:22:38:42 +1000] "GET /wp-content/uploads/sites/14/2020/07/Salmon-everything-click-to-view-6x6-1.jpg HTTP/1.1" 200 383479 "https://goldcoast.aussieseafoodhouse.com.au/shop/" "Mozilla/5.0 (Macintosh; Intel Mac OS X 10_15_7) AppleWebKit/605.1.15 (KHTML, like Gecko) Version/26.5 Safari/605.1.15"
144.134.96.85 - - [13/Jun/2026:22:38:42 +1000] "GET /wp-content/uploads/sites/14/2021/02/Prawns-click-to-view-2-6x6-1-1.jpg HTTP/1.1" 200 499950 "https://goldcoast.aussieseafoodhouse.com.au/shop/" "Mozilla/5.0 (Macintosh; Intel Mac OS X 10_15_7) AppleWebKit/605.1.15 (KHTML, like Gecko) Version/26.5 Safari/605.1.15"
144.134.96.85 - - [13/Jun/2026:22:38:50 +1000] "GET /product-category/diy-savers-fish-chips/ HTTP/1.1" 200 18297 "https://goldcoast.aussieseafoodhouse.com.au/shop/" "Mozilla/5.0 (Macintosh; Intel Mac OS X 10_15_7) AppleWebKit/605.1.15 (KHTML, like Gecko) Version/26.5 Safari/605.1.15"
144.134.96.85 - - [13/Jun/2026:22:38:51 +1000] "GET /wp-content/uploads/sites/14/2022/10/Cheese-and-Bacon-Batt-savs.jpg HTTP/1.1" 200 353575 "https://goldcoast.aussieseafoodhouse.com.au/product-category/diy-savers-fish-chips/" "Mozilla/5.0 (Macintosh; Intel Mac OS X 10_15_7) AppleWebKit/605.1.15 (KHTML, like Gecko) Version/26.5 Safari/605.1.15"
144.134.96.85 - - [13/Jun/2026:22:38:51 +1000] "GET /wp-content/uploads/sites/14/2026/04/Fish-Chips-7-6x6-1.jpg HTTP/1.1" 200 256398 "https://goldcoast.aussieseafoodhouse.com.au/product-category/diy-savers-fish-chips/" "Mozilla/5.0 (Macintosh; Intel Mac OS X 10_15_7) AppleWebKit/605.1.15 (KHTML, like Gecko) Version/26.5 Safari/605.1.15"
144.134.96.85 - - [13/Jun/2026:22:38:51 +1000] "GET /wp-content/uploads/sites/14/2026/04/Chicko-roll.jpg HTTP/1.1" 200 351580 "https://goldcoast.aussieseafoodhouse.com.au/product-category/diy-savers-fish-chips/" "Mozilla/5.0 (Macintosh; Intel Mac OS X 10_15_7) AppleWebKit/605.1.15 (KHTML, like Gecko) Version/26.5 Safari/605.1.15"
144.134.96.85 - - [13/Jun/2026:22:38:51 +1000] "GET /wp-content/uploads/sites/14/2026/04/Chicken-Dim-Sims-Large.jpg HTTP/1.1" 200 311528 "https://goldcoast.aussieseafoodhouse.com.au/product-category/diy-savers-fish-chips/" "Mozilla/5.0 (Macintosh; Intel Mac OS X 10_15_7) AppleWebKit/605.1.15 (KHTML, like Gecko) Version/26.5 Safari/605.1.15"
144.134.96.85 - - [13/Jun/2026:22:38:51 +1000] "GET /wp-content/uploads/sites/14/woocommerce-placeholder-600x600.png HTTP/1.1" 200 40273 "https://goldcoast.aussieseafoodhouse.com.au/product-category/diy-savers-fish-chips/" "Mozilla/5.0 (Macintosh; Intel Mac OS X 10_15_7) AppleWebKit/605.1.15 (KHTML, like Gecko) Version/26.5 Safari/605.1.15"
144.134.96.85 - - [13/Jun/2026:22:38:51 +1000] "GET /wp-content/uploads/sites/14/2026/05/Chilli-Mango-Prawns2-11.jpg HTTP/1.1" 200 475744 "https://goldcoast.aussieseafoodhouse.com.au/product-category/diy-savers-fish-chips/" "Mozilla/5.0 (Macintosh; Intel Mac OS X 10_15_7) AppleWebKit/605.1.15 (KHTML, like Gecko) Version/26.5 Safari/605.1.15"
144.134.96.85 - - [13/Jun/2026:22:38:51 +1000] "GET /wp-content/uploads/sites/14/2023/03/Crab-Claws-crumbed-4-6x6-copy.jpg HTTP/1.1" 200 318328 "https://goldcoast.aussieseafoodhouse.com.au/product-category/diy-savers-fish-chips/" "Mozilla/5.0 (Macintosh; Intel Mac OS X 10_15_7) AppleWebKit/605.1.15 (KHTML, like Gecko) Version/26.5 Safari/605.1.15"
144.134.96.85 - - [13/Jun/2026:22:38:51 +1000] "GET /wp-content/uploads/sites/14/2026/03/Fish-Crumbed-8-6x6-1.jpg HTTP/1.1" 200 234675 "https://goldcoast.aussieseafoodhouse.com.au/product-category/diy-savers-fish-chips/" "Mozilla/5.0 (Macintosh; Intel Mac OS X 10_15_7) AppleWebKit/605.1.15 (KHTML, like Gecko) Version/26.5 Safari/605.1.15"
144.134.96.85 - - [13/Jun/2026:22:38:51 +1000] "GET /wp-content/uploads/sites/14/2021/09/Fishermans-Basket-4-x6-aus.jpg HTTP/1.1" 200 504566 "https://goldcoast.aussieseafoodhouse.com.au/product-category/diy-savers-fish-chips/" "Mozilla/5.0 (Macintosh; Intel Mac OS X 10_15_7) AppleWebKit/605.1.15 (KHTML, like Gecko) Version/26.5 Safari/605.1.15"
144.134.96.85 - - [13/Jun/2026:22:38:51 +1000] "GET /wp-content/uploads/sites/14/2026/04/Fish-Cakes-6x6-copy-300x300.jpg HTTP/1.1" 200 30757 "https://goldcoast.aussieseafoodhouse.com.au/product-category/diy-savers-fish-chips/" "Mozilla/5.0 (Macintosh; Intel Mac OS X 10_15_7) AppleWebKit/605.1.15 (KHTML, like Gecko) Version/26.5 Safari/605.1.15"
144.134.96.85 - - [13/Jun/2026:22:38:51 +1000] "GET /wp-content/uploads/sites/14/2026/03/Flathead-Beer-Battered-6x6-2.jpg HTTP/1.1" 200 284791 "https://goldcoast.aussieseafoodhouse.com.au/product-category/diy-savers-fish-chips/" "Mozilla/5.0 (Macintosh; Intel Mac OS X 10_15_7) AppleWebKit/605.1.15 (KHTML, like Gecko) Version/26.5 Safari/605.1.15"
144.134.96.85 - - [13/Jun/2026:22:38:51 +1000] "GET /wp-content/uploads/sites/14/2026/04/Dim-Sims-Mini-6-6x6-1.jpg HTTP/1.1" 200 228250 "https://goldcoast.aussieseafoodhouse.com.au/product-category/diy-savers-fish-chips/" "Mozilla/5.0 (Macintosh; Intel Mac OS X 10_15_7) AppleWebKit/605.1.15 (KHTML, like Gecko) Version/26.5 Safari/605.1.15"
144.134.96.85 - - [13/Jun/2026:22:38:52 +1000] "GET /wp-content/uploads/sites/14/2026/04/Mozzarella-sticks-620-x-600-300x300.jpg HTTP/1.1" 200 22032 "https://goldcoast.aussieseafoodhouse.com.au/product-category/diy-savers-fish-chips/" "Mozilla/5.0 (Macintosh; Intel Mac OS X 10_15_7) AppleWebKit/605.1.15 (KHTML, like Gecko) Version/26.5 Safari/605.1.15"
144.134.96.85 - - [13/Jun/2026:22:38:52 +1000] "GET /wp-content/uploads/sites/14/2026/04/Flathead-Crumbed-300x300.jpg HTTP/1.1" 200 19284 "https://goldcoast.aussieseafoodhouse.com.au/product-category/diy-savers-fish-chips/" "Mozilla/5.0 (Macintosh; Intel Mac OS X 10_15_7) AppleWebKit/605.1.15 (KHTML, like Gecko) Version/26.5 Safari/605.1.15"
144.134.96.85 - - [13/Jun/2026:22:38:52 +1000] "GET /wp-content/uploads/sites/14/2026/06/Potato-Scallop-3-6x6-ash-300x300.jpg HTTP/1.1" 200 26295 "https://goldcoast.aussieseafoodhouse.com.au/product-category/diy-savers-fish-chips/" "Mozilla/5.0 (Macintosh; Intel Mac OS X 10_15_7) AppleWebKit/605.1.15 (KHTML, like Gecko) Version/26.5 Safari/605.1.15"
144.134.96.85 - - [13/Jun/2026:22:38:52 +1000] "GET /wp-content/uploads/sites/14/2020/07/Dagwood-Dogs-Mini-6x6ash-5-for-5.99.jpg HTTP/1.1" 200 464422 "https://goldcoast.aussieseafoodhouse.com.au/product-category/diy-savers-fish-chips/" "Mozilla/5.0 (Macintosh; Intel Mac OS X 10_15_7) AppleWebKit/605.1.15 (KHTML, like Gecko) Version/26.5 Safari/605.1.15"
144.134.96.85 - - [13/Jun/2026:22:39:31 +1000] "GET /product/flathead-beer-batter-3-kg-2/ HTTP/1.1" 200 19629 "https://goldcoast.aussieseafoodhouse.com.au/product-category/diy-savers-fish-chips/" "Mozilla/5.0 (Macintosh; Intel Mac OS X 10_15_7) AppleWebKit/605.1.15 (KHTML, like Gecko) Version/26.5 Safari/605.1.15"
144.134.96.85 - - [13/Jun/2026:22:39:31 +1000] "GET /wp-content/uploads/sites/14/2023/03/SALT-PEPPER-SQUID-6x6-copy.jpg HTTP/1.1" 200 318460 "https://goldcoast.aussieseafoodhouse.com.au/product/flathead-beer-batter-3-kg-2/" "Mozilla/5.0 (Macintosh; Intel Mac OS X 10_15_7) AppleWebKit/605.1.15 (KHTML, like Gecko) Version/26.5 Safari/605.1.15"
144.134.96.85 - - [13/Jun/2026:22:39:31 +1000] "GET /wp-content/uploads/sites/14/2021/06/Seafood-Salad-Rolls-009-6x6-1.jpg HTTP/1.1" 200 345731 "https://goldcoast.aussieseafoodhouse.com.au/product/flathead-beer-batter-3-kg-2/" "Mozilla/5.0 (Macintosh; Intel Mac OS X 10_15_7) AppleWebKit/605.1.15 (KHTML, like Gecko) Version/26.5 Safari/605.1.15"
144.134.96.85 - - [13/Jun/2026:22:39:32 +1000] "GET /wp-content/uploads/sites/14/2026/04/Squid-Spiced-strips-6x6-1.jpg HTTP/1.1" 200 383816 "https://goldcoast.aussieseafoodhouse.com.au/product/flathead-beer-batter-3-kg-2/" "Mozilla/5.0 (Macintosh; Intel Mac OS X 10_15_7) AppleWebKit/605.1.15 (KHTML, like Gecko) Version/26.5 Safari/605.1.15"
160.22.78.242 - - [13/Jun/2026:22:40:53 +1000] "POST /wp-cron.php?doing_wp_cron=1781354453.3291869163513183593750 HTTP/1.1" 200 - "https://goldcoast.aussieseafoodhouse.com.au/wp-cron.php?doing_wp_cron=1781354453.3291869163513183593750" "WordPress/5.5.18; https://goldcoast.aussieseafoodhouse.com.au"
65.55.210.122 - - [13/Jun/2026:22:40:51 +1000] "POST /?wc-ajax=get_refreshed_fragments HTTP/1.1" 200 161 "https://goldcoast.aussieseafoodhouse.com.au/product/5-minute-fish-marinade/" "Mozilla/5.0 AppleWebKit/537.36 (KHTML, like Gecko; compatible; bingbot/2.0; +http://www.bing.com/bingbot.htm) Chrome/136.0.0.0 Safari/537.36"
18.215.49.176 - - [13/Jun/2026:22:41:17 +1000] "GET /wp-json/oembed/1.0/embed?format=xml&url=https://goldcoast.aussieseafoodhouse.com.au/scallops-baked-with-cheese-6x6-1-jpg/ HTTP/1.1" 200 1277 "-" "Mozilla/5.0 AppleWebKit/537.36 (KHTML, like Gecko; compatible; Amazonbot/0.1; +https://developer.amazon.com/support/amazonbot) Chrome/119.0.6045.214 Safari/537.36"
52.204.89.12 - - [13/Jun/2026:22:42:13 +1000] "GET /xmas-party-6x6-1-jpg/ HTTP/1.1" 200 14117 "-" "Mozilla/5.0 AppleWebKit/537.36 (KHTML, like Gecko; compatible; Amazonbot/0.1; +https://developer.amazon.com/support/amazonbot) Chrome/119.0.6045.214 Safari/537.36"
160.22.78.242 - - [13/Jun/2026:22:44:03 +1000] "POST /wp-cron.php?doing_wp_cron=1781354643.9583249092102050781250 HTTP/1.1" 200 - "https://goldcoast.aussieseafoodhouse.com.au/wp-cron.php?doing_wp_cron=1781354643.9583249092102050781250" "WordPress/5.5.18; https://goldcoast.aussieseafoodhouse.com.au"
50.19.221.48 - - [13/Jun/2026:22:44:01 +1000] "GET /wp-json/oembed/1.0/embed?url=https://goldcoast.aussieseafoodhouse.com.au/sony-dsc-500/ HTTP/1.1" 200 1215 "-" "Mozilla/5.0 AppleWebKit/537.36 (KHTML, like Gecko; compatible; Amazonbot/0.1; +https://developer.amazon.com/support/amazonbot) Chrome/119.0.6045.214 Safari/537.36"
160.22.78.242 - - [13/Jun/2026:22:44:42 +1000] "POST /wp-cron.php?doing_wp_cron=1781354682.3051979541778564453125 HTTP/1.1" 200 - "https://goldcoast.aussieseafoodhouse.com.au/wp-cron.php?doing_wp_cron=1781354682.3051979541778564453125" "WordPress/5.5.18; https://goldcoast.aussieseafoodhouse.com.au"
54.166.126.132 - - [13/Jun/2026:22:44:42 +1000] "GET /wp-json/wp/v2/product/5617 HTTP/1.1" 200 1733 "-" "Mozilla/5.0 AppleWebKit/537.36 (KHTML, like Gecko; compatible; Amazonbot/0.1; +https://developer.amazon.com/support/amazonbot) Chrome/119.0.6045.214 Safari/537.36"
160.22.78.242 - - [13/Jun/2026:22:45:50 +1000] "POST /wp-cron.php?doing_wp_cron=1781354750.7314229011535644531250 HTTP/1.1" 200 - "https://goldcoast.aussieseafoodhouse.com.au/wp-cron.php?doing_wp_cron=1781354750.7314229011535644531250" "WordPress/5.5.18; https://goldcoast.aussieseafoodhouse.com.au"
40.77.167.72 - - [13/Jun/2026:22:45:48 +1000] "GET /product/sensational-queensland-seafood-fresh-wild-caught-2/Seafood-Platter-6-6x6-ash-ready-Now.jpg HTTP/1.1" 301 - "-" "Mozilla/5.0 AppleWebKit/537.36 (KHTML, like Gecko; compatible; bingbot/2.0; +http://www.bing.com/bingbot.htm) Chrome/116.0.1938.76 Safari/537.36"
40.77.167.72 - - [13/Jun/2026:22:45:52 +1000] "GET /?attachment_id=7372 HTTP/1.1" 200 14127 "-" "Mozilla/5.0 AppleWebKit/537.36 (KHTML, like Gecko; compatible; bingbot/2.0; +http://www.bing.com/bingbot.htm) Chrome/116.0.1938.76 Safari/537.36"
43.172.198.61 - - [13/Jun/2026:22:48:27 +1000] "GET /wp-json/oembed/1.0/embed?url=https%3A%2F%2Fgoldcoast.aussieseafoodhouse.com.au%2Fproduct%2Fround-scads%2F HTTP/1.1" 200 1249 "-" "Mozilla/5.0 (Windows NT 10.0; Win64; x64) AppleWebKit/537.36 (KHTML, like Gecko) Chrome/109.0.0.0 Safari/537.36"
34.203.111.15 - - [13/Jun/2026:22:48:38 +1000] "GET /blog/2017/06/07/creamy-garlic-prawns/feed/ HTTP/1.1" 200 438 "-" "Mozilla/5.0 AppleWebKit/537.36 (KHTML, like Gecko; compatible; Amazonbot/0.1; +https://developer.amazon.com/support/amazonbot) Chrome/119.0.6045.214 Safari/537.36"
160.22.78.242 - - [13/Jun/2026:22:51:33 +1000] "POST /wp-cron.php?doing_wp_cron=1781355093.6033439636230468750000 HTTP/1.1" 200 - "https://goldcoast.aussieseafoodhouse.com.au/wp-cron.php?doing_wp_cron=1781355093.6033439636230468750000" "WordPress/5.5.18; https://goldcoast.aussieseafoodhouse.com.au"
3.227.180.70 - - [13/Jun/2026:22:51:31 +1000] "GET /wp-json/oembed/1.0/embed?url=https://goldcoast.aussieseafoodhouse.com.au/mussels-oysters-shellfish-clicki-to-view-6x6-1-jpg/ HTTP/1.1" 200 1265 "-" "Mozilla/5.0 AppleWebKit/537.36 (KHTML, like Gecko; compatible; Amazonbot/0.1; +https://developer.amazon.com/support/amazonbot) Chrome/119.0.6045.214 Safari/537.36"
160.22.78.242 - - [13/Jun/2026:22:52:04 +1000] "POST /wp-cron.php?doing_wp_cron=1781355124.1924688816070556640625 HTTP/1.1" 200 - "https://goldcoast.aussieseafoodhouse.com.au/wp-cron.php?doing_wp_cron=1781355124.1924688816070556640625" "WordPress/5.5.18; https://goldcoast.aussieseafoodhouse.com.au"
100.25.120.246 - - [13/Jun/2026:22:52:03 +1000] "GET /wp-json/wp/v2/product/5787 HTTP/1.1" 200 1783 "-" "Mozilla/5.0 AppleWebKit/537.36 (KHTML, like Gecko; compatible; Amazonbot/0.1; +https://developer.amazon.com/support/amazonbot) Chrome/119.0.6045.214 Safari/537.36"
20.191.45.212 - - [13/Jun/2026:22:52:14 +1000] "GET / HTTP/1.1" 200 13995 "http://goldcoast.aussieseafoodhouse.com.au" "DuckDuckBot/1.1; (+http://duckduckgo.com/duckduckbot.html)"
20.191.45.212 - - [13/Jun/2026:22:52:16 +1000] "GET /wp-content/uploads/sites/14/2017/05/cropped-logo-copy-google-180x180.jpg HTTP/1.1" 200 10733 "-" "DuckDuckBot/1.1; (+http://duckduckgo.com/duckduckbot.html)"
160.22.78.242 - - [13/Jun/2026:22:52:49 +1000] "POST /wp-cron.php?doing_wp_cron=1781355169.4419250488281250000000 HTTP/1.1" 200 - "https://goldcoast.aussieseafoodhouse.com.au/wp-cron.php?doing_wp_cron=1781355169.4419250488281250000000" "WordPress/5.5.18; https://goldcoast.aussieseafoodhouse.com.au"
151.80.18.185 - - [13/Jun/2026:22:52:49 +1000] "GET /wp-login.php HTTP/1.1" 200 2173 "-" "Mozilla/5.0 (Macintosh; Intel Mac OS X 11_7_10) AppleWebKit/537.36 (KHTML, like Gecko) Chrome/133.0.0.0 Safari/537.36"
151.80.18.185 - - [13/Jun/2026:22:52:50 +1000] "POST /wp-login.php HTTP/1.1" 503 7074 "https://www.goldcoast.aussieseafoodhouse.com.au/wp-login.php" "Mozilla/5.0 (Macintosh; Intel Mac OS X 11_7_10) AppleWebKit/537.36 (KHTML, like Gecko) Chrome/133.0.0.0 Safari/537.36"
3.218.103.254 - - [13/Jun/2026:22:52:52 +1000] "GET /wp-json/wp/v2/product/4588 HTTP/1.1" 200 1650 "-" "Mozilla/5.0 AppleWebKit/537.36 (KHTML, like Gecko; compatible; Amazonbot/0.1; +https://developer.amazon.com/support/amazonbot) Chrome/119.0.6045.214 Safari/537.36"
52.167.144.211 - - [13/Jun/2026:22:52:53 +1000] "GET /product/sardine-fillets-fresh-2/ HTTP/1.1" 200 19873 "-" "Mozilla/5.0 AppleWebKit/537.36 (KHTML, like Gecko; compatible; bingbot/2.0; +http://www.bing.com/bingbot.htm) Chrome/116.0.1938.76 Safari/537.36"
160.22.78.242 - - [13/Jun/2026:22:57:12 +1000] "POST /wp-cron.php?doing_wp_cron=1781355432.2481420040130615234375 HTTP/1.1" 200 - "https://goldcoast.aussieseafoodhouse.com.au/wp-cron.php?doing_wp_cron=1781355432.2481420040130615234375" "WordPress/5.5.18; https://goldcoast.aussieseafoodhouse.com.au"
52.167.144.190 - - [13/Jun/2026:22:57:10 +1000] "GET /product/crispy-skin-sea-mullet-mango-salad/Mullet-Pan-Fried-Crumbed-6x6-aus.jpg HTTP/1.1" 301 - "-" "Mozilla/5.0 AppleWebKit/537.36 (KHTML, like Gecko; compatible; bingbot/2.0; +http://www.bing.com/bingbot.htm) Chrome/116.0.1938.76 Safari/537.36"
52.167.144.190 - - [13/Jun/2026:22:57:13 +1000] "GET /?attachment_id=7150 HTTP/1.1" 200 14128 "-" "Mozilla/5.0 AppleWebKit/537.36 (KHTML, like Gecko; compatible; bingbot/2.0; +http://www.bing.com/bingbot.htm) Chrome/116.0.1938.76 Safari/537.36"
217.160.212.27 - - [13/Jun/2026:22:57:16 +1000] "GET /wp-login.php HTTP/1.1" 200 2173 "-" "Mozilla/5.0 (X11; Linux x86_64) AppleWebKit/537.36 (KHTML, like Gecko) Chrome/133.0.0.0 Safari/537.36 Edg/133.0.0.0"
217.160.212.27 - - [13/Jun/2026:22:57:17 +1000] "POST /wp-login.php HTTP/1.1" 503 7074 "https://goldcoast.aussieseafoodhouse.com.au/wp-login.php" "Mozilla/5.0 (X11; Linux x86_64) AppleWebKit/537.36 (KHTML, like Gecko) Chrome/133.0.0.0 Safari/537.36 Edg/133.0.0.0"
216.73.217.127 - - [13/Jun/2026:23:00:48 +1000] "GET /robots.txt HTTP/1.1" 200 125 "-" "Mozilla/5.0 AppleWebKit/537.36 (KHTML, like Gecko; compatible; ClaudeBot/1.0; +claudebot@anthropic.com)"
160.22.78.242 - - [13/Jun/2026:23:00:51 +1000] "GET /wp-json/wp/v2/types/post?context=edit HTTP/1.1" 401 126 "https://goldcoast.aussieseafoodhouse.com.au/wp-json/wp/v2/types/post?context=edit" "WordPress/5.5.18; https://goldcoast.aussieseafoodhouse.com.au"
160.22.78.242 - - [13/Jun/2026:23:00:51 +1000] "POST /wp-admin/admin-ajax.php HTTP/1.1" 400 21 "https://goldcoast.aussieseafoodhouse.com.au/wp-admin/admin-ajax.php" "WordPress/5.5.18; https://goldcoast.aussieseafoodhouse.com.au"
216.73.217.127 - - [13/Jun/2026:23:00:52 +1000] "GET /fish-ball-with-roe-4-6x6-1-jpg/ HTTP/1.1" 200 14112 "-" "Mozilla/5.0 AppleWebKit/537.36 (KHTML, like Gecko; compatible; ClaudeBot/1.0; +claudebot@anthropic.com)"
160.22.78.242 - - [13/Jun/2026:23:00:52 +1000] "POST /wp-admin/admin-ajax.php HTTP/1.1" 400 21 "https://goldcoast.aussieseafoodhouse.com.au/wp-admin/admin-ajax.php" "WordPress/5.5.18; https://goldcoast.aussieseafoodhouse.com.au"
160.22.78.242 - - [13/Jun/2026:23:00:52 +1000] "POST /wp-admin/admin-ajax.php HTTP/1.1" 400 21 "https://goldcoast.aussieseafoodhouse.com.au/wp-admin/admin-ajax.php" "WordPress/5.5.18; https://goldcoast.aussieseafoodhouse.com.au"
160.22.78.242 - - [13/Jun/2026:23:00:50 +1000] "POST /wp-cron.php?doing_wp_cron=1781355650.8037240505218505859375 HTTP/1.1" 200 - "https://goldcoast.aussieseafoodhouse.com.au/wp-cron.php?doing_wp_cron=1781355650.8037240505218505859375" "WordPress/5.5.18; https://goldcoast.aussieseafoodhouse.com.au"
40.77.167.121 - - [13/Jun/2026:23:05:09 +1000] "GET /wp-content/uploads/sites/14/2019/02/Scallop-lime-and-cucumber-raw-6x6-194x194.jpg HTTP/1.1" 200 6839 "-" "Mozilla/5.0 AppleWebKit/537.36 (KHTML, like Gecko; compatible; bingbot/2.0; +http://www.bing.com/bingbot.htm) Chrome/116.0.1938.76 Safari/537.36"
160.22.78.242 - - [13/Jun/2026:23:05:17 +1000] "POST /wp-cron.php?doing_wp_cron=1781355917.6058170795440673828125 HTTP/1.1" 200 - "https://goldcoast.aussieseafoodhouse.com.au/wp-cron.php?doing_wp_cron=1781355917.6058170795440673828125" "WordPress/5.5.18; https://goldcoast.aussieseafoodhouse.com.au"
17.241.75.102 - - [13/Jun/2026:23:05:15 +1000] "GET /product-category/squid-scallops-shellfish/ HTTP/1.1" 200 18289 "-" "Mozilla/5.0 (Macintosh; Intel Mac OS X 10_15_7) AppleWebKit/605.1.15 (KHTML, like Gecko) Version/17.4 Safari/605.1.15 (Applebot/0.1; +http://www.apple.com/go/applebot)"
160.22.78.242 - - [13/Jun/2026:23:06:51 +1000] "POST /wp-cron.php?doing_wp_cron=1781356011.7135310173034667968750 HTTP/1.1" 200 - "https://goldcoast.aussieseafoodhouse.com.au/wp-cron.php?doing_wp_cron=1781356011.7135310173034667968750" "WordPress/5.5.18; https://goldcoast.aussieseafoodhouse.com.au"
34.239.197.197 - - [13/Jun/2026:23:06:49 +1000] "GET /product/flounder-fillets-dusted-light-crumb/ HTTP/1.1" 200 20810 "-" "Mozilla/5.0 AppleWebKit/537.36 (KHTML, like Gecko; compatible; Amazonbot/0.1; +https://developer.amazon.com/support/amazonbot) Chrome/119.0.6045.214 Safari/537.36"
52.2.58.41 - - [13/Jun/2026:23:06:53 +1000] "GET /sony-dsc-88/ HTTP/1.1" 200 14095 "-" "Mozilla/5.0 AppleWebKit/537.36 (KHTML, like Gecko; compatible; Amazonbot/0.1; +https://developer.amazon.com/support/amazonbot) Chrome/119.0.6045.214 Safari/537.36"
52.167.144.161 - - [13/Jun/2026:23:08:11 +1000] "GET /wp-content/uploads/sites/14/2022/03/Red-Emperor-Fillets-6x6-ash--194x194.jpg HTTP/1.1" 200 11974 "-" "Mozilla/5.0 AppleWebKit/537.36 (KHTML, like Gecko; compatible; bingbot/2.0; +http://www.bing.com/bingbot.htm) Chrome/116.0.1938.76 Safari/537.36"
40.77.167.121 - - [13/Jun/2026:23:09:10 +1000] "GET /product/red-emperor-whole-fresh-2/ HTTP/1.1" 200 18566 "-" "Mozilla/5.0 AppleWebKit/537.36 (KHTML, like Gecko; compatible; bingbot/2.0; +http://www.bing.com/bingbot.htm) Chrome/116.0.1938.76 Safari/537.36"
65.55.210.20 - - [13/Jun/2026:23:09:34 +1000] "POST /?wc-ajax=get_refreshed_fragments HTTP/1.1" 200 210 "https://goldcoast.aussieseafoodhouse.com.au/product/sardine-fillets-fresh-2/" "Mozilla/5.0 AppleWebKit/537.36 (KHTML, like Gecko; compatible; bingbot/2.0; +http://www.bing.com/bingbot.htm) Chrome/136.0.0.0 Safari/537.36"
160.22.78.242 - - [13/Jun/2026:23:09:12 +1000] "POST /wp-cron.php?doing_wp_cron=1781356152.7572081089019775390625 HTTP/1.1" 200 - "https://goldcoast.aussieseafoodhouse.com.au/wp-cron.php?doing_wp_cron=1781356152.7572081089019775390625" "WordPress/5.5.18; https://goldcoast.aussieseafoodhouse.com.au"
160.22.78.242 - - [13/Jun/2026:23:13:32 +1000] "POST /wp-cron.php?doing_wp_cron=1781356412.9337460994720458984375 HTTP/1.1" 200 - "https://goldcoast.aussieseafoodhouse.com.au/wp-cron.php?doing_wp_cron=1781356412.9337460994720458984375" "WordPress/5.5.18; https://goldcoast.aussieseafoodhouse.com.au"
52.203.152.231 - - [13/Jun/2026:23:13:30 +1000] "GET /wp-json/oembed/1.0/embed?url=https://goldcoast.aussieseafoodhouse.com.au/sony-dsc-226/ HTTP/1.1" 200 1213 "-" "Mozilla/5.0 AppleWebKit/537.36 (KHTML, like Gecko; compatible; Amazonbot/0.1; +https://developer.amazon.com/support/amazonbot) Chrome/119.0.6045.214 Safari/537.36"
160.22.78.242 - - [13/Jun/2026:23:13:36 +1000] "POST /wp-cron.php?doing_wp_cron=1781356416.2659089565277099609375 HTTP/1.1" 200 - "https://goldcoast.aussieseafoodhouse.com.au/wp-cron.php?doing_wp_cron=1781356416.2659089565277099609375" "WordPress/5.5.18; https://goldcoast.aussieseafoodhouse.com.au"
3.216.227.216 - - [13/Jun/2026:23:13:36 +1000] "GET /wp-json/oembed/1.0/embed?format=xml&url=https://goldcoast.aussieseafoodhouse.com.au/images-2/ HTTP/1.1" 200 1232 "-" "Mozilla/5.0 AppleWebKit/537.36 (KHTML, like Gecko; compatible; Amazonbot/0.1; +https://developer.amazon.com/support/amazonbot) Chrome/119.0.6045.214 Safari/537.36"
160.22.78.242 - - [13/Jun/2026:23:13:38 +1000] "POST /wp-cron.php?doing_wp_cron=1781356418.6496050357818603515625 HTTP/1.1" 200 - "https://goldcoast.aussieseafoodhouse.com.au/wp-cron.php?doing_wp_cron=1781356418.6496050357818603515625" "WordPress/5.5.18; https://goldcoast.aussieseafoodhouse.com.au"
54.84.169.196 - - [13/Jun/2026:23:13:38 +1000] "GET /snapper-with-grilled-mango-salsa-6x6-1-jpg/ HTTP/1.1" 200 14061 "-" "Mozilla/5.0 AppleWebKit/537.36 (KHTML, like Gecko; compatible; Amazonbot/0.1; +https://developer.amazon.com/support/amazonbot) Chrome/119.0.6045.214 Safari/537.36"
160.22.78.242 - - [13/Jun/2026:23:13:42 +1000] "POST /wp-cron.php?doing_wp_cron=1781356422.1284639835357666015625 HTTP/1.1" 200 - "https://goldcoast.aussieseafoodhouse.com.au/wp-cron.php?doing_wp_cron=1781356422.1284639835357666015625" "WordPress/5.5.18; https://goldcoast.aussieseafoodhouse.com.au"
3.213.106.226 - - [13/Jun/2026:23:13:41 +1000] "GET /cooked-in-soup-6x6-1-jpg/ HTTP/1.1" 200 14102 "-" "Mozilla/5.0 AppleWebKit/537.36 (KHTML, like Gecko; compatible; Amazonbot/0.1; +https://developer.amazon.com/support/amazonbot) Chrome/119.0.6045.214 Safari/537.36"
52.204.89.12 - - [13/Jun/2026:23:13:45 +1000] "GET /wp-json/oembed/1.0/embed?url=https://goldcoast.aussieseafoodhouse.com.au/sony-dsc-862/ HTTP/1.1" 200 1241 "-" "Mozilla/5.0 AppleWebKit/537.36 (KHTML, like Gecko; compatible; Amazonbot/0.1; +https://developer.amazon.com/support/amazonbot) Chrome/119.0.6045.214 Safari/537.36"
35.174.141.243 - - [13/Jun/2026:23:13:51 +1000] "GET /wp-json/oembed/1.0/embed?format=xml&url=https://goldcoast.aussieseafoodhouse.com.au/sony-dsc-476/ HTTP/1.1" 200 1244 "-" "Mozilla/5.0 AppleWebKit/537.36 (KHTML, like Gecko; compatible; Amazonbot/0.1; +https://developer.amazon.com/support/amazonbot) Chrome/119.0.6045.214 Safari/537.36"
66.249.69.236 - - [13/Jun/2026:23:14:33 +1000] "GET /wp-content/uploads/sites/14/2021/12/Scottish-Flag-6x6-1-100x100.jpg HTTP/1.1" 304 - "-" "Googlebot-Image/1.0"
160.22.78.242 - - [13/Jun/2026:23:14:39 +1000] "POST /wp-cron.php?doing_wp_cron=1781356479.3949658870697021484375 HTTP/1.1" 200 - "https://goldcoast.aussieseafoodhouse.com.au/wp-cron.php?doing_wp_cron=1781356479.3949658870697021484375" "WordPress/5.5.18; https://goldcoast.aussieseafoodhouse.com.au"
85.208.96.198 - - [13/Jun/2026:23:14:37 +1000] "GET /blog/2017/06/07/crispy-haloumi-prawn-avocado-salad-parmesan-crisps/ HTTP/1.1" 200 18889 "-" "Mozilla/5.0 (compatible; SemrushBot/7~bl; +http://www.semrush.com/bot.html)"
138.201.82.103 - - [13/Jun/2026:23:14:46 +1000] "GET /wp-login.php HTTP/1.1" 200 2173 "-" "Mozilla/5.0 (Macintosh; Intel Mac OS X 10_15_7) AppleWebKit/537.36 (KHTML, like Gecko) Chrome/133.0.0.0 Safari/537.36 Edg/133.0.0.0"
138.201.82.103 - - [13/Jun/2026:23:14:46 +1000] "POST /wp-login.php HTTP/1.1" 503 7074 "https://www.goldcoast.aussieseafoodhouse.com.au/wp-login.php" "Mozilla/5.0 (Macintosh; Intel Mac OS X 10_15_7) AppleWebKit/537.36 (KHTML, like Gecko) Chrome/133.0.0.0 Safari/537.36 Edg/133.0.0.0"
54.208.2.14 - - [13/Jun/2026:23:15:15 +1000] "HEAD /wp-json/oembed/1.0/embed?format=xml&url=https://goldcoast.aussieseafoodhouse.com.au/images-2/ HTTP/1.1" 200 - "-" "Mozilla/5.0 AppleWebKit/605.1.15 (KHTML, like Gecko) Chrome/139.0.0.0 Safari/605.1.15"
52.167.144.157 - - [13/Jun/2026:23:15:20 +1000] "GET /wp-content/uploads/sites/14/2017/11/Kingfish-SA-600-x-600-2-194x194.jpg HTTP/1.1" 200 9507 "-" "Mozilla/5.0 AppleWebKit/537.36 (KHTML, like Gecko; compatible; bingbot/2.0; +http://www.bing.com/bingbot.htm) Chrome/116.0.1938.76 Safari/537.36"
52.167.144.157 - - [13/Jun/2026:23:17:20 +1000] "GET /wp-content/uploads/sites/14/2017/06/barbecued-whole-snapper-with-lime-and-chilli-82629-1-2.jpeg HTTP/1.1" 200 101454 "-" "Mozilla/5.0 AppleWebKit/537.36 (KHTML, like Gecko; compatible; bingbot/2.0; +http://www.bing.com/bingbot.htm) Chrome/116.0.1938.76 Safari/537.36"
160.22.78.242 - - [13/Jun/2026:23:17:52 +1000] "POST /wp-cron.php?doing_wp_cron=1781356672.5422749519348144531250 HTTP/1.1" 200 - "https://goldcoast.aussieseafoodhouse.com.au/wp-cron.php?doing_wp_cron=1781356672.5422749519348144531250" "WordPress/5.5.18; https://goldcoast.aussieseafoodhouse.com.au"
177.231.6.224 - - [13/Jun/2026:23:17:50 +1000] "GET /shop/page/22/ HTTP/1.1" 200 15593 "-" "Mozilla/5.0 (Macintosh; Intel Mac OS X 10_12_6) AppleWebKit/537.36 (KHTML, like Gecko) Brave Chrome/87.0.4280.67 Safari/537.36"
216.244.66.227 - - [13/Jun/2026:23:20:29 +1000] "GET /robots.txt HTTP/1.1" 200 136 "-" "Mozilla/5.0 (compatible; DotBot/1.2; +https://opensiteexplorer.org/dotbot; help@moz.com)"
52.167.144.172 - - [13/Jun/2026:23:22:33 +1000] "GET /wp-content/uploads/sites/14/2021/09/Lobster-Tails-grilled-6x6-1-300x300.jpg HTTP/1.1" 200 27095 "-" "Mozilla/5.0 AppleWebKit/537.36 (KHTML, like Gecko; compatible; bingbot/2.0; +http://www.bing.com/bingbot.htm) Chrome/116.0.1938.76 Safari/537.36"
52.167.144.172 - - [13/Jun/2026:23:22:33 +1000] "GET /wp-content/uploads/sites/14/2019/02/Tomato-bunch-6x6-600x600.jpg HTTP/1.1" 200 92276 "-" "Mozilla/5.0 AppleWebKit/537.36 (KHTML, like Gecko; compatible; bingbot/2.0; +http://www.bing.com/bingbot.htm) Chrome/116.0.1938.76 Safari/537.36"
160.22.78.242 - - [13/Jun/2026:23:23:27 +1000] "POST /wp-cron.php?doing_wp_cron=1781357007.6965370178222656250000 HTTP/1.1" 200 - "https://goldcoast.aussieseafoodhouse.com.au/wp-cron.php?doing_wp_cron=1781357007.6965370178222656250000" "WordPress/5.5.18; https://goldcoast.aussieseafoodhouse.com.au"
17.246.19.55 - - [13/Jun/2026:23:23:25 +1000] "GET /product/seafood-extender-10kg-nab-2/ HTTP/1.1" 200 19956 "-" "Mozilla/5.0 (Macintosh; Intel Mac OS X 10_15_7) AppleWebKit/605.1.15 (KHTML, like Gecko) Version/17.4 Safari/605.1.15 (Applebot/0.1; +http://www.apple.com/go/applebot)"
185.191.171.13 - - [13/Jun/2026:23:28:24 +1000] "GET /robots.txt HTTP/1.1" 200 125 "-" "Mozilla/5.0 (compatible; SemrushBot/7~bl; +http://www.semrush.com/bot.html)"
85.208.96.199 - - [13/Jun/2026:23:28:29 +1000] "GET /product/scads/ HTTP/1.1" 200 19547 "-" "Mozilla/5.0 (compatible; SemrushBot/7~bl; +http://www.semrush.com/bot.html)"
168.63.79.147 - - [13/Jun/2026:23:28:34 +1000] "GET /wp-login.php HTTP/1.1" 200 2173 "-" "Mozilla/5.0 (Windows NT 10.0; WOW64) AppleWebKit/537.36 (KHTML, like Gecko) Chrome/133.0.0.0 Safari/537.36"
168.63.79.147 - - [13/Jun/2026:23:28:35 +1000] "POST /wp-login.php HTTP/1.1" 503 7073 "https://goldcoast.aussieseafoodhouse.com.au/wp-login.php" "Mozilla/5.0 (Windows NT 10.0; WOW64) AppleWebKit/537.36 (KHTML, like Gecko) Chrome/133.0.0.0 Safari/537.36"
17.246.23.156 - - [13/Jun/2026:23:29:04 +1000] "POST /?wc-ajax=get_refreshed_fragments HTTP/1.1" 200 161 "https://goldcoast.aussieseafoodhouse.com.au/product/seafood-extender-10kg-nab-2/" "Mozilla/5.0 (Macintosh; Intel Mac OS X 10_15_7) AppleWebKit/605.1.15 (KHTML, like Gecko) Version/17.4 Safari/605.1.15 (Applebot/0.1; +http://www.apple.com/go/applebot)"
138.204.211.193 - - [13/Jun/2026:23:29:14 +1000] "GET /product/crab-claws-crumbed/ HTTP/1.1" 200 19590 "-" "Mozilla/5.0 (Windows NT 10.0; Win64; x64) AppleWebKit/537.36 (KHTML, like Gecko) Chrome/85.0.4183.121 Safari/537.36"
216.244.66.227 - - [13/Jun/2026:23:29:15 +1000] "GET /wp-content/uploads/sites/14/2019/02/olive-oil-6x6.jpg HTTP/1.1" 200 268715 "-" "Mozilla/5.0 (compatible; DotBot/1.2; +https://opensiteexplorer.org/dotbot; help@moz.com)"
160.22.78.242 - - [13/Jun/2026:23:29:32 +1000] "POST /wp-cron.php?doing_wp_cron=1781357371.9201779365539550781250 HTTP/1.1" 200 - "https://goldcoast.aussieseafoodhouse.com.au/wp-cron.php?doing_wp_cron=1781357371.9201779365539550781250" "WordPress/5.5.18; https://goldcoast.aussieseafoodhouse.com.au"
100.29.155.89 - - [13/Jun/2026:23:29:31 +1000] "GET /wp-json/oembed/1.0/embed?format=xml&url=https://goldcoast.aussieseafoodhouse.com.au/product/flathead-super-crunchy-coating-air-fry-winner/ HTTP/1.1" 200 1348 "-" "Mozilla/5.0 AppleWebKit/537.36 (KHTML, like Gecko; compatible; Amazonbot/0.1; +https://developer.amazon.com/support/amazonbot) Chrome/119.0.6045.214 Safari/537.36"
160.22.78.242 - - [13/Jun/2026:23:35:22 +1000] "POST /wp-cron.php?doing_wp_cron=1781357722.8513939380645751953125 HTTP/1.1" 200 - "https://goldcoast.aussieseafoodhouse.com.au/wp-cron.php?doing_wp_cron=1781357722.8513939380645751953125" "WordPress/5.5.18; https://goldcoast.aussieseafoodhouse.com.au"
17.241.75.237 - - [13/Jun/2026:23:35:20 +1000] "POST /?wc-ajax=get_refreshed_fragments HTTP/1.1" 200 161 "https://goldcoast.aussieseafoodhouse.com.au/product-category/squid-scallops-shellfish/" "Mozilla/5.0 (Macintosh; Intel Mac OS X 10_15_7) AppleWebKit/605.1.15 (KHTML, like Gecko) Version/17.4 Safari/605.1.15 (Applebot/0.1; +http://www.apple.com/go/applebot)"
160.22.78.242 - - [13/Jun/2026:23:36:11 +1000] "POST /wp-cron.php?doing_wp_cron=1781357771.8312549591064453125000 HTTP/1.1" 200 - "https://goldcoast.aussieseafoodhouse.com.au/wp-cron.php?doing_wp_cron=1781357771.8312549591064453125000" "WordPress/5.5.18; https://goldcoast.aussieseafoodhouse.com.au"
34.187.227.17 - - [13/Jun/2026:23:36:09 +1000] "GET /wp-login.php HTTP/1.1" 200 2173 "-" "Mozilla/5.0 (Windows NT 10.0; Win64; x64) AppleWebKit/537.36 (KHTML, like Gecko) Chrome/120.0.0.0 Safari/537.36"
34.187.227.17 - - [13/Jun/2026:23:36:12 +1000] "GET /wp-login.php HTTP/1.1" 200 2173 "-" "Mozilla/5.0 (Windows NT 10.0; Win64; x64) AppleWebKit/537.36 (KHTML, like Gecko) Chrome/120.0.0.0 Safari/537.36"
34.187.227.17 - - [13/Jun/2026:23:36:13 +1000] "POST /wp-login.php HTTP/1.1" 503 7074 "https://goldcoast.aussieseafoodhouse.com.au/wp-login.php" "Mozilla/5.0 (Windows NT 10.0; Win64; x64) AppleWebKit/537.36 (KHTML, like Gecko) Chrome/120.0.0.0 Safari/537.36"
165.227.123.16 - - [13/Jun/2026:23:36:34 +1000] "GET /wp-login.php HTTP/1.1" 200 2173 "-" "Mozilla/5.0 (Windows NT 10.0; Win64; x64) AppleWebKit/537.36 (KHTML, like Gecko) Chrome/120.0.0.0 Safari/537.36"
160.22.78.242 - - [13/Jun/2026:23:36:35 +1000] "POST /wp-cron.php?doing_wp_cron=1781357795.8399219512939453125000 HTTP/1.1" 200 - "https://goldcoast.aussieseafoodhouse.com.au/wp-cron.php?doing_wp_cron=1781357795.8399219512939453125000" "WordPress/5.5.18; https://goldcoast.aussieseafoodhouse.com.au"
165.227.123.16 - - [13/Jun/2026:23:36:35 +1000] "GET /wp-login.php HTTP/1.1" 200 2173 "-" "Mozilla/5.0 (Windows NT 10.0; Win64; x64) AppleWebKit/537.36 (KHTML, like Gecko) Chrome/120.0.0.0 Safari/537.36"
165.227.123.16 - - [13/Jun/2026:23:36:36 +1000] "POST /wp-login.php HTTP/1.1" 503 7073 "https://goldcoast.aussieseafoodhouse.com.au/wp-login.php" "Mozilla/5.0 (Windows NT 10.0; Win64; x64) AppleWebKit/537.36 (KHTML, like Gecko) Chrome/120.0.0.0 Safari/537.36"
141.168.231.87 - - [13/Jun/2026:23:37:31 +1000] "GET /wp-content/uploads/sites/14/2018/05/Melts.jpg HTTP/1.1" 200 263092 "https://www.google.com/" "Mozilla/5.0 (Linux; Android 16; SM-A175F Build/BP2A.250605.031.A3; wv) AppleWebKit/537.36 (KHTML, like Gecko) Version/4.0 Chrome/148.0.7778.217 Mobile Safari/537.36 GoogleApp/17.30.31.ve.arm64"
40.77.167.3 - - [13/Jun/2026:23:40:14 +1000] "GET /wp-content/uploads/sites/14/2019/06/Roasted-Garlic-Aioli-6x6-100x100.jpg HTTP/1.1" 200 5142 "-" "Mozilla/5.0 AppleWebKit/537.36 (KHTML, like Gecko; compatible; bingbot/2.0; +http://www.bing.com/bingbot.htm) Chrome/116.0.1938.76 Safari/537.36"
92.40.205.197 - - [13/Jun/2026:23:42:46 +1000] "GET /wp-content/uploads/sites/14/2021/09/Bug-Tails-6x6-copy.jpg HTTP/1.1" 200 498267 "https://asktheman.xyz/" "Mozilla/5.0 (Linux; Android 10; K) AppleWebKit/537.36 (KHTML, like Gecko) Chrome/148.0.0.0 Mobile Safari/537.36"
40.77.167.49 - - [13/Jun/2026:23:46:03 +1000] "GET /product/round-scads/ HTTP/1.1" 200 19834 "-" "Mozilla/5.0 AppleWebKit/537.36 (KHTML, like Gecko; compatible; bingbot/2.0; +http://www.bing.com/bingbot.htm) Chrome/116.0.1938.76 Safari/537.36"
74.249.144.130 - - [13/Jun/2026:23:48:11 +1000] "GET /this_is_a_new_hello_world.php HTTP/1.1" 404 55977 "-" "-"
74.249.144.130 - - [13/Jun/2026:23:48:13 +1000] "GET /classgoto24.php HTTP/1.1" 404 55977 "-" "-"
74.249.144.130 - - [13/Jun/2026:23:48:14 +1000] "GET /cu.php HTTP/1.1" 404 55977 "-" "-"
74.249.144.130 - - [13/Jun/2026:23:48:15 +1000] "GET /4PJcpMFsD8B.php HTTP/1.1" 404 55977 "-" "-"
74.249.144.130 - - [13/Jun/2026:23:48:17 +1000] "GET /206.php HTTP/1.1" 404 55977 "-" "-"
74.249.144.130 - - [13/Jun/2026:23:48:18 +1000] "GET /flox.php HTTP/1.1" 404 55977 "-" "-"
74.249.144.130 - - [13/Jun/2026:23:48:20 +1000] "GET /ng.php HTTP/1.1" 404 55977 "-" "-"
74.249.144.130 - - [13/Jun/2026:23:48:21 +1000] "GET /100.php HTTP/1.1" 404 55977 "-" "-"
74.249.144.130 - - [13/Jun/2026:23:48:22 +1000] "GET /error_log.php HTTP/1.1" 404 55977 "-" "-"
74.249.144.130 - - [13/Jun/2026:23:48:24 +1000] "GET /ms-edit.php HTTP/1.1" 404 55977 "-" "-"
195.250.23.247 - - [13/Jun/2026:23:48:25 +1000] "GET /wp-login.php HTTP/1.1" 200 2173 "-" "Mozilla/5.0 (Windows NT 10.0; Win64; x64) AppleWebKit/537.36 (KHTML, like Gecko) Chrome/120.0.0.0 Safari/537.36"
74.249.144.130 - - [13/Jun/2026:23:48:26 +1000] "GET /xstelth.php HTTP/1.1" 404 55977 "-" "-"
195.250.23.247 - - [13/Jun/2026:23:48:26 +1000] "GET /wp-login.php HTTP/1.1" 200 2173 "-" "Mozilla/5.0 (Windows NT 10.0; Win64; x64) AppleWebKit/537.36 (KHTML, like Gecko) Chrome/120.0.0.0 Safari/537.36"
74.249.144.130 - - [13/Jun/2026:23:48:27 +1000] "GET /155.php HTTP/1.1" 404 55977 "-" "-"
195.250.23.247 - - [13/Jun/2026:23:48:27 +1000] "POST /wp-login.php HTTP/1.1" 503 7074 "https://goldcoast.aussieseafoodhouse.com.au/wp-login.php" "Mozilla/5.0 (Windows NT 10.0; Win64; x64) AppleWebKit/537.36 (KHTML, like Gecko) Chrome/120.0.0.0 Safari/537.36"
74.249.144.130 - - [13/Jun/2026:23:48:28 +1000] "GET /geforce.php HTTP/1.1" 404 55977 "-" "-"
74.249.144.130 - - [13/Jun/2026:23:48:29 +1000] "GET /3PJcpMFsD8B.php HTTP/1.1" 404 55977 "-" "-"
74.249.144.130 - - [13/Jun/2026:23:48:31 +1000] "GET /info2.php HTTP/1.1" 404 55977 "-" "-"
74.249.144.130 - - [13/Jun/2026:23:48:32 +1000] "GET /0d.php HTTP/1.1" 404 55977 "-" "-"
74.249.144.130 - - [13/Jun/2026:23:48:33 +1000] "GET /olik.php HTTP/1.1" 404 55977 "-" "-"
160.22.78.242 - - [13/Jun/2026:23:48:35 +1000] "POST /wp-cron.php?doing_wp_cron=1781358515.2431609630584716796875 HTTP/1.1" 200 - "https://goldcoast.aussieseafoodhouse.com.au/wp-cron.php?doing_wp_cron=1781358515.2431609630584716796875" "WordPress/5.5.18; https://goldcoast.aussieseafoodhouse.com.au"
74.249.144.130 - - [13/Jun/2026:23:48:35 +1000] "GET /av.php HTTP/1.1" 404 55977 "-" "-"
74.249.144.130 - - [13/Jun/2026:23:48:36 +1000] "GET /simple.php HTTP/1.1" 404 55977 "-" "-"
74.249.144.130 - - [13/Jun/2026:23:48:37 +1000] "GET /8.php HTTP/1.1" 404 55977 "-" "-"
74.249.144.130 - - [13/Jun/2026:23:48:38 +1000] "GET /img.php HTTP/1.1" 404 55977 "-" "-"
74.249.144.130 - - [13/Jun/2026:23:48:40 +1000] "GET /bob.php HTTP/1.1" 404 55977 "-" "-"
74.249.144.130 - - [13/Jun/2026:23:48:41 +1000] "GET /drykl.php HTTP/1.1" 404 55977 "-" "-"
74.249.144.130 - - [13/Jun/2026:23:48:42 +1000] "GET /w.php HTTP/1.1" 404 55977 "-" "-"
74.249.144.130 - - [13/Jun/2026:23:48:44 +1000] "GET /aj11.php HTTP/1.1" 404 55977 "-" "-"
74.249.144.130 - - [13/Jun/2026:23:48:45 +1000] "GET /gecko.php HTTP/1.1" 404 55977 "-" "-"
74.249.144.130 - - [13/Jun/2026:23:48:46 +1000] "GET /wp-test.php HTTP/1.1" 404 55977 "-" "-"
74.249.144.130 - - [13/Jun/2026:23:48:47 +1000] "GET /19.php HTTP/1.1" 404 55977 "-" "-"
74.249.144.130 - - [13/Jun/2026:23:48:49 +1000] "GET /wps.php HTTP/1.1" 404 55977 "-" "-"
74.249.144.130 - - [13/Jun/2026:23:48:51 +1000] "GET /BDKR28WP.php HTTP/1.1" 404 55977 "-" "-"
74.249.144.130 - - [13/Jun/2026:23:48:53 +1000] "GET /f35.php HTTP/1.1" 404 55977 "-" "-"
74.249.144.130 - - [13/Jun/2026:23:48:54 +1000] "GET /xxx.php HTTP/1.1" 404 55977 "-" "-"
74.249.144.130 - - [13/Jun/2026:23:48:55 +1000] "GET /sx_pms.php HTTP/1.1" 404 55977 "-" "-"
74.249.144.130 - - [13/Jun/2026:23:48:57 +1000] "GET /wp-info.php HTTP/1.1" 404 55977 "-" "-"
74.249.144.130 - - [13/Jun/2026:23:48:58 +1000] "GET /like.php HTTP/1.1" 404 55977 "-" "-"
74.249.144.130 - - [13/Jun/2026:23:49:00 +1000] "GET /we.php HTTP/1.1" 404 55977 "-" "-"
74.249.144.130 - - [13/Jun/2026:23:49:03 +1000] "GET /wp.php HTTP/1.1" 404 55977 "-" "-"
74.249.144.130 - - [13/Jun/2026:23:49:04 +1000] "GET /wp-indx.php HTTP/1.1" 404 55977 "-" "-"
74.249.144.130 - - [13/Jun/2026:23:49:06 +1000] "GET /zoo.php HTTP/1.1" 404 55977 "-" "-"
74.249.144.130 - - [13/Jun/2026:23:49:08 +1000] "GET /wp-link-spm.php HTTP/1.1" 404 55977 "-" "-"
74.249.144.130 - - [13/Jun/2026:23:49:09 +1000] "GET /wp-link-snpm.php HTTP/1.1" 404 55977 "-" "-"
74.249.144.130 - - [13/Jun/2026:23:49:10 +1000] "GET /xminie.php HTTP/1.1" 404 55977 "-" "-"
74.249.144.130 - - [13/Jun/2026:23:49:12 +1000] "GET /bal.php HTTP/1.1" 404 55977 "-" "-"
74.249.144.130 - - [13/Jun/2026:23:49:13 +1000] "GET /11.php HTTP/1.1" 404 55977 "-" "-"
74.249.144.130 - - [13/Jun/2026:23:49:14 +1000] "GET /77.php HTTP/1.1" 404 55977 "-" "-"
74.249.144.130 - - [13/Jun/2026:23:49:16 +1000] "GET /x402.php HTTP/1.1" 404 55977 "-" "-"
74.249.144.130 - - [13/Jun/2026:23:49:17 +1000] "GET /themes.php HTTP/1.1" 404 55977 "-" "-"
74.249.144.130 - - [13/Jun/2026:23:49:18 +1000] "GET /test1.php HTTP/1.1" 404 55977 "-" "-"
74.249.144.130 - - [13/Jun/2026:23:49:20 +1000] "GET /tires.php HTTP/1.1" 404 55977 "-" "-"
74.249.144.130 - - [13/Jun/2026:23:49:21 +1000] "GET /bthil.php HTTP/1.1" 404 55977 "-" "-"
74.249.144.130 - - [13/Jun/2026:23:49:22 +1000] "GET /d.php HTTP/1.1" 404 55977 "-" "-"
74.249.144.130 - - [13/Jun/2026:23:49:24 +1000] "GET /fone1.php HTTP/1.1" 404 55977 "-" "-"
74.249.144.130 - - [13/Jun/2026:23:49:25 +1000] "GET /sallu.php HTTP/1.1" 404 55977 "-" "-"
74.249.144.130 - - [13/Jun/2026:23:49:26 +1000] "GET /link.php HTTP/1.1" 404 55977 "-" "-"
74.249.144.130 - - [13/Jun/2026:23:49:28 +1000] "GET /edit.php HTTP/1.1" 404 55977 "-" "-"
74.249.144.130 - - [13/Jun/2026:23:49:29 +1000] "GET /pp.php HTTP/1.1" 404 55977 "-" "-"
74.249.144.130 - - [13/Jun/2026:23:49:30 +1000] "GET /one.php HTTP/1.1" 404 55977 "-" "-"
74.249.144.130 - - [13/Jun/2026:23:49:32 +1000] "GET /roksad1.php HTTP/1.1" 404 55977 "-" "-"
74.249.144.130 - - [13/Jun/2026:23:49:33 +1000] "GET /axe.php HTTP/1.1" 404 55977 "-" "-"
74.249.144.130 - - [13/Jun/2026:23:49:34 +1000] "GET /de.php HTTP/1.1" 404 55977 "-" "-"
74.249.144.130 - - [13/Jun/2026:23:49:36 +1000] "GET /aa.php HTTP/1.1" 404 55977 "-" "-"
74.249.144.130 - - [13/Jun/2026:23:49:37 +1000] "GET /f5.php HTTP/1.1" 404 55977 "-" "-"
74.249.144.130 - - [13/Jun/2026:23:49:38 +1000] "GET /view.php HTTP/1.1" 404 55977 "-" "-"
74.249.144.130 - - [13/Jun/2026:23:49:40 +1000] "GET /bc.php HTTP/1.1" 404 55977 "-" "-"
74.249.144.130 - - [13/Jun/2026:23:49:41 +1000] "GET /tx79.php HTTP/1.1" 404 55977 "-" "-"
74.249.144.130 - - [13/Jun/2026:23:49:42 +1000] "GET /moshou.php HTTP/1.1" 404 55977 "-" "-"
74.249.144.130 - - [13/Jun/2026:23:49:44 +1000] "GET /lib.php HTTP/1.1" 404 55977 "-" "-"
74.249.144.130 - - [13/Jun/2026:23:49:45 +1000] "GET /zoper1.php HTTP/1.1" 404 55977 "-" "-"
74.249.144.130 - - [13/Jun/2026:23:49:46 +1000] "GET /dostshell.php HTTP/1.1" 404 55977 "-" "-"
74.249.144.130 - - [13/Jun/2026:23:49:47 +1000] "GET /doc.php HTTP/1.1" 404 55977 "-" "-"
74.249.144.130 - - [13/Jun/2026:23:49:49 +1000] "GET /mar.php HTTP/1.1" 404 55977 "-" "-"
74.249.144.130 - - [13/Jun/2026:23:49:50 +1000] "GET /casp1.php HTTP/1.1" 404 55977 "-" "-"
74.249.144.130 - - [13/Jun/2026:23:49:51 +1000] "GET /a1.php HTTP/1.1" 404 55977 "-" "-"
74.249.144.130 - - [13/Jun/2026:23:49:53 +1000] "GET /xltt.php HTTP/1.1" 404 55977 "-" "-"
74.249.144.130 - - [13/Jun/2026:23:49:54 +1000] "GET /cilus.php HTTP/1.1" 404 55977 "-" "-"
20.15.133.165 - - [13/Jun/2026:23:49:55 +1000] "GET /robots.txt HTTP/1.1" 200 125 "-" "Mozilla/5.0 AppleWebKit/537.36 (KHTML, like Gecko; compatible; bingbot/2.0; +http://www.bing.com/bingbot.htm) Chrome/116.0.1938.76 Safari/537.36"
74.249.144.130 - - [13/Jun/2026:23:49:56 +1000] "GET /press.php HTTP/1.1" 404 55977 "-" "-"
74.249.144.130 - - [13/Jun/2026:23:49:57 +1000] "GET /ss.php HTTP/1.1" 404 55977 "-" "-"
74.249.144.130 - - [13/Jun/2026:23:49:59 +1000] "GET /options.php HTTP/1.1" 404 55977 "-" "-"
20.15.133.163 - - [13/Jun/2026:23:50:00 +1000] "GET /wp-content/uploads/sites/14/2020/07/salad-rasberry-cucumber-fetta-6x6-close-up-300x300.jpg HTTP/1.1" 200 24744 "-" "Mozilla/5.0 AppleWebKit/537.36 (KHTML, like Gecko; compatible; bingbot/2.0; +http://www.bing.com/bingbot.htm) Chrome/116.0.1938.76 Safari/537.36"
74.249.144.130 - - [13/Jun/2026:23:50:00 +1000] "GET /7.php HTTP/1.1" 404 55977 "-" "-"
74.249.144.130 - - [13/Jun/2026:23:50:02 +1000] "GET /ggb.php HTTP/1.1" 404 55977 "-" "-"
74.249.144.130 - - [13/Jun/2026:23:50:03 +1000] "GET /xxa.php HTTP/1.1" 404 55977 "-" "-"
40.77.167.241 - - [13/Jun/2026:23:50:04 +1000] "GET /wp-content/uploads/sites/14/2020/07/salad-rasberry-cucumber-fetta-6x6-close-up-300x300.jpg HTTP/1.1" 200 24744 "-" "Mozilla/5.0 AppleWebKit/537.36 (KHTML, like Gecko; compatible; bingbot/2.0; +http://www.bing.com/bingbot.htm) Chrome/116.0.1938.76 Safari/537.36"
74.249.144.130 - - [13/Jun/2026:23:50:04 +1000] "GET /fs.php HTTP/1.1" 404 55977 "-" "-"
74.249.144.130 - - [13/Jun/2026:23:50:06 +1000] "GET /2.php HTTP/1.1" 404 55977 "-" "-"
74.249.144.130 - - [13/Jun/2026:23:50:08 +1000] "GET /12.php HTTP/1.1" 404 55977 "-" "-"
74.249.144.130 - - [13/Jun/2026:23:50:34 +1000] "GET /alpha.php HTTP/1.1" 404 55977 "-" "-"
74.249.144.130 - - [13/Jun/2026:23:50:35 +1000] "GET /yuzuru1.php HTTP/1.1" 404 55977 "-" "-"
74.249.144.130 - - [13/Jun/2026:23:50:37 +1000] "GET /insta.php HTTP/1.1" 404 55977 "-" "-"
74.249.144.130 - - [13/Jun/2026:23:50:38 +1000] "GET /wp-kz.php HTTP/1.1" 404 55977 "-" "-"
74.249.144.130 - - [13/Jun/2026:23:50:39 +1000] "GET /xs.php HTTP/1.1" 404 55977 "-" "-"
74.249.144.130 - - [13/Jun/2026:23:50:40 +1000] "GET /xwx1.php HTTP/1.1" 404 55977 "-" "-"
74.249.144.130 - - [13/Jun/2026:23:50:41 +1000] "GET /xmu.php HTTP/1.1" 404 55977 "-" "-"
74.249.144.130 - - [13/Jun/2026:23:50:42 +1000] "GET /ayk.php HTTP/1.1" 404 55977 "-" "-"
74.249.144.130 - - [13/Jun/2026:23:50:43 +1000] "GET /wpxml.php HTTP/1.1" 404 55977 "-" "-"
74.249.144.130 - - [13/Jun/2026:23:50:45 +1000] "GET /zo.php HTTP/1.1" 404 55977 "-" "-"
74.249.144.130 - - [13/Jun/2026:23:50:46 +1000] "GET /sky.php HTTP/1.1" 404 55977 "-" "-"
74.249.144.130 - - [13/Jun/2026:23:50:48 +1000] "GET /rh.php HTTP/1.1" 404 55977 "-" "-"
74.249.144.130 - - [13/Jun/2026:23:50:50 +1000] "GET /ortasekerli1.php HTTP/1.1" 404 55698 "-" "-"
74.249.144.130 - - [13/Jun/2026:23:50:51 +1000] "GET /3369.php HTTP/1.1" 404 55698 "-" "-"
