74.249.144.130 - - [13/Jun/2026:23:50:53 +1000] "GET /300.php7 HTTP/1.1" 404 55698 "-" "-"
74.249.144.130 - - [13/Jun/2026:23:50:54 +1000] "GET /201.php7 HTTP/1.1" 404 55698 "-" "-"
74.249.144.130 - - [13/Jun/2026:23:50:55 +1000] "GET /goat.php HTTP/1.1" 404 55698 "-" "-"
74.249.144.130 - - [13/Jun/2026:23:50:56 +1000] "GET /setup.php HTTP/1.1" 404 55698 "-" "-"
74.249.144.130 - - [13/Jun/2026:23:50:58 +1000] "GET /aj12.php HTTP/1.1" 404 55698 "-" "-"
74.249.144.130 - - [13/Jun/2026:23:50:59 +1000] "GET /rip.php HTTP/1.1" 404 55698 "-" "-"
74.249.144.130 - - [13/Jun/2026:23:51:01 +1000] "GET /OVO7xf.php HTTP/1.1" 404 55698 "-" "-"
74.249.144.130 - - [13/Jun/2026:23:51:02 +1000] "GET /zero.php HTTP/1.1" 404 55698 "-" "-"
74.249.144.130 - - [13/Jun/2026:23:51:04 +1000] "GET /ey5.php HTTP/1.1" 404 55698 "-" "-"
74.249.144.130 - - [13/Jun/2026:23:53:51 +1000] "GET /this_is_a_new_hello_world.php HTTP/1.1" 404 55977 "-" "-"
74.249.144.130 - - [13/Jun/2026:23:53:53 +1000] "GET /classgoto24.php HTTP/1.1" 404 55977 "-" "-"
74.249.144.130 - - [13/Jun/2026:23:53:54 +1000] "GET /cu.php HTTP/1.1" 404 55977 "-" "-"
74.249.144.130 - - [13/Jun/2026:23:53:55 +1000] "GET /4PJcpMFsD8B.php HTTP/1.1" 404 55977 "-" "-"
74.249.144.130 - - [13/Jun/2026:23:53:56 +1000] "GET /206.php HTTP/1.1" 404 55977 "-" "-"
74.249.144.130 - - [13/Jun/2026:23:53:57 +1000] "GET /flox.php HTTP/1.1" 404 55977 "-" "-"
23.21.227.240 - - [13/Jun/2026:23:53:58 +1000] "GET /wp-json/oembed/1.0/embed?format=xml&url=https://goldcoast.aussieseafoodhouse.com.au/egg-and-crumb-6x6-1-jpg/ HTTP/1.1" 200 1265 "-" "Mozilla/5.0 AppleWebKit/537.36 (KHTML, like Gecko; compatible; Amazonbot/0.1; +https://developer.amazon.com/support/amazonbot) Chrome/119.0.6045.214 Safari/537.36"
74.249.144.130 - - [13/Jun/2026:23:53:58 +1000] "GET /ng.php HTTP/1.1" 404 55977 "-" "-"
74.249.144.130 - - [13/Jun/2026:23:53:59 +1000] "GET /100.php HTTP/1.1" 404 55977 "-" "-"
74.249.144.130 - - [13/Jun/2026:23:54:01 +1000] "GET /error_log.php HTTP/1.1" 404 55977 "-" "-"
74.249.144.130 - - [13/Jun/2026:23:54:02 +1000] "GET /ms-edit.php HTTP/1.1" 404 55977 "-" "-"
54.84.169.196 - - [13/Jun/2026:23:54:02 +1000] "GET /sony-dsc-933/ HTTP/1.1" 200 14160 "-" "Mozilla/5.0 AppleWebKit/537.36 (KHTML, like Gecko; compatible; Amazonbot/0.1; +https://developer.amazon.com/support/amazonbot) Chrome/119.0.6045.214 Safari/537.36"
74.249.144.130 - - [13/Jun/2026:23:54:03 +1000] "GET /xstelth.php HTTP/1.1" 404 55977 "-" "-"
74.249.144.130 - - [13/Jun/2026:23:54:05 +1000] "GET /155.php HTTP/1.1" 404 55977 "-" "-"
54.156.248.117 - - [13/Jun/2026:23:54:05 +1000] "GET /wp-json/oembed/1.0/embed?url=https://goldcoast.aussieseafoodhouse.com.au/sony-dsc-574/ HTTP/1.1" 200 1243 "-" "Mozilla/5.0 AppleWebKit/537.36 (KHTML, like Gecko; compatible; Amazonbot/0.1; +https://developer.amazon.com/support/amazonbot) Chrome/119.0.6045.214 Safari/537.36"
74.249.144.130 - - [13/Jun/2026:23:54:07 +1000] "GET /geforce.php HTTP/1.1" 404 55977 "-" "-"
74.249.144.130 - - [13/Jun/2026:23:54:08 +1000] "GET /3PJcpMFsD8B.php HTTP/1.1" 404 55977 "-" "-"
74.249.144.130 - - [13/Jun/2026:23:54:09 +1000] "GET /info2.php HTTP/1.1" 404 55977 "-" "-"
54.85.7.119 - - [13/Jun/2026:23:54:10 +1000] "GET /wp-json/oembed/1.0/embed?format=xml&url=https://goldcoast.aussieseafoodhouse.com.au/fish-balls-6-6x6-1-jpg/ HTTP/1.1" 200 1270 "-" "Mozilla/5.0 AppleWebKit/537.36 (KHTML, like Gecko; compatible; Amazonbot/0.1; +https://developer.amazon.com/support/amazonbot) Chrome/119.0.6045.214 Safari/537.36"
74.249.144.130 - - [13/Jun/2026:23:54:10 +1000] "GET /0d.php HTTP/1.1" 404 55977 "-" "-"
74.249.144.130 - - [13/Jun/2026:23:54:12 +1000] "GET /olik.php HTTP/1.1" 404 55977 "-" "-"
74.249.144.130 - - [13/Jun/2026:23:54:13 +1000] "GET /av.php HTTP/1.1" 404 55977 "-" "-"
54.144.185.255 - - [13/Jun/2026:23:54:14 +1000] "GET /wp-json/oembed/1.0/embed?format=xml&url=https://goldcoast.aussieseafoodhouse.com.au/sony-dsc-862/ HTTP/1.1" 200 1272 "-" "Mozilla/5.0 AppleWebKit/537.36 (KHTML, like Gecko; compatible; Amazonbot/0.1; +https://developer.amazon.com/support/amazonbot) Chrome/119.0.6045.214 Safari/537.36"
74.249.144.130 - - [13/Jun/2026:23:54:15 +1000] "GET /simple.php HTTP/1.1" 404 55977 "-" "-"
74.249.144.130 - - [13/Jun/2026:23:54:16 +1000] "GET /8.php HTTP/1.1" 404 55977 "-" "-"
74.249.144.130 - - [13/Jun/2026:23:54:17 +1000] "GET /img.php HTTP/1.1" 404 55977 "-" "-"
34.205.170.13 - - [13/Jun/2026:23:54:18 +1000] "GET /wp-json/oembed/1.0/embed?format=xml&url=https://goldcoast.aussieseafoodhouse.com.au/crab-quiche-6x6-jpg/ HTTP/1.1" 200 1262 "-" "Mozilla/5.0 AppleWebKit/537.36 (KHTML, like Gecko; compatible; Amazonbot/0.1; +https://developer.amazon.com/support/amazonbot) Chrome/119.0.6045.214 Safari/537.36"
74.249.144.130 - - [13/Jun/2026:23:54:19 +1000] "GET /bob.php HTTP/1.1" 404 55977 "-" "-"
74.249.144.130 - - [13/Jun/2026:23:54:20 +1000] "GET /drykl.php HTTP/1.1" 404 55977 "-" "-"
74.249.144.130 - - [13/Jun/2026:23:54:21 +1000] "GET /w.php HTTP/1.1" 404 55977 "-" "-"
74.249.144.130 - - [13/Jun/2026:23:54:22 +1000] "GET /aj11.php HTTP/1.1" 404 55977 "-" "-"
74.249.144.130 - - [13/Jun/2026:23:54:24 +1000] "GET /gecko.php HTTP/1.1" 404 55977 "-" "-"
74.249.144.130 - - [13/Jun/2026:23:54:25 +1000] "GET /wp-test.php HTTP/1.1" 404 55977 "-" "-"
74.249.144.130 - - [13/Jun/2026:23:54:26 +1000] "GET /19.php HTTP/1.1" 404 55977 "-" "-"
74.249.144.130 - - [13/Jun/2026:23:54:28 +1000] "GET /wps.php HTTP/1.1" 404 55977 "-" "-"
74.249.144.130 - - [13/Jun/2026:23:54:29 +1000] "GET /BDKR28WP.php HTTP/1.1" 404 55977 "-" "-"
74.249.144.130 - - [13/Jun/2026:23:54:31 +1000] "GET /f35.php HTTP/1.1" 404 55977 "-" "-"
74.249.144.130 - - [13/Jun/2026:23:54:32 +1000] "GET /xxx.php HTTP/1.1" 404 55977 "-" "-"
74.249.144.130 - - [13/Jun/2026:23:54:34 +1000] "GET /sx_pms.php HTTP/1.1" 404 55977 "-" "-"
74.249.144.130 - - [13/Jun/2026:23:54:35 +1000] "GET /wp-info.php HTTP/1.1" 404 55977 "-" "-"
74.249.144.130 - - [13/Jun/2026:23:54:37 +1000] "GET /like.php HTTP/1.1" 404 55977 "-" "-"
74.249.144.130 - - [13/Jun/2026:23:54:38 +1000] "GET /we.php HTTP/1.1" 404 55977 "-" "-"
74.249.144.130 - - [13/Jun/2026:23:54:40 +1000] "GET /wp.php HTTP/1.1" 404 55977 "-" "-"
74.249.144.130 - - [13/Jun/2026:23:54:41 +1000] "GET /wp-indx.php HTTP/1.1" 404 55977 "-" "-"
74.249.144.130 - - [13/Jun/2026:23:54:43 +1000] "GET /zoo.php HTTP/1.1" 404 55977 "-" "-"
74.249.144.130 - - [13/Jun/2026:23:54:44 +1000] "GET /wp-link-spm.php HTTP/1.1" 404 55977 "-" "-"
74.249.144.130 - - [13/Jun/2026:23:54:45 +1000] "GET /wp-link-snpm.php HTTP/1.1" 404 55977 "-" "-"
74.249.144.130 - - [13/Jun/2026:23:54:47 +1000] "GET /xminie.php HTTP/1.1" 404 55977 "-" "-"
74.249.144.130 - - [13/Jun/2026:23:54:49 +1000] "GET /bal.php HTTP/1.1" 404 55977 "-" "-"
74.249.144.130 - - [13/Jun/2026:23:54:50 +1000] "GET /11.php HTTP/1.1" 404 55977 "-" "-"
74.249.144.130 - - [13/Jun/2026:23:54:51 +1000] "GET /77.php HTTP/1.1" 404 55977 "-" "-"
74.249.144.130 - - [13/Jun/2026:23:54:53 +1000] "GET /x402.php HTTP/1.1" 404 55977 "-" "-"
74.249.144.130 - - [13/Jun/2026:23:54:55 +1000] "GET /themes.php HTTP/1.1" 404 55977 "-" "-"
74.249.144.130 - - [13/Jun/2026:23:54:56 +1000] "GET /test1.php HTTP/1.1" 404 55977 "-" "-"
74.249.144.130 - - [13/Jun/2026:23:54:58 +1000] "GET /tires.php HTTP/1.1" 404 55977 "-" "-"
74.249.144.130 - - [13/Jun/2026:23:54:59 +1000] "GET /bthil.php HTTP/1.1" 404 55977 "-" "-"
74.249.144.130 - - [13/Jun/2026:23:55:00 +1000] "GET /d.php HTTP/1.1" 404 55977 "-" "-"
74.249.144.130 - - [13/Jun/2026:23:55:02 +1000] "GET /fone1.php HTTP/1.1" 404 55977 "-" "-"
74.249.144.130 - - [13/Jun/2026:23:55:03 +1000] "GET /sallu.php HTTP/1.1" 404 55977 "-" "-"
74.249.144.130 - - [13/Jun/2026:23:55:04 +1000] "GET /link.php HTTP/1.1" 404 55977 "-" "-"
74.249.144.130 - - [13/Jun/2026:23:55:06 +1000] "GET /edit.php HTTP/1.1" 404 55977 "-" "-"
74.249.144.130 - - [13/Jun/2026:23:55:08 +1000] "GET /pp.php HTTP/1.1" 404 55977 "-" "-"
74.249.144.130 - - [13/Jun/2026:23:55:09 +1000] "GET /one.php HTTP/1.1" 404 55977 "-" "-"
74.249.144.130 - - [13/Jun/2026:23:55:10 +1000] "GET /roksad1.php HTTP/1.1" 404 55977 "-" "-"
74.249.144.130 - - [13/Jun/2026:23:55:12 +1000] "GET /axe.php HTTP/1.1" 404 55977 "-" "-"
74.249.144.130 - - [13/Jun/2026:23:55:13 +1000] "GET /de.php HTTP/1.1" 404 55977 "-" "-"
74.249.144.130 - - [13/Jun/2026:23:55:14 +1000] "GET /aa.php HTTP/1.1" 404 55977 "-" "-"
74.249.144.130 - - [13/Jun/2026:23:55:16 +1000] "GET /f5.php HTTP/1.1" 404 55977 "-" "-"
74.249.144.130 - - [13/Jun/2026:23:55:18 +1000] "GET /view.php HTTP/1.1" 404 55977 "-" "-"
74.249.144.130 - - [13/Jun/2026:23:55:19 +1000] "GET /bc.php HTTP/1.1" 404 55977 "-" "-"
74.249.144.130 - - [13/Jun/2026:23:55:20 +1000] "GET /tx79.php HTTP/1.1" 404 55977 "-" "-"
74.249.144.130 - - [13/Jun/2026:23:55:21 +1000] "GET /moshou.php HTTP/1.1" 404 55977 "-" "-"
74.249.144.130 - - [13/Jun/2026:23:55:23 +1000] "GET /lib.php HTTP/1.1" 404 55977 "-" "-"
74.249.144.130 - - [13/Jun/2026:23:55:24 +1000] "GET /zoper1.php HTTP/1.1" 404 55977 "-" "-"
74.249.144.130 - - [13/Jun/2026:23:55:26 +1000] "GET /dostshell.php HTTP/1.1" 404 55977 "-" "-"
74.249.144.130 - - [13/Jun/2026:23:55:27 +1000] "GET /doc.php HTTP/1.1" 404 55977 "-" "-"
74.249.144.130 - - [13/Jun/2026:23:55:28 +1000] "GET /mar.php HTTP/1.1" 404 55977 "-" "-"
74.249.144.130 - - [13/Jun/2026:23:55:29 +1000] "GET /casp1.php HTTP/1.1" 404 55977 "-" "-"
74.249.144.130 - - [13/Jun/2026:23:55:31 +1000] "GET /a1.php HTTP/1.1" 404 55977 "-" "-"
74.249.144.130 - - [13/Jun/2026:23:55:32 +1000] "GET /xltt.php HTTP/1.1" 404 55977 "-" "-"
74.249.144.130 - - [13/Jun/2026:23:55:34 +1000] "GET /cilus.php HTTP/1.1" 404 55977 "-" "-"
74.249.144.130 - - [13/Jun/2026:23:55:36 +1000] "GET /press.php HTTP/1.1" 404 55977 "-" "-"
74.249.144.130 - - [13/Jun/2026:23:55:38 +1000] "GET /ss.php HTTP/1.1" 404 55977 "-" "-"
74.249.144.130 - - [13/Jun/2026:23:55:39 +1000] "GET /options.php HTTP/1.1" 404 55977 "-" "-"
74.249.144.130 - - [13/Jun/2026:23:55:40 +1000] "GET /7.php HTTP/1.1" 404 55977 "-" "-"
74.249.144.130 - - [13/Jun/2026:23:55:42 +1000] "GET /ggb.php HTTP/1.1" 404 55977 "-" "-"
18.207.27.67 - - [13/Jun/2026:23:55:41 +1000] "HEAD /sony-dsc-933/ HTTP/1.1" 200 - "-" "Mozilla/5.0 AppleWebKit/605.1.15 (KHTML, like Gecko) Chrome/139.0.0.0 Safari/605.1.15"
74.249.144.130 - - [13/Jun/2026:23:55:43 +1000] "GET /xxa.php HTTP/1.1" 404 55977 "-" "-"
174.129.182.173 - - [13/Jun/2026:23:55:45 +1000] "HEAD /wp-json/oembed/1.0/embed?format=xml&url=https://goldcoast.aussieseafoodhouse.com.au/egg-and-crumb-6x6-1-jpg/ HTTP/1.1" 200 - "-" "Mozilla/5.0 AppleWebKit/605.1.15 (KHTML, like Gecko) Chrome/139.0.0.0 Safari/605.1.15"
74.249.144.130 - - [13/Jun/2026:23:55:45 +1000] "GET /fs.php HTTP/1.1" 404 55977 "-" "-"
74.249.144.130 - - [13/Jun/2026:23:55:47 +1000] "GET /2.php HTTP/1.1" 404 55977 "-" "-"
74.249.144.130 - - [13/Jun/2026:23:55:48 +1000] "GET /12.php HTTP/1.1" 404 55977 "-" "-"
74.249.144.130 - - [13/Jun/2026:23:55:50 +1000] "GET /acp.php HTTP/1.1" 404 55977 "-" "-"
74.249.144.130 - - [13/Jun/2026:23:55:51 +1000] "GET /alpha.php HTTP/1.1" 404 55977 "-" "-"
74.249.144.130 - - [13/Jun/2026:23:55:52 +1000] "GET /yuzuru1.php HTTP/1.1" 404 55977 "-" "-"
74.249.144.130 - - [13/Jun/2026:23:55:54 +1000] "GET /insta.php HTTP/1.1" 404 55977 "-" "-"
40.77.167.241 - - [13/Jun/2026:23:55:54 +1000] "GET /product/prawn-salsa-this-is-queensland-living/Prawn-salsa-6x6-1.jpg HTTP/1.1" 301 - "-" "Mozilla/5.0 AppleWebKit/537.36 (KHTML, like Gecko; compatible; bingbot/2.0; +http://www.bing.com/bingbot.htm) Chrome/116.0.1938.76 Safari/537.36"
74.249.144.130 - - [13/Jun/2026:23:55:55 +1000] "GET /wp-kz.php HTTP/1.1" 404 55977 "-" "-"
40.77.167.241 - - [13/Jun/2026:23:55:55 +1000] "GET /prawn-salsa-6x6-1-jpg/ HTTP/1.1" 200 14110 "-" "Mozilla/5.0 AppleWebKit/537.36 (KHTML, like Gecko; compatible; bingbot/2.0; +http://www.bing.com/bingbot.htm) Chrome/116.0.1938.76 Safari/537.36"
74.249.144.130 - - [13/Jun/2026:23:55:56 +1000] "GET /xs.php HTTP/1.1" 404 55977 "-" "-"
74.249.144.130 - - [13/Jun/2026:23:55:58 +1000] "GET /xwx1.php HTTP/1.1" 404 55977 "-" "-"
74.249.144.130 - - [13/Jun/2026:23:55:59 +1000] "GET /xmu.php HTTP/1.1" 404 55977 "-" "-"
74.249.144.130 - - [13/Jun/2026:23:56:01 +1000] "GET /ayk.php HTTP/1.1" 404 55977 "-" "-"
74.249.144.130 - - [13/Jun/2026:23:56:02 +1000] "GET /wpxml.php HTTP/1.1" 404 55977 "-" "-"
74.249.144.130 - - [13/Jun/2026:23:56:03 +1000] "GET /zo.php HTTP/1.1" 404 55977 "-" "-"
74.249.144.130 - - [13/Jun/2026:23:56:04 +1000] "GET /sky.php HTTP/1.1" 404 55977 "-" "-"
74.249.144.130 - - [13/Jun/2026:23:56:06 +1000] "GET /rh.php HTTP/1.1" 404 55977 "-" "-"
74.249.144.130 - - [13/Jun/2026:23:56:07 +1000] "GET /ortasekerli1.php HTTP/1.1" 404 55977 "-" "-"
74.249.144.130 - - [13/Jun/2026:23:56:09 +1000] "GET /3369.php HTTP/1.1" 404 55977 "-" "-"
74.249.144.130 - - [13/Jun/2026:23:56:10 +1000] "GET /300.php7 HTTP/1.1" 404 55977 "-" "-"
189.113.196.35 - - [13/Jun/2026:23:56:10 +1000] "GET /wp-content/uploads/sites/14/2016/11/Seafood-Cocktail-600-x-600-180x180.jpg HTTP/1.1" 200 8567 "-" "Mozilla/5.0 (X11; Linux i686; rv:1.9.6.20) Gecko/5988-10-04 23:54:06.644806 Firefox/3.6.5"
74.249.144.130 - - [13/Jun/2026:23:56:11 +1000] "GET /201.php7 HTTP/1.1" 404 55977 "-" "-"
74.249.144.130 - - [13/Jun/2026:23:56:20 +1000] "GET /goat.php HTTP/1.1" 404 55977 "-" "-"
74.249.144.130 - - [13/Jun/2026:23:56:30 +1000] "GET /setup.php HTTP/1.1" 404 55977 "-" "-"
74.249.144.130 - - [13/Jun/2026:23:56:31 +1000] "GET /aj12.php HTTP/1.1" 404 55977 "-" "-"
74.249.144.130 - - [13/Jun/2026:23:56:33 +1000] "GET /rip.php HTTP/1.1" 404 55977 "-" "-"
74.249.144.130 - - [13/Jun/2026:23:56:34 +1000] "GET /OVO7xf.php HTTP/1.1" 404 55977 "-" "-"
74.249.144.130 - - [13/Jun/2026:23:56:45 +1000] "GET /zero.php HTTP/1.1" 404 55977 "-" "-"
74.249.144.130 - - [13/Jun/2026:23:56:48 +1000] "GET /ey5.php HTTP/1.1" 404 55977 "-" "-"
40.77.167.14 - - [13/Jun/2026:23:58:15 +1000] "GET /wp-content/uploads/sites/14/2019/07/Octopus-large.jpg HTTP/1.1" 200 253107 "-" "Mozilla/5.0 AppleWebKit/537.36 (KHTML, like Gecko; compatible; bingbot/2.0; +http://www.bing.com/bingbot.htm) Chrome/116.0.1938.76 Safari/537.36"
160.22.78.242 - - [13/Jun/2026:23:59:45 +1000] "POST /wp-cron.php?doing_wp_cron=1781359185.9769880771636962890625 HTTP/1.1" 200 - "https://goldcoast.aussieseafoodhouse.com.au/wp-cron.php?doing_wp_cron=1781359185.9769880771636962890625" "WordPress/5.5.18; https://goldcoast.aussieseafoodhouse.com.au"
216.73.217.127 - - [13/Jun/2026:23:59:43 +1000] "GET /?p=6397 HTTP/1.1" 301 - "-" "Mozilla/5.0 AppleWebKit/537.36 (KHTML, like Gecko; compatible; ClaudeBot/1.0; +claudebot@anthropic.com)"
216.73.217.127 - - [13/Jun/2026:23:59:46 +1000] "GET /fish-ball-with-roe-4-6x6-1-jpg/ HTTP/1.1" 200 14112 "https://goldcoast.aussieseafoodhouse.com.au/?p=6397" "Mozilla/5.0 AppleWebKit/537.36 (KHTML, like Gecko; compatible; ClaudeBot/1.0; +claudebot@anthropic.com)"
160.22.78.242 - - [14/Jun/2026:00:01:12 +1000] "POST /wp-cron.php?doing_wp_cron=1781359272.4973590373992919921875 HTTP/1.1" 200 - "https://goldcoast.aussieseafoodhouse.com.au/wp-cron.php?doing_wp_cron=1781359272.4973590373992919921875" "WordPress/5.5.18; https://goldcoast.aussieseafoodhouse.com.au"
62.84.186.183 - - [14/Jun/2026:00:01:10 +1000] "GET /wp-login.php HTTP/1.1" 200 2173 "-" "Mozilla/5.0 (Windows NT 10.0; WOW64) AppleWebKit/537.36 (KHTML, like Gecko) Chrome/133.0.0.0 Safari/537.36"
62.84.186.183 - - [14/Jun/2026:00:01:13 +1000] "POST /wp-login.php HTTP/1.1" 503 7074 "https://www.goldcoast.aussieseafoodhouse.com.au/wp-login.php" "Mozilla/5.0 (Windows NT 10.0; WOW64) AppleWebKit/537.36 (KHTML, like Gecko) Chrome/133.0.0.0 Safari/537.36"
160.22.78.242 - - [14/Jun/2026:00:01:43 +1000] "POST /wp-cron.php?doing_wp_cron=1781359303.4151298999786376953125 HTTP/1.1" 200 - "https://goldcoast.aussieseafoodhouse.com.au/wp-cron.php?doing_wp_cron=1781359303.4151298999786376953125" "WordPress/5.5.18; https://goldcoast.aussieseafoodhouse.com.au"
17.22.245.167 - - [14/Jun/2026:00:01:43 +1000] "GET /product/fresh-prawn-roll/ HTTP/1.1" 200 19966 "-" "Mozilla/5.0 (Macintosh; Intel Mac OS X 10_15_7) AppleWebKit/605.1.15 (KHTML, like Gecko) Version/17.4 Safari/605.1.15 (Applebot/0.1; +http://www.apple.com/go/applebot)"
185.125.27.44 - - [14/Jun/2026:00:02:00 +1000] "GET /wp-login.php HTTP/1.1" 503 7121 "-" "Mozilla/5.0 (Macintosh; Intel Mac OS X 10_15_7) AppleWebKit/537.36 (KHTML, like Gecko) Chrome/133.0.0.0 Safari/537.36 Edg/133.0.0.0"
185.125.27.44 - - [14/Jun/2026:00:02:01 +1000] "POST /wp-login.php HTTP/1.1" 503 7121 "https://goldcoast.aussieseafoodhouse.com.au/wp-login.php" "Mozilla/5.0 (Macintosh; Intel Mac OS X 10_15_7) AppleWebKit/537.36 (KHTML, like Gecko) Chrome/133.0.0.0 Safari/537.36 Edg/133.0.0.0"
216.244.66.227 - - [14/Jun/2026:00:03:46 +1000] "GET /robots.txt HTTP/1.1" 200 136 "-" "Mozilla/5.0 (compatible; DotBot/1.2; +https://opensiteexplorer.org/dotbot; help@moz.com)"
160.22.78.242 - - [14/Jun/2026:00:04:44 +1000] "POST /wp-cron.php?doing_wp_cron=1781359484.4251229763031005859375 HTTP/1.1" 200 - "https://goldcoast.aussieseafoodhouse.com.au/wp-cron.php?doing_wp_cron=1781359484.4251229763031005859375" "WordPress/5.5.18; https://goldcoast.aussieseafoodhouse.com.au"
181.55.70.79 - - [14/Jun/2026:00:04:42 +1000] "GET /product/squid-fresh/ HTTP/1.1" 200 21006 "-" "Mozilla/5.0 (Windows NT 10.0; Win64; x64) AppleWebKit/537.36 (KHTML, like Gecko) Chrome/99.0.1150.52 Safari/537.36"
216.73.217.127 - - [14/Jun/2026:00:05:04 +1000] "GET /robots.txt HTTP/1.1" 200 125 "-" "Mozilla/5.0 AppleWebKit/537.36 (KHTML, like Gecko; compatible; ClaudeBot/1.0; +claudebot@anthropic.com)"
216.73.217.127 - - [14/Jun/2026:00:05:05 +1000] "GET /fish-balls-6x6-1-jpg/ HTTP/1.1" 200 14089 "-" "Mozilla/5.0 AppleWebKit/537.36 (KHTML, like Gecko; compatible; ClaudeBot/1.0; +claudebot@anthropic.com)"
47.79.206.138 - - [14/Jun/2026:00:05:30 +1000] "GET /product/octopus-baby-8-32kg-10kg-box HTTP/1.1" 301 - "https://www.google.com/" "Mozilla/5.0 (Linux; Android 10; K) AppleWebKit/537.36 (KHTML, like Gecko) Chrome/132.0.0.0 Mobile Safari/537.36"
47.79.206.138 - - [14/Jun/2026:00:05:32 +1000] "GET /product/octopus-baby-8-32kg-10kg-box/ HTTP/1.1" 200 18606 "https://www.google.com/" "Mozilla/5.0 (Linux; Android 10; K) AppleWebKit/537.36 (KHTML, like Gecko) Chrome/132.0.0.0 Mobile Safari/537.36"
160.22.78.242 - - [14/Jun/2026:00:06:51 +1000] "POST /wp-cron.php?doing_wp_cron=1781359611.5401630401611328125000 HTTP/1.1" 200 - "https://goldcoast.aussieseafoodhouse.com.au/wp-cron.php?doing_wp_cron=1781359611.5401630401611328125000" "WordPress/5.5.18; https://goldcoast.aussieseafoodhouse.com.au"
44.208.193.63 - - [14/Jun/2026:00:06:49 +1000] "GET /wp-json/oembed/1.0/embed?url=https://goldcoast.aussieseafoodhouse.com.au/product/fish-cakes-yummy/ HTTP/1.1" 200 1293 "-" "Mozilla/5.0 AppleWebKit/537.36 (KHTML, like Gecko; compatible; Amazonbot/0.1; +https://developer.amazon.com/support/amazonbot) Chrome/119.0.6045.214 Safari/537.36"
119.195.102.159 - - [14/Jun/2026:00:07:21 +1000] "GET /wp-login.php HTTP/1.1" 200 2173 "-" "Mozilla/5.0 (Macintosh; Intel Mac OS X 10_15_7) AppleWebKit/605.1.15 (KHTML, like Gecko) Version/18.3 Safari/605.1.15"
119.195.102.159 - - [14/Jun/2026:00:07:23 +1000] "POST /wp-login.php HTTP/1.1" 503 7074 "https://www.goldcoast.aussieseafoodhouse.com.au/wp-login.php" "Mozilla/5.0 (Macintosh; Intel Mac OS X 10_15_7) AppleWebKit/605.1.15 (KHTML, like Gecko) Version/18.3 Safari/605.1.15"
160.22.78.242 - - [14/Jun/2026:00:08:09 +1000] "POST /wp-cron.php?doing_wp_cron=1781359689.0224308967590332031250 HTTP/1.1" 200 - "https://goldcoast.aussieseafoodhouse.com.au/wp-cron.php?doing_wp_cron=1781359689.0224308967590332031250" "WordPress/5.5.18; https://goldcoast.aussieseafoodhouse.com.au"
114.119.141.194 - - [14/Jun/2026:00:08:06 +1000] "GET /product/seafood-extender-10kg-nab/ HTTP/1.1" 200 18337 "https://goldcoast.aussieseafoodhouse.com.au/product/scampi-large-wild-caught" "Mozilla/5.0 (Linux; Android 7.0;) AppleWebKit/537.36 (HTML, like Gecko) Mobile Safari/537.36 (compatible; PetalBot;+https://webmaster.petalsearch.com/site/petalbot)"
54.156.124.2 - - [14/Jun/2026:00:08:30 +1000] "GET /wp-json/oembed/1.0/embed?format=xml&url=https://goldcoast.aussieseafoodhouse.com.au/lemon-and-garlic-prawn-6x6/ HTTP/1.1" 200 1282 "-" "Mozilla/5.0 AppleWebKit/537.36 (KHTML, like Gecko; compatible; Amazonbot/0.1; +https://developer.amazon.com/support/amazonbot) Chrome/119.0.6045.214 Safari/537.36"
160.22.78.242 - - [14/Jun/2026:00:08:37 +1000] "POST /wp-cron.php?doing_wp_cron=1781359716.9948658943176269531250 HTTP/1.1" 200 - "https://goldcoast.aussieseafoodhouse.com.au/wp-cron.php?doing_wp_cron=1781359716.9948658943176269531250" "WordPress/5.5.18; https://goldcoast.aussieseafoodhouse.com.au"
52.167.144.182 - - [14/Jun/2026:00:08:36 +1000] "GET /product/scallops-tassie-fresh-new-season/ HTTP/1.1" 200 21275 "-" "Mozilla/5.0 AppleWebKit/537.36 (KHTML, like Gecko; compatible; bingbot/2.0; +http://www.bing.com/bingbot.htm) Chrome/116.0.1938.76 Safari/537.36"
216.73.217.127 - - [14/Jun/2026:00:09:19 +1000] "GET /fish-balls-with-roe-8-6x6-1-jpg/ HTTP/1.1" 200 14109 "-" "Mozilla/5.0 AppleWebKit/537.36 (KHTML, like Gecko; compatible; ClaudeBot/1.0; +claudebot@anthropic.com)"
17.22.245.42 - - [14/Jun/2026:00:10:27 +1000] "POST /?wc-ajax=get_refreshed_fragments HTTP/1.1" 200 161 "https://goldcoast.aussieseafoodhouse.com.au/product/fresh-prawn-roll/" "Mozilla/5.0 (Macintosh; Intel Mac OS X 10_15_7) AppleWebKit/605.1.15 (KHTML, like Gecko) Version/17.4 Safari/605.1.15 (Applebot/0.1; +http://www.apple.com/go/applebot)"
143.198.203.76 - - [14/Jun/2026:00:10:45 +1000] "GET /wp-login.php HTTP/1.1" 200 2173 "-" "Mozilla/5.0 (Windows NT 10.0; Win64; x64) AppleWebKit/537.36 (KHTML, like Gecko) Chrome/120.0.0.0 Safari/537.36"
143.198.203.76 - - [14/Jun/2026:00:10:47 +1000] "GET /wp-login.php HTTP/1.1" 200 2173 "-" "Mozilla/5.0 (Windows NT 10.0; Win64; x64) AppleWebKit/537.36 (KHTML, like Gecko) Chrome/120.0.0.0 Safari/537.36"
143.198.203.76 - - [14/Jun/2026:00:10:47 +1000] "POST /wp-login.php HTTP/1.1" 503 7073 "https://goldcoast.aussieseafoodhouse.com.au/wp-login.php" "Mozilla/5.0 (Windows NT 10.0; Win64; x64) AppleWebKit/537.36 (KHTML, like Gecko) Chrome/120.0.0.0 Safari/537.36"
54.144.185.255 - - [14/Jun/2026:00:11:09 +1000] "GET /wp-json/oembed/1.0/embed?url=https://goldcoast.aussieseafoodhouse.com.au/jon-dory-whole-to-fillets-6x6-1-jpg/ HTTP/1.1" 200 1260 "-" "Mozilla/5.0 AppleWebKit/537.36 (KHTML, like Gecko; compatible; Amazonbot/0.1; +https://developer.amazon.com/support/amazonbot) Chrome/119.0.6045.214 Safari/537.36"
3.215.59.93 - - [14/Jun/2026:00:11:21 +1000] "GET /wp-json/wp/v2/media/1737 HTTP/1.1" 200 1747 "-" "Mozilla/5.0 AppleWebKit/537.36 (KHTML, like Gecko; compatible; Amazonbot/0.1; +https://developer.amazon.com/support/amazonbot) Chrome/119.0.6045.214 Safari/537.36"
160.22.78.242 - - [14/Jun/2026:00:11:38 +1000] "POST /wp-cron.php?doing_wp_cron=1781359898.3722040653228759765625 HTTP/1.1" 200 - "https://goldcoast.aussieseafoodhouse.com.au/wp-cron.php?doing_wp_cron=1781359898.3722040653228759765625" "WordPress/5.5.18; https://goldcoast.aussieseafoodhouse.com.au"
54.84.102.81 - - [14/Jun/2026:00:11:38 +1000] "GET /wp-json/oembed/1.0/embed?format=xml&url=https://goldcoast.aussieseafoodhouse.com.au/paua_mince/ HTTP/1.1" 200 1247 "-" "Mozilla/5.0 AppleWebKit/537.36 (KHTML, like Gecko; compatible; Amazonbot/0.1; +https://developer.amazon.com/support/amazonbot) Chrome/119.0.6045.214 Safari/537.36"
66.249.69.236 - - [14/Jun/2026:00:11:46 +1000] "GET /wp-content/uploads/sites/14/2022/12/Goldband-Snapper-Qld-Line-Caught-45-6x6-aus.jpg HTTP/1.1" 304 - "-" "Googlebot-Image/1.0"
161.35.122.188 - - [14/Jun/2026:00:12:38 +1000] "GET /wp-content/uploads/sites/14/2026/03/tilapia-6x6-aus-dpi-approved-100x100.jpg HTTP/1.1" 200 5046 "https://goldcoast.aussieseafoodhouse.com.au/" "Mozilla/5.0 (Windows NT 10.0; Win64; x64) AppleWebKit/537.36 (KHTML, like Gecko) Chrome/131.0.0.0 Safari/537.36"
216.244.66.227 - - [14/Jun/2026:00:12:59 +1000] "GET /wp-content/uploads/sites/14/2021/10/Flake-Steaks-6x6-1.jpg HTTP/1.1" 200 302875 "-" "Mozilla/5.0 (compatible; DotBot/1.2; +https://opensiteexplorer.org/dotbot; help@moz.com)"
216.244.66.227 - - [14/Jun/2026:00:13:04 +1000] "GET /wp-content/uploads/sites/14/2021/06/Groper-blue-eye-33-6x6-.jpg HTTP/1.1" 200 284172 "-" "Mozilla/5.0 (compatible; DotBot/1.2; +https://opensiteexplorer.org/dotbot; help@moz.com)"
40.77.167.241 - - [14/Jun/2026:00:14:36 +1000] "GET /wp-content/uploads/sites/14/2021/10/Salmon-Fillets-8-6x6-ash-sizzling-salmon-300x300.jpg HTTP/1.1" 200 32820 "-" "Mozilla/5.0 AppleWebKit/537.36 (KHTML, like Gecko; compatible; bingbot/2.0; +http://www.bing.com/bingbot.htm) Chrome/116.0.1938.76 Safari/537.36"
160.22.78.242 - - [14/Jun/2026:00:16:10 +1000] "POST /wp-cron.php?doing_wp_cron=1781360170.7864570617675781250000 HTTP/1.1" 200 - "https://goldcoast.aussieseafoodhouse.com.au/wp-cron.php?doing_wp_cron=1781360170.7864570617675781250000" "WordPress/5.5.18; https://goldcoast.aussieseafoodhouse.com.au"
34.227.234.246 - - [14/Jun/2026:00:16:08 +1000] "GET /sony-dsc-439/ HTTP/1.1" 200 14114 "-" "Mozilla/5.0 AppleWebKit/537.36 (KHTML, like Gecko; compatible; Amazonbot/0.1; +https://developer.amazon.com/support/amazonbot) Chrome/119.0.6045.214 Safari/537.36"
52.54.15.103 - - [14/Jun/2026:00:16:11 +1000] "GET /product/paella-easier-than-you-think/ HTTP/1.1" 200 19936 "-" "Mozilla/5.0 AppleWebKit/537.36 (KHTML, like Gecko; compatible; Amazonbot/0.1; +https://developer.amazon.com/support/amazonbot) Chrome/119.0.6045.214 Safari/537.36"
160.22.78.242 - - [14/Jun/2026:00:19:29 +1000] "POST /wp-cron.php?doing_wp_cron=1781360369.5961201190948486328125 HTTP/1.1" 200 - "https://goldcoast.aussieseafoodhouse.com.au/wp-cron.php?doing_wp_cron=1781360369.5961201190948486328125" "WordPress/5.5.18; https://goldcoast.aussieseafoodhouse.com.au"
66.249.69.235 - - [14/Jun/2026:00:19:27 +1000] "GET /product/john-dory-st-peters-fish/ HTTP/1.1" 200 18782 "-" "Mozilla/5.0 (Linux; Android 6.0.1; Nexus 5X Build/MMB29P) AppleWebKit/537.36 (KHTML, like Gecko) Chrome/148.0.7778.96 Mobile Safari/537.36 (compatible; Googlebot/2.1; +http://www.google.com/bot.html)"
160.22.78.242 - - [14/Jun/2026:00:19:50 +1000] "POST /wp-cron.php?doing_wp_cron=1781360390.1049299240112304687500 HTTP/1.1" 200 - "https://goldcoast.aussieseafoodhouse.com.au/wp-cron.php?doing_wp_cron=1781360390.1049299240112304687500" "WordPress/5.5.18; https://goldcoast.aussieseafoodhouse.com.au"
118.233.90.178 - - [14/Jun/2026:00:19:49 +1000] "GET /wp-login.php HTTP/1.1" 200 2173 "-" "Mozilla/5.0 (Windows NT 10.0; Win64; x64) AppleWebKit/537.36 (KHTML, like Gecko) Chrome/120.0.0.0 Safari/537.36"
54.147.238.89 - - [14/Jun/2026:00:19:51 +1000] "GET /product-category/shop/uncategorized/page/2/ HTTP/1.1" 200 17718 "-" "Mozilla/5.0 AppleWebKit/537.36 (KHTML, like Gecko; compatible; Amazonbot/0.1; +https://developer.amazon.com/support/amazonbot) Chrome/119.0.6045.214 Safari/537.36"
14.2.30.246 - - [14/Jun/2026:00:20:24 +1000] "GET /wp-content/uploads/sites/14/2018/05/Mullet-Roe-6x6.jpg HTTP/1.1" 200 230525 "https://www.google.com/" "Mozilla/5.0 (Windows NT 10.0; Win64; x64) AppleWebKit/537.36 (KHTML, like Gecko) Chrome/149.0.0.0 Safari/537.36"
160.22.78.242 - - [14/Jun/2026:00:21:50 +1000] "POST /wp-admin/admin-ajax.php?action=wp_14_wc_privacy_cleanup&nonce=252146af62 HTTP/1.1" 200 - "https://goldcoast.aussieseafoodhouse.com.au/wp-admin/admin-ajax.php?action=wp_14_wc_privacy_cleanup&nonce=252146af62" "WordPress/5.5.18; https://goldcoast.aussieseafoodhouse.com.au"
160.22.78.242 - - [14/Jun/2026:00:21:50 +1000] "POST /wp-cron.php?doing_wp_cron=1781360510.1062428951263427734375 HTTP/1.1" 200 - "https://goldcoast.aussieseafoodhouse.com.au/wp-cron.php?doing_wp_cron=1781360510.1062428951263427734375" "WordPress/5.5.18; https://goldcoast.aussieseafoodhouse.com.au"
68.183.43.38 - - [14/Jun/2026:00:21:47 +1000] "GET /wp-login.php HTTP/1.1" 200 2173 "-" "Mozilla/5.0 (Windows NT 10.0; Win64; x64) AppleWebKit/537.36 (KHTML, like Gecko) Chrome/133.0.0.0 Safari/537.36"
160.22.78.242 - - [14/Jun/2026:00:21:51 +1000] "POST /wp-cron.php?doing_wp_cron=1781360511.5408630371093750000000 HTTP/1.1" 200 - "https://goldcoast.aussieseafoodhouse.com.au/wp-cron.php?doing_wp_cron=1781360511.5408630371093750000000" "WordPress/5.5.18; https://goldcoast.aussieseafoodhouse.com.au"
68.183.43.38 - - [14/Jun/2026:00:21:51 +1000] "POST /wp-login.php HTTP/1.1" 503 7074 "https://www.goldcoast.aussieseafoodhouse.com.au/wp-login.php" "Mozilla/5.0 (Windows NT 10.0; Win64; x64) AppleWebKit/537.36 (KHTML, like Gecko) Chrome/133.0.0.0 Safari/537.36"
66.249.69.235 - - [14/Jun/2026:00:27:09 +1000] "GET /product/ocean-kings-2/ HTTP/1.1" 200 18977 "-" "Mozilla/5.0 (Linux; Android 6.0.1; Nexus 5X Build/MMB29P) AppleWebKit/537.36 (KHTML, like Gecko) Chrome/148.0.7778.96 Mobile Safari/537.36 (compatible; GoogleOther)"
66.249.69.234 - - [14/Jun/2026:00:27:14 +1000] "GET /wp-content/plugins/yith-woocommerce-product-add-ons/assets/css/yith-wapo.css?ver=2.0.1 HTTP/1.1" 200 2640 "https://goldcoast.aussieseafoodhouse.com.au/product/ocean-kings-2/" "Mozilla/5.0 (Linux; Android 6.0.1; Nexus 5X Build/MMB29P) AppleWebKit/537.36 (KHTML, like Gecko) Chrome/148.0.7778.96 Mobile Safari/537.36 (compatible; GoogleOther)"
66.249.69.235 - - [14/Jun/2026:00:27:17 +1000] "GET /wp-content/plugins/woocommerce/assets/js/frontend/single-product.min.js?ver=5.5.5 HTTP/1.1" 200 1881 "https://goldcoast.aussieseafoodhouse.com.au/product/ocean-kings-2/" "Mozilla/5.0 (Linux; Android 6.0.1; Nexus 5X Build/MMB29P) AppleWebKit/537.36 (KHTML, like Gecko) Chrome/148.0.7778.96 Mobile Safari/537.36 (compatible; GoogleOther)"
66.249.69.234 - - [14/Jun/2026:00:27:21 +1000] "GET /wp-content/plugins/woocommerce/assets/js/photoswipe/photoswipe.min.js?ver=4.1.1 HTTP/1.1" 200 11939 "https://goldcoast.aussieseafoodhouse.com.au/product/ocean-kings-2/" "Mozilla/5.0 (Linux; Android 6.0.1; Nexus 5X Build/MMB29P) AppleWebKit/537.36 (KHTML, like Gecko) Chrome/148.0.7778.96 Mobile Safari/537.36 (compatible; GoogleOther)"
66.249.69.234 - - [14/Jun/2026:00:27:25 +1000] "GET /wp-includes/js/jquery/ui/core.min.js?ver=1.11.4 HTTP/1.1" 200 1811 "https://goldcoast.aussieseafoodhouse.com.au/product/ocean-kings-2/" "Mozilla/5.0 (Linux; Android 6.0.1; Nexus 5X Build/MMB29P) AppleWebKit/537.36 (KHTML, like Gecko) Chrome/148.0.7778.96 Mobile Safari/537.36 (compatible; GoogleOther)"
66.249.69.234 - - [14/Jun/2026:00:27:28 +1000] "POST /?wc-ajax=get_refreshed_fragments HTTP/1.1" 200 161 "https://goldcoast.aussieseafoodhouse.com.au/product/ocean-kings-2/" "Mozilla/5.0 (Linux; Android 6.0.1; Nexus 5X Build/MMB29P) AppleWebKit/537.36 (KHTML, like Gecko) Chrome/148.0.7778.96 Mobile Safari/537.36 (compatible; GoogleOther)"
160.22.78.242 - - [14/Jun/2026:00:27:57 +1000] "POST /wp-cron.php?doing_wp_cron=1781360877.3750550746917724609375 HTTP/1.1" 200 - "https://goldcoast.aussieseafoodhouse.com.au/wp-cron.php?doing_wp_cron=1781360877.3750550746917724609375" "WordPress/5.5.18; https://goldcoast.aussieseafoodhouse.com.au"
198.235.24.169 - - [14/Jun/2026:00:27:56 +1000] "GET / HTTP/1.1" 301 - "-" "Hello from Palo Alto Networks, find out more about our scans in https://docs-cortex.paloaltonetworks.com/r/1/Cortex-Xpanse/Scanning-activity"
198.235.24.169 - - [14/Jun/2026:00:27:58 +1000] "GET / HTTP/1.1" 200 71412 "-" "Hello from Palo Alto Networks, find out more about our scans in https://docs-cortex.paloaltonetworks.com/r/1/Cortex-Xpanse/Scanning-activity"
52.167.144.19 - - [14/Jun/2026:00:28:17 +1000] "GET /wp-content/uploads/sites/14/2021/06/a-information-on-shellfish-6x6-1-100x100.jpg HTTP/1.1" 200 4193 "-" "Mozilla/5.0 AppleWebKit/537.36 (KHTML, like Gecko; compatible; bingbot/2.0; +http://www.bing.com/bingbot.htm) Chrome/116.0.1938.76 Safari/537.36"
209.42.18.223 - - [14/Jun/2026:00:28:38 +1000] "GET /wp-login.php HTTP/1.1" 200 2173 "-" "Mozilla/5.0 (Macintosh; Intel Mac OS X 10_15_7) AppleWebKit/537.36 (KHTML, like Gecko) Chrome/133.0.0.0 Safari/537.36"
209.42.18.223 - - [14/Jun/2026:00:28:47 +1000] "POST /wp-login.php HTTP/1.1" 503 7074 "https://www.goldcoast.aussieseafoodhouse.com.au/wp-login.php" "Mozilla/5.0 (Macintosh; Intel Mac OS X 10_15_7) AppleWebKit/537.36 (KHTML, like Gecko) Chrome/133.0.0.0 Safari/537.36"
114.119.140.179 - - [14/Jun/2026:00:29:00 +1000] "GET /shop/page/12 HTTP/1.1" 301 - "https://goldcoast.aussieseafoodhouse.com.au/shop/page/14" "Mozilla/5.0 (Linux; Android 7.0;) AppleWebKit/537.36 (HTML, like Gecko) Mobile Safari/537.36 (compatible; PetalBot;+https://webmaster.petalsearch.com/site/petalbot)"
| ver. 1.4 |
Github
|
.
| PHP 7.4.33 | Generation time: 0 |
proxy
|
phpinfo
|
Settings