File manager - Edit - /var/log/apache2/domlogs/aussies6/goldcoast.aussieseafoodhouse.com.au-ssl_log
Back
66.249.69.235 - - [13/Jun/2026:22:04:30 +1000] "GET /product-category/facebook-savers/page/5/ HTTP/1.1" 200 17007 "-" "Mozilla/5.0 (Linux; Android 6.0.1; Nexus 5X Build/MMB29P) AppleWebKit/537.36 (KHTML, like Gecko) Chrome/148.0.7778.96 Mobile Safari/537.36 (compatible; GoogleOther)"
66.249.69.235 - - [13/Jun/2026:22:04:32 +1000] "GET /wp-content/themes/vantage/style.css?ver=5.5.18 HTTP/1.1" 200 14890 "https://goldcoast.aussieseafoodhouse.com.au/product-category/facebook-savers/page/5/" "Mozilla/5.0 (Linux; Android 6.0.1; Nexus 5X Build/MMB29P) AppleWebKit/537.36 (KHTML, like Gecko) Chrome/148.0.7778.96 Mobile Safari/537.36 (compatible; GoogleOther)"
66.249.69.235 - - [13/Jun/2026:22:04:34 +1000] "GET /wp-content/plugins/woocommerce/assets/css/woocommerce-layout.css?ver=5.5.5 HTTP/1.1" 200 2608 "https://goldcoast.aussieseafoodhouse.com.au/product-category/facebook-savers/page/5/" "Mozilla/5.0 (Linux; Android 6.0.1; Nexus 5X Build/MMB29P) AppleWebKit/537.36 (KHTML, like Gecko) Chrome/148.0.7778.96 Mobile Safari/537.36 (compatible; GoogleOther)"
66.249.69.234 - - [13/Jun/2026:22:04:37 +1000] "GET /wp-content/plugins/ml-slider/assets/sliders/flexslider/flexslider.css?ver=3.20.3 HTTP/1.1" 200 1166 "https://goldcoast.aussieseafoodhouse.com.au/product-category/facebook-savers/page/5/" "Mozilla/5.0 (Linux; Android 6.0.1; Nexus 5X Build/MMB29P) AppleWebKit/537.36 (KHTML, like Gecko) Chrome/148.0.7778.96 Mobile Safari/537.36 (compatible; GoogleOther)"
66.249.69.234 - - [13/Jun/2026:22:04:39 +1000] "GET /wp-content/plugins/woocommerce/assets/css/select2.css?ver=5.5.5 HTTP/1.1" 200 1943 "https://goldcoast.aussieseafoodhouse.com.au/product-category/facebook-savers/page/5/" "Mozilla/5.0 (Linux; Android 6.0.1; Nexus 5X Build/MMB29P) AppleWebKit/537.36 (KHTML, like Gecko) Chrome/148.0.7778.96 Mobile Safari/537.36 (compatible; GoogleOther)"
66.249.69.234 - - [13/Jun/2026:22:04:42 +1000] "GET /wp-content/plugins/woocommerce/assets/js/js-cookie/js.cookie.min.js?ver=2.1.4 HTTP/1.1" 200 982 "https://goldcoast.aussieseafoodhouse.com.au/product-category/facebook-savers/page/5/" "Mozilla/5.0 (Linux; Android 6.0.1; Nexus 5X Build/MMB29P) AppleWebKit/537.36 (KHTML, like Gecko) Chrome/148.0.7778.96 Mobile Safari/537.36 (compatible; GoogleOther)"
66.249.69.234 - - [13/Jun/2026:22:04:47 +1000] "GET /wp-content/plugins/woocommerce/assets/js/frontend/woocommerce.min.js?ver=5.5.5 HTTP/1.1" 200 794 "https://goldcoast.aussieseafoodhouse.com.au/product-category/facebook-savers/page/5/" "Mozilla/5.0 (Linux; Android 6.0.1; Nexus 5X Build/MMB29P) AppleWebKit/537.36 (KHTML, like Gecko) Chrome/148.0.7778.96 Mobile Safari/537.36 (compatible; GoogleOther)"
160.22.78.242 - - [13/Jun/2026:22:04:49 +1000] "POST /wp-cron.php?doing_wp_cron=1781352289.6570680141448974609375 HTTP/1.1" 200 - "https://goldcoast.aussieseafoodhouse.com.au/wp-cron.php?doing_wp_cron=1781352289.6570680141448974609375" "WordPress/5.5.18; https://goldcoast.aussieseafoodhouse.com.au"
66.249.69.234 - - [13/Jun/2026:22:04:49 +1000] "POST /?wc-ajax=get_refreshed_fragments HTTP/1.1" 200 161 "https://goldcoast.aussieseafoodhouse.com.au/product-category/facebook-savers/page/5/" "Mozilla/5.0 (Linux; Android 6.0.1; Nexus 5X Build/MMB29P) AppleWebKit/537.36 (KHTML, like Gecko) Chrome/148.0.7778.96 Mobile Safari/537.36 (compatible; GoogleOther)"
52.167.144.157 - - [13/Jun/2026:22:05:26 +1000] "GET /wp-content/uploads/sites/14/2022/11/Kings-Raw-10-20-6x6-aus-100x100.jpg HTTP/1.1" 200 21835 "-" "Mozilla/5.0 AppleWebKit/537.36 (KHTML, like Gecko; compatible; bingbot/2.0; +http://www.bing.com/bingbot.htm) Chrome/116.0.1938.76 Safari/537.36"
160.22.78.242 - - [13/Jun/2026:22:05:44 +1000] "POST /wp-cron.php?doing_wp_cron=1781352344.5227289199829101562500 HTTP/1.1" 200 - "https://goldcoast.aussieseafoodhouse.com.au/wp-cron.php?doing_wp_cron=1781352344.5227289199829101562500" "WordPress/5.5.18; https://goldcoast.aussieseafoodhouse.com.au"
34.204.150.196 - - [13/Jun/2026:22:05:42 +1000] "GET /wp-json/oembed/1.0/embed?format=xml&url=https://goldcoast.aussieseafoodhouse.com.au/product/cuttlefish-balls/ HTTP/1.1" 200 1291 "-" "Mozilla/5.0 AppleWebKit/537.36 (KHTML, like Gecko; compatible; Amazonbot/0.1; +https://developer.amazon.com/support/amazonbot) Chrome/119.0.6045.214 Safari/537.36"
143.20.253.131 - - [13/Jun/2026:22:06:07 +1000] "GET /wp-content/uploads/sites/14/2019/06/Pasta-1-6x6-600x600.jpg HTTP/1.1" 200 107532 "https://goldcoast.aussieseafoodhouse.com.au/" "Mozilla/5.0 (Windows NT 10.0; Win64; x64) AppleWebKit/537.36 (KHTML, like Gecko) Chrome/107.0.0.0 Safari/537.36"
52.167.144.189 - - [13/Jun/2026:22:06:44 +1000] "GET /wp-content/uploads/sites/14/2022/03/pomfret-black-tandoorie-6x6-1-100x100.jpg HTTP/1.1" 200 5019 "-" "Mozilla/5.0 AppleWebKit/537.36 (KHTML, like Gecko; compatible; bingbot/2.0; +http://www.bing.com/bingbot.htm) Chrome/116.0.1938.76 Safari/537.36"
49.196.221.9 - - [13/Jun/2026:22:07:13 +1000] "GET /wp-content/uploads/sites/14/2021/10/Mackerel-Blue-38-6x6-aus.jpg HTTP/1.1" 200 315539 "https://www.google.com/" "Mozilla/5.0 (iPhone; CPU iPhone OS 18_7 like Mac OS X) AppleWebKit/605.1.15 (KHTML, like Gecko) Version/26.5 Mobile/15E148 Safari/604.1"
160.22.78.242 - - [13/Jun/2026:22:07:20 +1000] "POST /wp-cron.php?doing_wp_cron=1781352440.6851320266723632812500 HTTP/1.1" 200 - "https://goldcoast.aussieseafoodhouse.com.au/wp-cron.php?doing_wp_cron=1781352440.6851320266723632812500" "WordPress/5.5.18; https://goldcoast.aussieseafoodhouse.com.au"
98.83.177.42 - - [13/Jun/2026:22:07:18 +1000] "GET /wp-json/oembed/1.0/embed?format=xml&url=https://goldcoast.aussieseafoodhouse.com.au/olympus-digital-camera-2/ HTTP/1.1" 200 1314 "-" "Mozilla/5.0 AppleWebKit/537.36 (KHTML, like Gecko; compatible; Amazonbot/0.1; +https://developer.amazon.com/support/amazonbot) Chrome/119.0.6045.214 Safari/537.36"
160.22.78.242 - - [13/Jun/2026:22:08:07 +1000] "POST /wp-cron.php?doing_wp_cron=1781352487.8447260856628417968750 HTTP/1.1" 200 - "https://goldcoast.aussieseafoodhouse.com.au/wp-cron.php?doing_wp_cron=1781352487.8447260856628417968750" "WordPress/5.5.18; https://goldcoast.aussieseafoodhouse.com.au"
184.73.35.182 - - [13/Jun/2026:22:08:05 +1000] "GET /wp-json/oembed/1.0/embed?url=https://goldcoast.aussieseafoodhouse.com.au/barra-swimming-6x6-ash-2-jpg/ HTTP/1.1" 200 1249 "-" "Mozilla/5.0 AppleWebKit/537.36 (KHTML, like Gecko; compatible; Amazonbot/0.1; +https://developer.amazon.com/support/amazonbot) Chrome/119.0.6045.214 Safari/537.36"
18.215.77.19 - - [13/Jun/2026:22:08:17 +1000] "GET /wp-json/oembed/1.0/embed?format=xml&url=https://goldcoast.aussieseafoodhouse.com.au/scallop-risotto-3-6x6-ash-jpg/ HTTP/1.1" 200 1271 "-" "Mozilla/5.0 AppleWebKit/537.36 (KHTML, like Gecko; compatible; Amazonbot/0.1; +https://developer.amazon.com/support/amazonbot) Chrome/119.0.6045.214 Safari/537.36"
34.236.185.101 - - [13/Jun/2026:22:08:21 +1000] "GET /wp-json/oembed/1.0/embed?url=https://goldcoast.aussieseafoodhouse.com.au/scallop-pasta-5-6x6-ash-jpg/ HTTP/1.1" 200 1248 "-" "Mozilla/5.0 AppleWebKit/537.36 (KHTML, like Gecko; compatible; Amazonbot/0.1; +https://developer.amazon.com/support/amazonbot) Chrome/119.0.6045.214 Safari/537.36"
23.23.104.107 - - [13/Jun/2026:22:08:27 +1000] "GET /wp-json/oembed/1.0/embed?format=xml&url=https://goldcoast.aussieseafoodhouse.com.au/scallop-pasta-5-6x6-ash-jpg/ HTTP/1.1" 200 1273 "-" "Mozilla/5.0 AppleWebKit/537.36 (KHTML, like Gecko; compatible; Amazonbot/0.1; +https://developer.amazon.com/support/amazonbot) Chrome/119.0.6045.214 Safari/537.36"
160.22.78.242 - - [13/Jun/2026:22:09:06 +1000] "POST /wp-cron.php?doing_wp_cron=1781352546.1282889842987060546875 HTTP/1.1" 200 - "https://goldcoast.aussieseafoodhouse.com.au/wp-cron.php?doing_wp_cron=1781352546.1282889842987060546875" "WordPress/5.5.18; https://goldcoast.aussieseafoodhouse.com.au"
35.169.240.53 - - [13/Jun/2026:22:09:05 +1000] "GET /product/fresh-cooked-sand-crabs-2/ HTTP/1.1" 200 20043 "-" "Mozilla/5.0 AppleWebKit/537.36 (KHTML, like Gecko; compatible; Amazonbot/0.1; +https://developer.amazon.com/support/amazonbot) Chrome/119.0.6045.214 Safari/537.36"
160.22.78.242 - - [13/Jun/2026:22:13:03 +1000] "POST /wp-cron.php?doing_wp_cron=1781352782.8451499938964843750000 HTTP/1.1" 200 - "https://goldcoast.aussieseafoodhouse.com.au/wp-cron.php?doing_wp_cron=1781352782.8451499938964843750000" "WordPress/5.5.18; https://goldcoast.aussieseafoodhouse.com.au"
132.255.164.117 - - [13/Jun/2026:22:13:00 +1000] "GET /wp-login.php HTTP/1.1" 200 2173 "-" "Mozilla/5.0 (Windows NT 10.0; Win64; x64) AppleWebKit/537.36 (KHTML, like Gecko) Chrome/120.0.0.0 Safari/537.36"
132.255.164.117 - - [13/Jun/2026:22:13:05 +1000] "GET /wp-login.php HTTP/1.1" 200 2173 "-" "Mozilla/5.0 (Windows NT 10.0; Win64; x64) AppleWebKit/537.36 (KHTML, like Gecko) Chrome/120.0.0.0 Safari/537.36"
132.255.164.117 - - [13/Jun/2026:22:13:06 +1000] "POST /wp-login.php HTTP/1.1" 503 7073 "https://goldcoast.aussieseafoodhouse.com.au/wp-login.php" "Mozilla/5.0 (Windows NT 10.0; Win64; x64) AppleWebKit/537.36 (KHTML, like Gecko) Chrome/120.0.0.0 Safari/537.36"
160.22.78.242 - - [13/Jun/2026:22:14:52 +1000] "POST /wp-cron.php?doing_wp_cron=1781352892.7377679347991943359375 HTTP/1.1" 200 - "https://goldcoast.aussieseafoodhouse.com.au/wp-cron.php?doing_wp_cron=1781352892.7377679347991943359375" "WordPress/5.5.18; https://goldcoast.aussieseafoodhouse.com.au"
210.211.99.176 - - [13/Jun/2026:22:14:50 +1000] "GET /wp-login.php HTTP/1.1" 200 2173 "-" "Mozilla/5.0 (Macintosh; Intel Mac OS X 10_15_7) AppleWebKit/537.36 (KHTML, like Gecko) Chrome/133.0.0.0 Safari/537.36 Edg/133.0.0.0"
210.211.99.176 - - [13/Jun/2026:22:14:53 +1000] "POST /wp-login.php HTTP/1.1" 503 7074 "https://www.goldcoast.aussieseafoodhouse.com.au/wp-login.php" "Mozilla/5.0 (Macintosh; Intel Mac OS X 10_15_7) AppleWebKit/537.36 (KHTML, like Gecko) Chrome/133.0.0.0 Safari/537.36 Edg/133.0.0.0"
160.22.78.242 - - [13/Jun/2026:22:16:38 +1000] "POST /wp-cron.php?doing_wp_cron=1781352998.2171399593353271484375 HTTP/1.1" 200 - "https://goldcoast.aussieseafoodhouse.com.au/wp-cron.php?doing_wp_cron=1781352998.2171399593353271484375" "WordPress/5.5.18; https://goldcoast.aussieseafoodhouse.com.au"
3.227.180.70 - - [13/Jun/2026:22:16:36 +1000] "GET /wp-json/oembed/1.0/embed?format=xml&url=https://goldcoast.aussieseafoodhouse.com.au/scallops-roe-on-tassies-6x6-1-jpg/ HTTP/1.1" 200 1272 "-" "Mozilla/5.0 AppleWebKit/537.36 (KHTML, like Gecko; compatible; Amazonbot/0.1; +https://developer.amazon.com/support/amazonbot) Chrome/119.0.6045.214 Safari/537.36"
52.70.138.176 - - [13/Jun/2026:22:16:39 +1000] "GET /shop/page/3/ HTTP/1.1" 200 15589 "-" "Mozilla/5.0 AppleWebKit/537.36 (KHTML, like Gecko; compatible; Amazonbot/0.1; +https://developer.amazon.com/support/amazonbot) Chrome/119.0.6045.214 Safari/537.36"
202.9.40.33 - - [13/Jun/2026:22:16:44 +1000] "GET /product/seafood-sticks/ HTTP/1.1" 200 19635 "-" "Mozilla/5.0 (Macintosh; Intel Mac OS X 10_15_5) AppleWebKit/537.36 (KHTML, like Gecko) Brave Chrome/84.0.4147.105 Safari/537.36"
85.208.96.196 - - [13/Jun/2026:22:17:12 +1000] "GET /robots.txt HTTP/1.1" 200 125 "-" "Mozilla/5.0 (compatible; SemrushBot/7~bl; +http://www.semrush.com/bot.html)"
185.191.171.3 - - [13/Jun/2026:22:17:13 +1000] "GET /blog/author/ian/page/2/ HTTP/1.1" 200 22886 "-" "Mozilla/5.0 (compatible; SemrushBot/7~bl; +http://www.semrush.com/bot.html)"
40.77.167.53 - - [13/Jun/2026:22:17:16 +1000] "GET /wp-content/uploads/sites/14/2020/12/Baguette-6x6-1-300x300.jpg HTTP/1.1" 200 19265 "-" "Mozilla/5.0 AppleWebKit/537.36 (KHTML, like Gecko; compatible; bingbot/2.0; +http://www.bing.com/bingbot.htm) Chrome/116.0.1938.76 Safari/537.36"
14.191.65.228 - - [13/Jun/2026:22:17:22 +1000] "GET /product/coffin-bay-oysters-2/ HTTP/1.1" 200 20448 "-" "Mozilla/5.0 (Windows NT 6.3; WOW64) AppleWebKit/537.36 (KHTML, like Gecko) Chrome/88.0.4324.150 Safari/537.36"
160.22.78.242 - - [13/Jun/2026:22:18:52 +1000] "POST /wp-cron.php?doing_wp_cron=1781353132.7463450431823730468750 HTTP/1.1" 200 - "https://goldcoast.aussieseafoodhouse.com.au/wp-cron.php?doing_wp_cron=1781353132.7463450431823730468750" "WordPress/5.5.18; https://goldcoast.aussieseafoodhouse.com.au"
212.58.121.99 - - [13/Jun/2026:22:18:50 +1000] "GET /product/lemon-butter-sea-scallops/ HTTP/1.1" 200 19219 "-" "Mozilla/5.0 (Windows NT 10.0; Win64; x64) AppleWebKit/537.36 (KHTML, like Gecko) Chrome/83.0.4103.106 Safari/537.36"
160.22.78.242 - - [13/Jun/2026:22:19:41 +1000] "POST /wp-cron.php?doing_wp_cron=1781353181.4696130752563476562500 HTTP/1.1" 200 - "https://goldcoast.aussieseafoodhouse.com.au/wp-cron.php?doing_wp_cron=1781353181.4696130752563476562500" "WordPress/5.5.18; https://goldcoast.aussieseafoodhouse.com.au"
52.3.102.51 - - [13/Jun/2026:22:19:39 +1000] "GET /wp-json/oembed/1.0/embed?url=https://goldcoast.aussieseafoodhouse.com.au/product/moreton-bay-bug-meat-fresh-wild-caught/ HTTP/1.1" 200 1301 "-" "Mozilla/5.0 AppleWebKit/537.36 (KHTML, like Gecko; compatible; Amazonbot/0.1; +https://developer.amazon.com/support/amazonbot) Chrome/119.0.6045.214 Safari/537.36"
160.22.78.242 - - [13/Jun/2026:22:20:45 +1000] "POST /wp-cron.php?doing_wp_cron=1781353245.0134749412536621093750 HTTP/1.1" 200 - "https://goldcoast.aussieseafoodhouse.com.au/wp-cron.php?doing_wp_cron=1781353245.0134749412536621093750" "WordPress/5.5.18; https://goldcoast.aussieseafoodhouse.com.au"
54.90.244.132 - - [13/Jun/2026:22:20:43 +1000] "GET /wp-json/oembed/1.0/embed?format=xml&url=https://goldcoast.aussieseafoodhouse.com.au/product/seafood-basket-4-6-kgbbbb/ HTTP/1.1" 200 1304 "-" "Mozilla/5.0 AppleWebKit/537.36 (KHTML, like Gecko; compatible; Amazonbot/0.1; +https://developer.amazon.com/support/amazonbot) Chrome/119.0.6045.214 Safari/537.36"
217.19.215.248 - - [13/Jun/2026:22:21:16 +1000] "GET /product/churos/ HTTP/1.1" 200 19596 "-" "Mozilla/5.0 (Windows NT 6.1; Win64; x64) AppleWebKit/537.36 (KHTML, like Gecko) Chrome/95.0.4638.69 Safari/537.36"
52.71.203.206 - - [13/Jun/2026:22:21:22 +1000] "GET /shop/page/32/ HTTP/1.1" 200 15593 "-" "Mozilla/5.0 AppleWebKit/537.36 (KHTML, like Gecko; compatible; Amazonbot/0.1; +https://developer.amazon.com/support/amazonbot) Chrome/119.0.6045.214 Safari/537.36"
102.134.101.35 - - [13/Jun/2026:22:21:29 +1000] "GET /wp-login.php HTTP/1.1" 200 2173 "-" "Mozilla/5.0 (Macintosh; Intel Mac OS X 10_15_7) AppleWebKit/605.1.15 (KHTML, like Gecko) Version/18.3 Safari/605.1.15"
102.134.101.35 - - [13/Jun/2026:22:21:31 +1000] "POST /wp-login.php HTTP/1.1" 503 7074 "https://goldcoast.aussieseafoodhouse.com.au/wp-login.php" "Mozilla/5.0 (Macintosh; Intel Mac OS X 10_15_7) AppleWebKit/605.1.15 (KHTML, like Gecko) Version/18.3 Safari/605.1.15"
52.167.144.238 - - [13/Jun/2026:22:22:46 +1000] "GET /wp-content/uploads/sites/14/2020/07/Orange-Roughy-Origional-6x6-ash-194x194.jpg HTTP/1.1" 200 11183 "-" "Mozilla/5.0 AppleWebKit/537.36 (KHTML, like Gecko; compatible; bingbot/2.0; +http://www.bing.com/bingbot.htm) Chrome/116.0.1938.76 Safari/537.36"
143.198.173.159 - - [13/Jun/2026:22:23:14 +1000] "GET /wp-content/uploads/sites/14/2020/09/Golden-trevally-orig-3-6x6-1-100x100.jpg HTTP/1.1" 200 4512 "https://goldcoast.aussieseafoodhouse.com.au/" "Mozilla/5.0 (Windows NT 10.0; Win64; x64) AppleWebKit/537.36 (KHTML, like Gecko) Chrome/104.0.5112.81 Safari/537.36"
40.77.167.230 - - [13/Jun/2026:22:23:46 +1000] "GET /wp-content/uploads/sites/14/2019/05/FG-shrimp-skewers-6x6-1-100x100.jpg HTTP/1.1" 200 5413 "-" "Mozilla/5.0 AppleWebKit/537.36 (KHTML, like Gecko; compatible; bingbot/2.0; +http://www.bing.com/bingbot.htm) Chrome/116.0.1938.76 Safari/537.36"
188.255.140.204 - - [13/Jun/2026:22:24:15 +1000] "GET /wp-content/uploads/sites/14/2021/03/Snapper-red-snapper-fillet-6x6-ash-100x100.jpg HTTP/1.1" 200 5661 "https://goldcoast.aussieseafoodhouse.com.au/" "Mozilla/5.0 (Windows NT 10.0; Win64; x64) AppleWebKit/537.36 (KHTML, like Gecko) Chrome/107.0.0.0 Safari/537.36"
160.22.78.242 - - [13/Jun/2026:22:24:40 +1000] "POST /wp-cron.php?doing_wp_cron=1781353480.4074430465698242187500 HTTP/1.1" 200 - "https://goldcoast.aussieseafoodhouse.com.au/wp-cron.php?doing_wp_cron=1781353480.4074430465698242187500" "WordPress/5.5.18; https://goldcoast.aussieseafoodhouse.com.au"
40.77.167.230 - - [13/Jun/2026:22:24:38 +1000] "GET /product/5-minute-fish-marinade/ HTTP/1.1" 200 19247 "-" "Mozilla/5.0 AppleWebKit/537.36 (KHTML, like Gecko; compatible; bingbot/2.0; +http://www.bing.com/bingbot.htm) Chrome/116.0.1938.76 Safari/537.36"
160.22.78.242 - - [13/Jun/2026:22:26:35 +1000] "POST /wp-cron.php?doing_wp_cron=1781353595.6678819656372070312500 HTTP/1.1" 200 - "https://goldcoast.aussieseafoodhouse.com.au/wp-cron.php?doing_wp_cron=1781353595.6678819656372070312500" "WordPress/5.5.18; https://goldcoast.aussieseafoodhouse.com.au"
176.65.139.232 - - [13/Jun/2026:22:26:33 +1000] "GET /.env HTTP/1.1" 404 55977 "-" "Mozilla/5.0 (Windows NT 10.0; Win64; x64) AppleWebKit/537.36 (KHTML, like Gecko) Chrome/147.0.0.0 Safari/537.36"
160.22.78.242 - - [13/Jun/2026:22:30:25 +1000] "POST /wp-cron.php?doing_wp_cron=1781353825.8586640357971191406250 HTTP/1.1" 200 - "https://goldcoast.aussieseafoodhouse.com.au/wp-cron.php?doing_wp_cron=1781353825.8586640357971191406250" "WordPress/5.5.18; https://goldcoast.aussieseafoodhouse.com.au"
65.21.141.183 - - [13/Jun/2026:22:30:23 +1000] "GET /wp-login.php HTTP/1.1" 200 2173 "-" "Mozilla/5.0 (Macintosh; Intel Mac OS X 10_15_7) AppleWebKit/605.1.15 (KHTML, like Gecko) Version/18.3 Safari/605.1.15"
65.21.141.183 - - [13/Jun/2026:22:30:27 +1000] "POST /wp-login.php HTTP/1.1" 503 7074 "https://www.goldcoast.aussieseafoodhouse.com.au/wp-login.php" "Mozilla/5.0 (Macintosh; Intel Mac OS X 10_15_7) AppleWebKit/605.1.15 (KHTML, like Gecko) Version/18.3 Safari/605.1.15"
40.77.167.48 - - [13/Jun/2026:22:31:56 +1000] "GET /wp-content/uploads/sites/14/2026/03/Whiting-Summer-large-45a-6x6-aus-300x300.jpg HTTP/1.1" 200 37597 "-" "Mozilla/5.0 AppleWebKit/537.36 (KHTML, like Gecko; compatible; bingbot/2.0; +http://www.bing.com/bingbot.htm) Chrome/116.0.1938.76 Safari/537.36"
160.22.78.242 - - [13/Jun/2026:22:32:49 +1000] "POST /wp-cron.php?doing_wp_cron=1781353969.2088050842285156250000 HTTP/1.1" 200 - "https://goldcoast.aussieseafoodhouse.com.au/wp-cron.php?doing_wp_cron=1781353969.2088050842285156250000" "WordPress/5.5.18; https://goldcoast.aussieseafoodhouse.com.au"
23.21.228.180 - - [13/Jun/2026:22:32:47 +1000] "GET /wp-json/wp/v2/media/2981 HTTP/1.1" 200 1885 "-" "Mozilla/5.0 AppleWebKit/537.36 (KHTML, like Gecko; compatible; Amazonbot/0.1; +https://developer.amazon.com/support/amazonbot) Chrome/119.0.6045.214 Safari/537.36"
44.205.180.155 - - [13/Jun/2026:22:32:51 +1000] "GET /wp-json/oembed/1.0/embed?url=https://goldcoast.aussieseafoodhouse.com.au/mud-carbs-5/ HTTP/1.1" 200 1230 "-" "Mozilla/5.0 AppleWebKit/537.36 (KHTML, like Gecko; compatible; Amazonbot/0.1; +https://developer.amazon.com/support/amazonbot) Chrome/119.0.6045.214 Safari/537.36"
54.197.82.195 - - [13/Jun/2026:22:32:55 +1000] "GET /wp-json/wp/v2/media/5877 HTTP/1.1" 200 2177 "-" "Mozilla/5.0 AppleWebKit/537.36 (KHTML, like Gecko; compatible; Amazonbot/0.1; +https://developer.amazon.com/support/amazonbot) Chrome/119.0.6045.214 Safari/537.36"
3.226.106.93 - - [13/Jun/2026:22:32:59 +1000] "GET /wp-json/wp/v2/media/3624 HTTP/1.1" 200 1936 "-" "Mozilla/5.0 AppleWebKit/537.36 (KHTML, like Gecko; compatible; Amazonbot/0.1; +https://developer.amazon.com/support/amazonbot) Chrome/119.0.6045.214 Safari/537.36"
3.209.174.110 - - [13/Jun/2026:22:33:04 +1000] "GET /wp-json/wp/v2/media/6506 HTTP/1.1" 200 1873 "-" "Mozilla/5.0 AppleWebKit/537.36 (KHTML, like Gecko; compatible; Amazonbot/0.1; +https://developer.amazon.com/support/amazonbot) Chrome/119.0.6045.214 Safari/537.36"
18.211.150.95 - - [13/Jun/2026:22:33:25 +1000] "HEAD /wp-json/oembed/1.0/embed?url=https://goldcoast.aussieseafoodhouse.com.au/mud-carbs-5/ HTTP/1.1" 200 - "-" "Mozilla/5.0 AppleWebKit/605.1.15 (KHTML, like Gecko) Chrome/139.0.0.0 Safari/605.1.15"
40.77.167.77 - - [13/Jun/2026:22:33:26 +1000] "GET /wp-content/uploads/sites/14/2020/12/Prawn-.Smoked-Salmon-Salad-6x6-ash-300x300.jpg HTTP/1.1" 200 29209 "-" "Mozilla/5.0 AppleWebKit/537.36 (KHTML, like Gecko; compatible; bingbot/2.0; +http://www.bing.com/bingbot.htm) Chrome/116.0.1938.76 Safari/537.36"
54.197.241.196 - - [13/Jun/2026:22:33:30 +1000] "HEAD /wp-json/wp/v2/media/2981 HTTP/1.1" 200 - "-" "Mozilla/5.0 AppleWebKit/605.1.15 (KHTML, like Gecko) Chrome/139.0.0.0 Safari/605.1.15"
52.44.108.124 - - [13/Jun/2026:22:34:03 +1000] "HEAD /wp-json/wp/v2/media/5877 HTTP/1.1" 200 - "-" "Mozilla/5.0 AppleWebKit/605.1.15 (KHTML, like Gecko) Chrome/139.0.0.0 Safari/605.1.15"
85.208.96.208 - - [13/Jun/2026:22:34:29 +1000] "GET /product/sand-crab-cleaned-ready-cook/ HTTP/1.1" 200 19339 "-" "Mozilla/5.0 (compatible; SemrushBot/7~bl; +http://www.semrush.com/bot.html)"
104.248.120.43 - - [13/Jun/2026:22:37:23 +1000] "GET /wp-content/uploads/sites/14/2019/02/capsicums-6x6-100x100.jpg HTTP/1.1" 200 4312 "https://goldcoast.aussieseafoodhouse.com.au/" "Mozilla/5.0 (Windows NT 10.0; Win64; x64) AppleWebKit/537.36 (KHTML, like Gecko) Chrome/105.0.0.0 Safari/537.3"
52.167.144.147 - - [13/Jun/2026:22:38:00 +1000] "GET /wp-content/uploads/sites/14/2018/07/Dips-Prawn-and-Mango-194x194.jpg HTTP/1.1" 200 9996 "-" "Mozilla/5.0 AppleWebKit/537.36 (KHTML, like Gecko; compatible; bingbot/2.0; +http://www.bing.com/bingbot.htm) Chrome/116.0.1938.76 Safari/537.36"
160.22.78.242 - - [13/Jun/2026:22:38:22 +1000] "POST /wp-cron.php?doing_wp_cron=1781354302.8988358974456787109375 HTTP/1.1" 200 - "https://goldcoast.aussieseafoodhouse.com.au/wp-cron.php?doing_wp_cron=1781354302.8988358974456787109375" "WordPress/5.5.18; https://goldcoast.aussieseafoodhouse.com.au"
144.134.96.85 - - [13/Jun/2026:22:38:20 +1000] "GET /product/eel-smoked-traditional-style/ HTTP/1.1" 200 18811 "https://www.google.com/" "Mozilla/5.0 (Macintosh; Intel Mac OS X 10_15_7) AppleWebKit/605.1.15 (KHTML, like Gecko) Version/26.5 Safari/605.1.15"
144.134.96.85 - - [13/Jun/2026:22:38:24 +1000] "GET /wp-content/plugins/instagram-feed/css/sbi-styles.min.css?ver=2.9.1 HTTP/1.1" 200 2850 "https://goldcoast.aussieseafoodhouse.com.au/product/eel-smoked-traditional-style/" "Mozilla/5.0 (Macintosh; Intel Mac OS X 10_15_7) AppleWebKit/605.1.15 (KHTML, like Gecko) Version/26.5 Safari/605.1.15"
144.134.96.85 - - [13/Jun/2026:22:38:24 +1000] "GET /wp-content/plugins/woocommerce/assets/css/photoswipe/photoswipe.min.css?ver=5.5.5 HTTP/1.1" 200 997 "https://goldcoast.aussieseafoodhouse.com.au/product/eel-smoked-traditional-style/" "Mozilla/5.0 (Macintosh; Intel Mac OS X 10_15_7) AppleWebKit/605.1.15 (KHTML, like Gecko) Version/26.5 Safari/605.1.15"
144.134.96.85 - - [13/Jun/2026:22:38:24 +1000] "GET /wp-content/plugins/woocommerce/assets/css/photoswipe/default-skin/default-skin.min.css?ver=5.5.5 HTTP/1.1" 200 1915 "https://goldcoast.aussieseafoodhouse.com.au/product/eel-smoked-traditional-style/" "Mozilla/5.0 (Macintosh; Intel Mac OS X 10_15_7) AppleWebKit/605.1.15 (KHTML, like Gecko) Version/26.5 Safari/605.1.15"
144.134.96.85 - - [13/Jun/2026:22:38:24 +1000] "GET /wp-content/plugins/woocommerce/assets/css/woocommerce-layout.css?ver=5.5.5 HTTP/1.1" 200 2608 "https://goldcoast.aussieseafoodhouse.com.au/product/eel-smoked-traditional-style/" "Mozilla/5.0 (Macintosh; Intel Mac OS X 10_15_7) AppleWebKit/605.1.15 (KHTML, like Gecko) Version/26.5 Safari/605.1.15"
144.134.96.85 - - [13/Jun/2026:22:38:24 +1000] "GET /wp-content/plugins/custom-share-buttons-with-floating-sidebar/css/csbwfs.css?ver=5.5.18 HTTP/1.1" 200 1555 "https://goldcoast.aussieseafoodhouse.com.au/product/eel-smoked-traditional-style/" "Mozilla/5.0 (Macintosh; Intel Mac OS X 10_15_7) AppleWebKit/605.1.15 (KHTML, like Gecko) Version/26.5 Safari/605.1.15"
144.134.96.85 - - [13/Jun/2026:22:38:24 +1000] "GET /wp-content/plugins/woocommerce/assets/css/woocommerce.css?ver=5.5.5 HTTP/1.1" 200 8907 "https://goldcoast.aussieseafoodhouse.com.au/product/eel-smoked-traditional-style/" "Mozilla/5.0 (Macintosh; Intel Mac OS X 10_15_7) AppleWebKit/605.1.15 (KHTML, like Gecko) Version/26.5 Safari/605.1.15"
144.134.96.85 - - [13/Jun/2026:22:38:24 +1000] "GET /wp-content/themes/vantage/style.css?ver=5.5.18 HTTP/1.1" 200 14890 "https://goldcoast.aussieseafoodhouse.com.au/product/eel-smoked-traditional-style/" "Mozilla/5.0 (Macintosh; Intel Mac OS X 10_15_7) AppleWebKit/605.1.15 (KHTML, like Gecko) Version/26.5 Safari/605.1.15"
144.134.96.85 - - [13/Jun/2026:22:38:24 +1000] "GET /wp-content/plugins/woocommerce/packages/woocommerce-blocks/build/vendors-style.css?ver=5.3.3 HTTP/1.1" 200 1055 "https://goldcoast.aussieseafoodhouse.com.au/product/eel-smoked-traditional-style/" "Mozilla/5.0 (Macintosh; Intel Mac OS X 10_15_7) AppleWebKit/605.1.15 (KHTML, like Gecko) Version/26.5 Safari/605.1.15"
144.134.96.85 - - [13/Jun/2026:22:38:24 +1000] "GET /wp-includes/css/dist/block-library/style.min.css?ver=5.5.18 HTTP/1.1" 200 7907 "https://goldcoast.aussieseafoodhouse.com.au/product/eel-smoked-traditional-style/" "Mozilla/5.0 (Macintosh; Intel Mac OS X 10_15_7) AppleWebKit/605.1.15 (KHTML, like Gecko) Version/26.5 Safari/605.1.15"
144.134.96.85 - - [13/Jun/2026:22:38:24 +1000] "GET /wp-content/plugins/woocommerce/packages/woocommerce-blocks/build/style.css?ver=5.3.3 HTTP/1.1" 200 19335 "https://goldcoast.aussieseafoodhouse.com.au/product/eel-smoked-traditional-style/" "Mozilla/5.0 (Macintosh; Intel Mac OS X 10_15_7) AppleWebKit/605.1.15 (KHTML, like Gecko) Version/26.5 Safari/605.1.15"
144.134.96.85 - - [13/Jun/2026:22:38:24 +1000] "GET /wp-content/plugins/yith-woocommerce-catalog-mode/assets/css/frontend.min.css?ver=2.0.0 HTTP/1.1" 200 - "https://goldcoast.aussieseafoodhouse.com.au/product/eel-smoked-traditional-style/" "Mozilla/5.0 (Macintosh; Intel Mac OS X 10_15_7) AppleWebKit/605.1.15 (KHTML, like Gecko) Version/26.5 Safari/605.1.15"
144.134.96.85 - - [13/Jun/2026:22:38:24 +1000] "GET /wp-content/plugins/recipe-card/css/layout.css?ver=5.5.18 HTTP/1.1" 200 3325 "https://goldcoast.aussieseafoodhouse.com.au/product/eel-smoked-traditional-style/" "Mozilla/5.0 (Macintosh; Intel Mac OS X 10_15_7) AppleWebKit/605.1.15 (KHTML, like Gecko) Version/26.5 Safari/605.1.15"
144.134.96.85 - - [13/Jun/2026:22:38:24 +1000] "GET /wp-content/plugins/yith-woocommerce-product-add-ons/assets/css/yith-wccl.css?ver=2.0.1 HTTP/1.1" 200 1156 "https://goldcoast.aussieseafoodhouse.com.au/product/eel-smoked-traditional-style/" "Mozilla/5.0 (Macintosh; Intel Mac OS X 10_15_7) AppleWebKit/605.1.15 (KHTML, like Gecko) Version/26.5 Safari/605.1.15"
144.134.96.85 - - [13/Jun/2026:22:38:24 +1000] "GET /wp-content/plugins/feed-them-social/feeds/css/styles.css?ver=2.9.6.2 HTTP/1.1" 200 17822 "https://goldcoast.aussieseafoodhouse.com.au/product/eel-smoked-traditional-style/" "Mozilla/5.0 (Macintosh; Intel Mac OS X 10_15_7) AppleWebKit/605.1.15 (KHTML, like Gecko) Version/26.5 Safari/605.1.15"
144.134.96.85 - - [13/Jun/2026:22:38:24 +1000] "GET /wp-content/themes/vantage-child/style.css?ver=1.6.9 HTTP/1.1" 200 200 "https://goldcoast.aussieseafoodhouse.com.au/product/eel-smoked-traditional-style/" "Mozilla/5.0 (Macintosh; Intel Mac OS X 10_15_7) AppleWebKit/605.1.15 (KHTML, like Gecko) Version/26.5 Safari/605.1.15"
144.134.96.85 - - [13/Jun/2026:22:38:24 +1000] "GET /wp-content/themes/vantage/css/woocommerce.css?ver=5.5.18 HTTP/1.1" 200 2341 "https://goldcoast.aussieseafoodhouse.com.au/product/eel-smoked-traditional-style/" "Mozilla/5.0 (Macintosh; Intel Mac OS X 10_15_7) AppleWebKit/605.1.15 (KHTML, like Gecko) Version/26.5 Safari/605.1.15"
144.134.96.85 - - [13/Jun/2026:22:38:24 +1000] "GET /wp-content/themes/vantage/fontawesome/css/font-awesome.css?ver=4.6.2 HTTP/1.1" 200 7439 "https://goldcoast.aussieseafoodhouse.com.au/product/eel-smoked-traditional-style/" "Mozilla/5.0 (Macintosh; Intel Mac OS X 10_15_7) AppleWebKit/605.1.15 (KHTML, like Gecko) Version/26.5 Safari/605.1.15"
144.134.96.85 - - [13/Jun/2026:22:38:24 +1000] "GET /wp-content/themes/vantage/inc/mobilenav/css/mobilenav.css?ver=1.6.9 HTTP/1.1" 200 768 "https://goldcoast.aussieseafoodhouse.com.au/product/eel-smoked-traditional-style/" "Mozilla/5.0 (Macintosh; Intel Mac OS X 10_15_7) AppleWebKit/605.1.15 (KHTML, like Gecko) Version/26.5 Safari/605.1.15"
144.134.96.85 - - [13/Jun/2026:22:38:24 +1000] "GET /wp-content/plugins/yith-woocommerce-product-add-ons/assets/css/yith-wapo.css?ver=2.0.1 HTTP/1.1" 200 2640 "https://goldcoast.aussieseafoodhouse.com.au/product/eel-smoked-traditional-style/" "Mozilla/5.0 (Macintosh; Intel Mac OS X 10_15_7) AppleWebKit/605.1.15 (KHTML, like Gecko) Version/26.5 Safari/605.1.15"
144.134.96.85 - - [13/Jun/2026:22:38:24 +1000] "GET /wp-content/plugins/yith-woocommerce-product-add-ons/assets/css/jquery-ui.min.css?ver=1.11.4 HTTP/1.1" 200 7548 "https://goldcoast.aussieseafoodhouse.com.au/product/eel-smoked-traditional-style/" "Mozilla/5.0 (Macintosh; Intel Mac OS X 10_15_7) AppleWebKit/605.1.15 (KHTML, like Gecko) Version/26.5 Safari/605.1.15"
144.134.96.85 - - [13/Jun/2026:22:38:24 +1000] "GET /wp-content/plugins/yith-woocommerce-product-add-ons/assets/css/color-picker.min.css?ver=2.0.1 HTTP/1.1" 200 661 "https://goldcoast.aussieseafoodhouse.com.au/product/eel-smoked-traditional-style/" "Mozilla/5.0 (Macintosh; Intel Mac OS X 10_15_7) AppleWebKit/605.1.15 (KHTML, like Gecko) Version/26.5 Safari/605.1.15"
144.134.96.85 - - [13/Jun/2026:22:38:24 +1000] "GET /wp-content/plugins/google-analytics-for-wordpress/assets/js/frontend-gtag.min.js?ver=7.17.0 HTTP/1.1" 200 2801 "https://goldcoast.aussieseafoodhouse.com.au/product/eel-smoked-traditional-style/" "Mozilla/5.0 (Macintosh; Intel Mac OS X 10_15_7) AppleWebKit/605.1.15 (KHTML, like Gecko) Version/26.5 Safari/605.1.15"
144.134.96.85 - - [13/Jun/2026:22:38:24 +1000] "GET /wp-includes/css/dashicons.min.css?ver=5.5.18 HTTP/1.1" 200 35726 "https://goldcoast.aussieseafoodhouse.com.au/product/eel-smoked-traditional-style/" "Mozilla/5.0 (Macintosh; Intel Mac OS X 10_15_7) AppleWebKit/605.1.15 (KHTML, like Gecko) Version/26.5 Safari/605.1.15"
144.134.96.85 - - [13/Jun/2026:22:38:24 +1000] "GET /wp-content/plugins/feed-them-social/feeds/js/powered-by.js?ver=2.9.6.2 HTTP/1.1" 200 237 "https://goldcoast.aussieseafoodhouse.com.au/product/eel-smoked-traditional-style/" "Mozilla/5.0 (Macintosh; Intel Mac OS X 10_15_7) AppleWebKit/605.1.15 (KHTML, like Gecko) Version/26.5 Safari/605.1.15"
144.134.96.85 - - [13/Jun/2026:22:38:24 +1000] "GET /wp-content/plugins/feed-them-social/feeds/js/fts-global.js?ver=2.9.6.2 HTTP/1.1" 200 1765 "https://goldcoast.aussieseafoodhouse.com.au/product/eel-smoked-traditional-style/" "Mozilla/5.0 (Macintosh; Intel Mac OS X 10_15_7) AppleWebKit/605.1.15 (KHTML, like Gecko) Version/26.5 Safari/605.1.15"
144.134.96.85 - - [13/Jun/2026:22:38:24 +1000] "GET /wp-includes/js/jquery/jquery.js?ver=1.12.4-wp HTTP/1.1" 200 33776 "https://goldcoast.aussieseafoodhouse.com.au/product/eel-smoked-traditional-style/" "Mozilla/5.0 (Macintosh; Intel Mac OS X 10_15_7) AppleWebKit/605.1.15 (KHTML, like Gecko) Version/26.5 Safari/605.1.15"
144.134.96.85 - - [13/Jun/2026:22:38:24 +1000] "GET /wp-content/plugins/woocommerce-incremental-product-quantities/assets/js/ipq_input_value_validation.js?ver=5.5.18 HTTP/1.1" 200 860 "https://goldcoast.aussieseafoodhouse.com.au/product/eel-smoked-traditional-style/" "Mozilla/5.0 (Macintosh; Intel Mac OS X 10_15_7) AppleWebKit/605.1.15 (KHTML, like Gecko) Version/26.5 Safari/605.1.15"
144.134.96.85 - - [13/Jun/2026:22:38:24 +1000] "GET /wp-content/themes/vantage/js/jquery.touchSwipe.min.js?ver=1.6.6 HTTP/1.1" 200 3672 "https://goldcoast.aussieseafoodhouse.com.au/product/eel-smoked-traditional-style/" "Mozilla/5.0 (Macintosh; Intel Mac OS X 10_15_7) AppleWebKit/605.1.15 (KHTML, like Gecko) Version/26.5 Safari/605.1.15"
144.134.96.85 - - [13/Jun/2026:22:38:24 +1000] "GET /wp-content/themes/vantage/js/jquery.flexslider.min.js?ver=2.1 HTTP/1.1" 200 6232 "https://goldcoast.aussieseafoodhouse.com.au/product/eel-smoked-traditional-style/" "Mozilla/5.0 (Macintosh; Intel Mac OS X 10_15_7) AppleWebKit/605.1.15 (KHTML, like Gecko) Version/26.5 Safari/605.1.15"
144.134.96.85 - - [13/Jun/2026:22:38:24 +1000] "GET /wp-content/plugins/recipe-card/js/post.js?ver=5.5.18 HTTP/1.1" 200 103317 "https://goldcoast.aussieseafoodhouse.com.au/product/eel-smoked-traditional-style/" "Mozilla/5.0 (Macintosh; Intel Mac OS X 10_15_7) AppleWebKit/605.1.15 (KHTML, like Gecko) Version/26.5 Safari/605.1.15"
144.134.96.85 - - [13/Jun/2026:22:38:24 +1000] "GET /wp-content/themes/vantage/inc/mobilenav/js/mobilenav.min.js?ver=1.6.9 HTTP/1.1" 200 1072 "https://goldcoast.aussieseafoodhouse.com.au/product/eel-smoked-traditional-style/" "Mozilla/5.0 (Macintosh; Intel Mac OS X 10_15_7) AppleWebKit/605.1.15 (KHTML, like Gecko) Version/26.5 Safari/605.1.15"
144.134.96.85 - - [13/Jun/2026:22:38:24 +1000] "GET /wp-content/themes/vantage/js/jquery.theme-main.min.js?ver=1.6.9 HTTP/1.1" 200 2486 "https://goldcoast.aussieseafoodhouse.com.au/product/eel-smoked-traditional-style/" "Mozilla/5.0 (Macintosh; Intel Mac OS X 10_15_7) AppleWebKit/605.1.15 (KHTML, like Gecko) Version/26.5 Safari/605.1.15"
144.134.96.85 - - [13/Jun/2026:22:38:24 +1000] "GET /wp-content/themes/vantage/js/jquery.fitvids.min.js?ver=1.0 HTTP/1.1" 200 797 "https://goldcoast.aussieseafoodhouse.com.au/product/eel-smoked-traditional-style/" "Mozilla/5.0 (Macintosh; Intel Mac OS X 10_15_7) AppleWebKit/605.1.15 (KHTML, like Gecko) Version/26.5 Safari/605.1.15"
144.134.96.85 - - [13/Jun/2026:22:38:24 +1000] "GET /wp-content/plugins/ml-slider/assets/sliders/flexslider/flexslider.css?ver=3.20.3 HTTP/1.1" 200 1166 "https://goldcoast.aussieseafoodhouse.com.au/product/eel-smoked-traditional-style/" "Mozilla/5.0 (Macintosh; Intel Mac OS X 10_15_7) AppleWebKit/605.1.15 (KHTML, like Gecko) Version/26.5 Safari/605.1.15"
144.134.96.85 - - [13/Jun/2026:22:38:24 +1000] "GET /wp-content/plugins/ml-slider/assets/metaslider/public.css?ver=3.20.3 HTTP/1.1" 200 1711 "https://goldcoast.aussieseafoodhouse.com.au/product/eel-smoked-traditional-style/" "Mozilla/5.0 (Macintosh; Intel Mac OS X 10_15_7) AppleWebKit/605.1.15 (KHTML, like Gecko) Version/26.5 Safari/605.1.15"
144.134.96.85 - - [13/Jun/2026:22:38:24 +1000] "GET /wp-content/plugins/ml-slider-pro/assets/public.css?ver=2.7.1 HTTP/1.1" 200 861 "https://goldcoast.aussieseafoodhouse.com.au/product/eel-smoked-traditional-style/" "Mozilla/5.0 (Macintosh; Intel Mac OS X 10_15_7) AppleWebKit/605.1.15 (KHTML, like Gecko) Version/26.5 Safari/605.1.15"
144.134.96.85 - - [13/Jun/2026:22:38:24 +1000] "GET /wp-content/plugins/woocommerce/assets/css/select2.css?ver=5.5.5 HTTP/1.1" 200 1943 "https://goldcoast.aussieseafoodhouse.com.au/product/eel-smoked-traditional-style/" "Mozilla/5.0 (Macintosh; Intel Mac OS X 10_15_7) AppleWebKit/605.1.15 (KHTML, like Gecko) Version/26.5 Safari/605.1.15"
144.134.96.85 - - [13/Jun/2026:22:38:24 +1000] "GET /wp-content/plugins/woocommerce/assets/js/jquery-blockui/jquery.blockUI.min.js?ver=2.70 HTTP/1.1" 200 3491 "https://goldcoast.aussieseafoodhouse.com.au/product/eel-smoked-traditional-style/" "Mozilla/5.0 (Macintosh; Intel Mac OS X 10_15_7) AppleWebKit/605.1.15 (KHTML, like Gecko) Version/26.5 Safari/605.1.15"
144.134.96.85 - - [13/Jun/2026:22:38:24 +1000] "GET /wp-content/plugins/woocommerce/assets/js/frontend/add-to-cart.min.js?ver=5.5.5 HTTP/1.1" 200 1086 "https://goldcoast.aussieseafoodhouse.com.au/product/eel-smoked-traditional-style/" "Mozilla/5.0 (Macintosh; Intel Mac OS X 10_15_7) AppleWebKit/605.1.15 (KHTML, like Gecko) Version/26.5 Safari/605.1.15"
144.134.96.85 - - [13/Jun/2026:22:38:24 +1000] "GET /wp-content/plugins/woocommerce/assets/js/zoom/jquery.zoom.min.js?ver=1.7.21 HTTP/1.1" 200 1179 "https://goldcoast.aussieseafoodhouse.com.au/product/eel-smoked-traditional-style/" "Mozilla/5.0 (Macintosh; Intel Mac OS X 10_15_7) AppleWebKit/605.1.15 (KHTML, like Gecko) Version/26.5 Safari/605.1.15"
144.134.96.85 - - [13/Jun/2026:22:38:24 +1000] "GET /wp-content/plugins/woocommerce/assets/js/flexslider/jquery.flexslider.min.js?ver=2.7.2 HTTP/1.1" 200 6484 "https://goldcoast.aussieseafoodhouse.com.au/product/eel-smoked-traditional-style/" "Mozilla/5.0 (Macintosh; Intel Mac OS X 10_15_7) AppleWebKit/605.1.15 (KHTML, like Gecko) Version/26.5 Safari/605.1.15"
144.134.96.85 - - [13/Jun/2026:22:38:24 +1000] "GET /wp-content/plugins/woocommerce/assets/js/photoswipe/photoswipe.min.js?ver=4.1.1 HTTP/1.1" 200 11939 "https://goldcoast.aussieseafoodhouse.com.au/product/eel-smoked-traditional-style/" "Mozilla/5.0 (Macintosh; Intel Mac OS X 10_15_7) AppleWebKit/605.1.15 (KHTML, like Gecko) Version/26.5 Safari/605.1.15"
144.134.96.85 - - [13/Jun/2026:22:38:24 +1000] "GET /wp-content/plugins/woocommerce/assets/js/frontend/single-product.min.js?ver=5.5.5 HTTP/1.1" 200 1881 "https://goldcoast.aussieseafoodhouse.com.au/product/eel-smoked-traditional-style/" "Mozilla/5.0 (Macintosh; Intel Mac OS X 10_15_7) AppleWebKit/605.1.15 (KHTML, like Gecko) Version/26.5 Safari/605.1.15"
144.134.96.85 - - [13/Jun/2026:22:38:24 +1000] "GET /wp-content/plugins/woocommerce/assets/js/photoswipe/photoswipe-ui-default.min.js?ver=4.1.1 HTTP/1.1" 200 3634 "https://goldcoast.aussieseafoodhouse.com.au/product/eel-smoked-traditional-style/" "Mozilla/5.0 (Macintosh; Intel Mac OS X 10_15_7) AppleWebKit/605.1.15 (KHTML, like Gecko) Version/26.5 Safari/605.1.15"
144.134.96.85 - - [13/Jun/2026:22:38:24 +1000] "GET /wp-content/plugins/woocommerce/assets/js/js-cookie/js.cookie.min.js?ver=2.1.4 HTTP/1.1" 200 982 "https://goldcoast.aussieseafoodhouse.com.au/product/eel-smoked-traditional-style/" "Mozilla/5.0 (Macintosh; Intel Mac OS X 10_15_7) AppleWebKit/605.1.15 (KHTML, like Gecko) Version/26.5 Safari/605.1.15"
144.134.96.85 - - [13/Jun/2026:22:38:24 +1000] "GET /wp-content/plugins/woocommerce/assets/js/frontend/cart-fragments.min.js?ver=5.5.5 HTTP/1.1" 200 1039 "https://goldcoast.aussieseafoodhouse.com.au/product/eel-smoked-traditional-style/" "Mozilla/5.0 (Macintosh; Intel Mac OS X 10_15_7) AppleWebKit/605.1.15 (KHTML, like Gecko) Version/26.5 Safari/605.1.15"
144.134.96.85 - - [13/Jun/2026:22:38:24 +1000] "GET /wp-content/plugins/woocommerce/assets/js/frontend/woocommerce.min.js?ver=5.5.5 HTTP/1.1" 200 794 "https://goldcoast.aussieseafoodhouse.com.au/product/eel-smoked-traditional-style/" "Mozilla/5.0 (Macintosh; Intel Mac OS X 10_15_7) AppleWebKit/605.1.15 (KHTML, like Gecko) Version/26.5 Safari/605.1.15"
144.134.96.85 - - [13/Jun/2026:22:38:24 +1000] "GET /wp-includes/js/underscore.min.js?ver=1.8.3 HTTP/1.1" 200 5663 "https://goldcoast.aussieseafoodhouse.com.au/product/eel-smoked-traditional-style/" "Mozilla/5.0 (Macintosh; Intel Mac OS X 10_15_7) AppleWebKit/605.1.15 (KHTML, like Gecko) Version/26.5 Safari/605.1.15"
144.134.96.85 - - [13/Jun/2026:22:38:24 +1000] "GET /wp-includes/js/wp-util.min.js?ver=5.5.18 HTTP/1.1" 200 645 "https://goldcoast.aussieseafoodhouse.com.au/product/eel-smoked-traditional-style/" "Mozilla/5.0 (Macintosh; Intel Mac OS X 10_15_7) AppleWebKit/605.1.15 (KHTML, like Gecko) Version/26.5 Safari/605.1.15"
144.134.96.85 - - [13/Jun/2026:22:38:24 +1000] "GET /wp-content/plugins/woocommerce/assets/js/frontend/add-to-cart-variation.min.js?ver=5.5.5 HTTP/1.1" 200 3632 "https://goldcoast.aussieseafoodhouse.com.au/product/eel-smoked-traditional-style/" "Mozilla/5.0 (Macintosh; Intel Mac OS X 10_15_7) AppleWebKit/605.1.15 (KHTML, like Gecko) Version/26.5 Safari/605.1.15"
144.134.96.85 - - [13/Jun/2026:22:38:24 +1000] "GET /wp-content/plugins/yith-woocommerce-product-add-ons/assets/js/yith-wccl.min.js?ver=2.0.1 HTTP/1.1" 200 3828 "https://goldcoast.aussieseafoodhouse.com.au/product/eel-smoked-traditional-style/" "Mozilla/5.0 (Macintosh; Intel Mac OS X 10_15_7) AppleWebKit/605.1.15 (KHTML, like Gecko) Version/26.5 Safari/605.1.15"
144.134.96.85 - - [13/Jun/2026:22:38:24 +1000] "GET /wp-includes/js/jquery/ui/core.min.js?ver=1.11.4 HTTP/1.1" 200 1811 "https://goldcoast.aussieseafoodhouse.com.au/product/eel-smoked-traditional-style/" "Mozilla/5.0 (Macintosh; Intel Mac OS X 10_15_7) AppleWebKit/605.1.15 (KHTML, like Gecko) Version/26.5 Safari/605.1.15"
144.134.96.85 - - [13/Jun/2026:22:38:24 +1000] "GET /wp-content/plugins/page-links-to/dist/new-tab.js?ver=3.3.5 HTTP/1.1" 200 8819 "https://goldcoast.aussieseafoodhouse.com.au/product/eel-smoked-traditional-style/" "Mozilla/5.0 (Macintosh; Intel Mac OS X 10_15_7) AppleWebKit/605.1.15 (KHTML, like Gecko) Version/26.5 Safari/605.1.15"
144.134.96.85 - - [13/Jun/2026:22:38:24 +1000] "GET /wp-content/plugins/yith-woocommerce-product-add-ons/assets/js/accounting.min.js?ver=0.4.2 HTTP/1.1" 200 1307 "https://goldcoast.aussieseafoodhouse.com.au/product/eel-smoked-traditional-style/" "Mozilla/5.0 (Macintosh; Intel Mac OS X 10_15_7) AppleWebKit/605.1.15 (KHTML, like Gecko) Version/26.5 Safari/605.1.15"
144.134.96.85 - - [13/Jun/2026:22:38:24 +1000] "GET /wp-content/plugins/yith-woocommerce-product-add-ons/assets/js/color-picker.min.js?ver=1.0.0 HTTP/1.1" 200 1007 "https://goldcoast.aussieseafoodhouse.com.au/product/eel-smoked-traditional-style/" "Mozilla/5.0 (Macintosh; Intel Mac OS X 10_15_7) AppleWebKit/605.1.15 (KHTML, like Gecko) Version/26.5 Safari/605.1.15"
144.134.96.85 - - [13/Jun/2026:22:38:24 +1000] "GET /wp-includes/js/jquery/ui/datepicker.min.js?ver=1.11.4 HTTP/1.1" 200 10780 "https://goldcoast.aussieseafoodhouse.com.au/product/eel-smoked-traditional-style/" "Mozilla/5.0 (Macintosh; Intel Mac OS X 10_15_7) AppleWebKit/605.1.15 (KHTML, like Gecko) Version/26.5 Safari/605.1.15"
144.134.96.85 - - [13/Jun/2026:22:38:24 +1000] "GET /wp-content/plugins/yith-woocommerce-product-add-ons/assets/js/jquery-ui/jquery-ui.min.js?ver=1.11.4 HTTP/1.1" 200 63825 "https://goldcoast.aussieseafoodhouse.com.au/product/eel-smoked-traditional-style/" "Mozilla/5.0 (Macintosh; Intel Mac OS X 10_15_7) AppleWebKit/605.1.15 (KHTML, like Gecko) Version/26.5 Safari/605.1.15"
144.134.96.85 - - [13/Jun/2026:22:38:24 +1000] "GET /wp-content/plugins/yith-woocommerce-product-add-ons/assets/js/iris.min.js?ver=1.0.0 HTTP/1.1" 200 7702 "https://goldcoast.aussieseafoodhouse.com.au/product/eel-smoked-traditional-style/" "Mozilla/5.0 (Macintosh; Intel Mac OS X 10_15_7) AppleWebKit/605.1.15 (KHTML, like Gecko) Version/26.5 Safari/605.1.15"
144.134.96.85 - - [13/Jun/2026:22:38:24 +1000] "GET /wp-content/plugins/yith-woocommerce-product-add-ons/assets/js/yith-wapo-frontend.js?ver=2.0.1 HTTP/1.1" 200 13230 "https://goldcoast.aussieseafoodhouse.com.au/product/eel-smoked-traditional-style/" "Mozilla/5.0 (Macintosh; Intel Mac OS X 10_15_7) AppleWebKit/605.1.15 (KHTML, like Gecko) Version/26.5 Safari/605.1.15"
144.134.96.85 - - [13/Jun/2026:22:38:24 +1000] "GET /wp-content/plugins/woocommerce-social-media-share-buttons/smsb_script.js?ver=1.0.0 HTTP/1.1" 200 1165 "https://goldcoast.aussieseafoodhouse.com.au/product/eel-smoked-traditional-style/" "Mozilla/5.0 (Macintosh; Intel Mac OS X 10_15_7) AppleWebKit/605.1.15 (KHTML, like Gecko) Version/26.5 Safari/605.1.15"
144.134.96.85 - - [13/Jun/2026:22:38:24 +1000] "GET /wp-includes/js/wp-embed.min.js?ver=5.5.18 HTTP/1.1" 200 804 "https://goldcoast.aussieseafoodhouse.com.au/product/eel-smoked-traditional-style/" "Mozilla/5.0 (Macintosh; Intel Mac OS X 10_15_7) AppleWebKit/605.1.15 (KHTML, like Gecko) Version/26.5 Safari/605.1.15"
144.134.96.85 - - [13/Jun/2026:22:38:24 +1000] "GET /wp-content/plugins/ml-slider/assets/sliders/flexslider/jquery.flexslider.min.js?ver=3.20.3 HTTP/1.1" 200 6671 "https://goldcoast.aussieseafoodhouse.com.au/product/eel-smoked-traditional-style/" "Mozilla/5.0 (Macintosh; Intel Mac OS X 10_15_7) AppleWebKit/605.1.15 (KHTML, like Gecko) Version/26.5 Safari/605.1.15"
144.134.96.85 - - [13/Jun/2026:22:38:24 +1000] "GET /wp-content/plugins/woocommerce/assets/js/selectWoo/selectWoo.full.min.js?ver=1.0.9 HTTP/1.1" 200 21563 "https://goldcoast.aussieseafoodhouse.com.au/product/eel-smoked-traditional-style/" "Mozilla/5.0 (Macintosh; Intel Mac OS X 10_15_7) AppleWebKit/605.1.15 (KHTML, like Gecko) Version/26.5 Safari/605.1.15"
144.134.96.85 - - [13/Jun/2026:22:38:24 +1000] "GET /wp-content/uploads/sites/14/2017/05/cropped-ASH-Logo-Landscape.jpg HTTP/1.1" 200 98572 "https://goldcoast.aussieseafoodhouse.com.au/product/eel-smoked-traditional-style/" "Mozilla/5.0 (Macintosh; Intel Mac OS X 10_15_7) AppleWebKit/605.1.15 (KHTML, like Gecko) Version/26.5 Safari/605.1.15"
144.134.96.85 - - [13/Jun/2026:22:38:24 +1000] "GET /wp-content/plugins/woocommerce-social-media-share-buttons/img/email-share-button.png HTTP/1.1" 200 3668 "https://goldcoast.aussieseafoodhouse.com.au/product/eel-smoked-traditional-style/" "Mozilla/5.0 (Macintosh; Intel Mac OS X 10_15_7) AppleWebKit/605.1.15 (KHTML, like Gecko) Version/26.5 Safari/605.1.15"
144.134.96.85 - - [13/Jun/2026:22:38:24 +1000] "GET /wp-content/plugins/custom-share-buttons-with-floating-sidebar/images/hide-r.png HTTP/1.1" 200 2424 "https://goldcoast.aussieseafoodhouse.com.au/product/eel-smoked-traditional-style/" "Mozilla/5.0 (Macintosh; Intel Mac OS X 10_15_7) AppleWebKit/605.1.15 (KHTML, like Gecko) Version/26.5 Safari/605.1.15"
144.134.96.85 - - [13/Jun/2026:22:38:24 +1000] "GET /wp-content/plugins/custom-share-buttons-with-floating-sidebar/images/show.png HTTP/1.1" 200 1075 "https://goldcoast.aussieseafoodhouse.com.au/product/eel-smoked-traditional-style/" "Mozilla/5.0 (Macintosh; Intel Mac OS X 10_15_7) AppleWebKit/605.1.15 (KHTML, like Gecko) Version/26.5 Safari/605.1.15"
144.134.96.85 - - [13/Jun/2026:22:38:24 +1000] "GET /wp-includes/js/wp-emoji-release.min.js?ver=5.5.18 HTTP/1.1" 200 4662 "https://goldcoast.aussieseafoodhouse.com.au/product/eel-smoked-traditional-style/" "Mozilla/5.0 (Macintosh; Intel Mac OS X 10_15_7) AppleWebKit/605.1.15 (KHTML, like Gecko) Version/26.5 Safari/605.1.15"
144.134.96.85 - - [13/Jun/2026:22:38:24 +1000] "GET /wp-content/themes/vantage/icons/vantage-icons.woff HTTP/1.1" 200 755 "https://goldcoast.aussieseafoodhouse.com.au/product/eel-smoked-traditional-style/" "Mozilla/5.0 (Macintosh; Intel Mac OS X 10_15_7) AppleWebKit/605.1.15 (KHTML, like Gecko) Version/26.5 Safari/605.1.15"
144.134.96.85 - - [13/Jun/2026:22:38:24 +1000] "GET /wp-content/plugins/woocommerce/assets/css/woocommerce-smallscreen.css?ver=5.5.5 HTTP/1.1" 200 1177 "https://goldcoast.aussieseafoodhouse.com.au/product/eel-smoked-traditional-style/" "Mozilla/5.0 (Macintosh; Intel Mac OS X 10_15_7) AppleWebKit/605.1.15 (KHTML, like Gecko) Version/26.5 Safari/605.1.15"
144.134.96.85 - - [13/Jun/2026:22:38:24 +1000] "GET /wp-content/uploads/sites/14/2017/07/images-98.jpg HTTP/1.1" 200 102483 "https://goldcoast.aussieseafoodhouse.com.au/product/eel-smoked-traditional-style/" "Mozilla/5.0 (Macintosh; Intel Mac OS X 10_15_7) AppleWebKit/605.1.15 (KHTML, like Gecko) Version/26.5 Safari/605.1.15"
144.134.96.85 - - [13/Jun/2026:22:38:24 +1000] "GET /wp-content/uploads/sites/14/2018/07/Scottish-Kippers-6x6.jpg HTTP/1.1" 200 312295 "https://goldcoast.aussieseafoodhouse.com.au/product/eel-smoked-traditional-style/" "Mozilla/5.0 (Macintosh; Intel Mac OS X 10_15_7) AppleWebKit/605.1.15 (KHTML, like Gecko) Version/26.5 Safari/605.1.15"
144.134.96.85 - - [13/Jun/2026:22:38:25 +1000] "GET /wp-content/plugins/custom-share-buttons-with-floating-sidebar/images/minify-social.png HTTP/1.1" 200 8019 "https://goldcoast.aussieseafoodhouse.com.au/product/eel-smoked-traditional-style/" "Mozilla/5.0 (Macintosh; Intel Mac OS X 10_15_7) AppleWebKit/605.1.15 (KHTML, like Gecko) Version/26.5 Safari/605.1.15"
144.134.96.85 - - [13/Jun/2026:22:38:25 +1000] "GET /wp-content/uploads/sites/14/2018/03/Smoked-trout-6x6.jpg HTTP/1.1" 200 456657 "https://goldcoast.aussieseafoodhouse.com.au/product/eel-smoked-traditional-style/" "Mozilla/5.0 (Macintosh; Intel Mac OS X 10_15_7) AppleWebKit/605.1.15 (KHTML, like Gecko) Version/26.5 Safari/605.1.15"
144.134.96.85 - - [13/Jun/2026:22:38:24 +1000] "POST /?wc-ajax=get_refreshed_fragments HTTP/1.1" 200 161 "https://goldcoast.aussieseafoodhouse.com.au/product/eel-smoked-traditional-style/" "Mozilla/5.0 (Macintosh; Intel Mac OS X 10_15_7) AppleWebKit/605.1.15 (KHTML, like Gecko) Version/26.5 Safari/605.1.15"
144.134.96.85 - - [13/Jun/2026:22:38:25 +1000] "GET /wp-content/uploads/sites/14/2017/07/images-97.jpg HTTP/1.1" 200 109673 "https://goldcoast.aussieseafoodhouse.com.au/product/eel-smoked-traditional-style/" "Mozilla/5.0 (Macintosh; Intel Mac OS X 10_15_7) AppleWebKit/605.1.15 (KHTML, like Gecko) Version/26.5 Safari/605.1.15"
144.134.96.85 - - [13/Jun/2026:22:38:26 +1000] "GET /wp-content/uploads/sites/14/2017/05/cropped-logo-copy-google-194x194.jpg HTTP/1.1" 200 12145 "https://goldcoast.aussieseafoodhouse.com.au/product/eel-smoked-traditional-style/" "Mozilla/5.0 (Macintosh; Intel Mac OS X 10_15_7) AppleWebKit/605.1.15 (KHTML, like Gecko) Version/26.5 Safari/605.1.15"
144.134.96.85 - - [13/Jun/2026:22:38:26 +1000] "GET /wp-content/uploads/sites/14/2017/05/cropped-logo-copy-google-180x180.jpg HTTP/1.1" 200 10733 "https://goldcoast.aussieseafoodhouse.com.au/product/eel-smoked-traditional-style/" "Mozilla/5.0 (Macintosh; Intel Mac OS X 10_15_7) AppleWebKit/605.1.15 (KHTML, like Gecko) Version/26.5 Safari/605.1.15"
160.22.78.242 - - [13/Jun/2026:22:38:41 +1000] "POST /wp-cron.php?doing_wp_cron=1781354321.1334269046783447265625 HTTP/1.1" 200 - "https://goldcoast.aussieseafoodhouse.com.au/wp-cron.php?doing_wp_cron=1781354321.1334269046783447265625" "WordPress/5.5.18; https://goldcoast.aussieseafoodhouse.com.au"
144.134.96.85 - - [13/Jun/2026:22:38:40 +1000] "GET /shop/ HTTP/1.1" 200 15549 "https://goldcoast.aussieseafoodhouse.com.au/product/eel-smoked-traditional-style/" "Mozilla/5.0 (Macintosh; Intel Mac OS X 10_15_7) AppleWebKit/605.1.15 (KHTML, like Gecko) Version/26.5 Safari/605.1.15"
