2001:8003:63eb:cc00:24fa:f9e1:65a7:bcb3 - - [13/Jun/2026:23:01:51 +1000] "GET /wp-content/uploads/sites/8/2019/06/Seafood-Cocktail-6x6.jpg HTTP/1.1" 200 451326 "https://capalaba.aussieseafoodhouse.com.au/shop/page/13/" "Mozilla/5.0 (iPhone; CPU iPhone OS 18_7 like Mac OS X) AppleWebKit/605.1.15 (KHTML, like Gecko) Version/26.5 Mobile/15E148 Safari/604.1"
2001:8003:63eb:cc00:24fa:f9e1:65a7:bcb3 - - [13/Jun/2026:23:02:01 +1000] "GET /shop/page/14/ HTTP/1.1" 200 12562 "https://capalaba.aussieseafoodhouse.com.au/shop/page/13/" "Mozilla/5.0 (iPhone; CPU iPhone OS 18_7 like Mac OS X) AppleWebKit/605.1.15 (KHTML, like Gecko) Version/26.5 Mobile/15E148 Safari/604.1"
2001:8003:63eb:cc00:24fa:f9e1:65a7:bcb3 - - [13/Jun/2026:23:02:05 +1000] "GET /wp-content/uploads/sites/8/2017/03/aasalmonsmoked600.jpg HTTP/1.1" 200 278688 "https://capalaba.aussieseafoodhouse.com.au/shop/page/14/" "Mozilla/5.0 (iPhone; CPU iPhone OS 18_7 like Mac OS X) AppleWebKit/605.1.15 (KHTML, like Gecko) Version/26.5 Mobile/15E148 Safari/604.1"
2001:8003:63eb:cc00:24fa:f9e1:65a7:bcb3 - - [13/Jun/2026:23:02:12 +1000] "GET /shop/page/15/ HTTP/1.1" 200 12394 "https://capalaba.aussieseafoodhouse.com.au/shop/page/14/" "Mozilla/5.0 (iPhone; CPU iPhone OS 18_7 like Mac OS X) AppleWebKit/605.1.15 (KHTML, like Gecko) Version/26.5 Mobile/15E148 Safari/604.1"
2001:8003:63eb:cc00:24fa:f9e1:65a7:bcb3 - - [13/Jun/2026:23:02:12 +1000] "GET /wp-content/uploads/sites/8/2017/06/Octopus-lime-pepper-squid-or-octopus-2-6x6.jpg HTTP/1.1" 200 508034 "https://capalaba.aussieseafoodhouse.com.au/shop/page/15/" "Mozilla/5.0 (iPhone; CPU iPhone OS 18_7 like Mac OS X) AppleWebKit/605.1.15 (KHTML, like Gecko) Version/26.5 Mobile/15E148 Safari/604.1"
2001:8003:63eb:cc00:24fa:f9e1:65a7:bcb3 - - [13/Jun/2026:23:02:17 +1000] "GET /wp-content/uploads/sites/8/2020/03/Squid-Tubes-Delicious-6x6.ash_.jpg HTTP/1.1" 200 339236 "https://capalaba.aussieseafoodhouse.com.au/shop/page/15/" "Mozilla/5.0 (iPhone; CPU iPhone OS 18_7 like Mac OS X) AppleWebKit/605.1.15 (KHTML, like Gecko) Version/26.5 Mobile/15E148 Safari/604.1"
8.229.161.217 - - [13/Jun/2026:23:02:18 +1000] "GET /wp-content/uploads/sites/8/2020/03/Salmon-Smoked-Dip-with-Greek-Yogurt-6x6-300x300.jpg HTTP/1.1" 200 24295 "-" "Mozilla/5.0 (X11; Linux x86_64) AppleWebKit/537.36 (KHTML, like Gecko) Chrome/91.0.4472.114 Safari/537.36"
160.22.78.242 - - [13/Jun/2026:23:02:21 +1000] "POST /wp-cron.php?doing_wp_cron=1781355741.0422439575195312500000 HTTP/1.1" 200 - "https://capalaba.aussieseafoodhouse.com.au/wp-cron.php?doing_wp_cron=1781355741.0422439575195312500000" "WordPress/5.5.18; https://capalaba.aussieseafoodhouse.com.au"
107.173.9.84 - - [13/Jun/2026:23:02:20 +1000] "GET /contact-us-2/contact-us/ HTTP/1.1" 200 9600 "-" "Uptime-Kuma/2.0.0-beta.4"
2001:8003:63eb:cc00:24fa:f9e1:65a7:bcb3 - - [13/Jun/2026:23:02:26 +1000] "GET /shop/page/16/ HTTP/1.1" 200 12456 "https://capalaba.aussieseafoodhouse.com.au/shop/page/15/" "Mozilla/5.0 (iPhone; CPU iPhone OS 18_7 like Mac OS X) AppleWebKit/605.1.15 (KHTML, like Gecko) Version/26.5 Mobile/15E148 Safari/604.1"
2001:8003:63eb:cc00:24fa:f9e1:65a7:bcb3 - - [13/Jun/2026:23:02:30 +1000] "GET /wp-content/uploads/sites/8/2019/06/Thai-Green-Curry-Sauce-6x6.jpg HTTP/1.1" 200 442522 "https://capalaba.aussieseafoodhouse.com.au/shop/page/16/" "Mozilla/5.0 (iPhone; CPU iPhone OS 18_7 like Mac OS X) AppleWebKit/605.1.15 (KHTML, like Gecko) Version/26.5 Mobile/15E148 Safari/604.1"
2001:8003:63eb:cc00:24fa:f9e1:65a7:bcb3 - - [13/Jun/2026:23:02:36 +1000] "GET /shop/page/17/ HTTP/1.1" 200 12355 "https://capalaba.aussieseafoodhouse.com.au/shop/page/16/" "Mozilla/5.0 (iPhone; CPU iPhone OS 18_7 like Mac OS X) AppleWebKit/605.1.15 (KHTML, like Gecko) Version/26.5 Mobile/15E148 Safari/604.1"
2001:8003:63eb:cc00:24fa:f9e1:65a7:bcb3 - - [13/Jun/2026:23:02:41 +1000] "GET /wp-content/uploads/sites/8/2018/07/Silverfish-Whitebait...6x6-3d.jpg HTTP/1.1" 200 383135 "https://capalaba.aussieseafoodhouse.com.au/shop/page/17/" "Mozilla/5.0 (iPhone; CPU iPhone OS 18_7 like Mac OS X) AppleWebKit/605.1.15 (KHTML, like Gecko) Version/26.5 Mobile/15E148 Safari/604.1"
2001:8003:63eb:cc00:24fa:f9e1:65a7:bcb3 - - [13/Jun/2026:23:02:47 +1000] "GET /shop/page/18/ HTTP/1.1" 200 11650 "https://capalaba.aussieseafoodhouse.com.au/shop/page/17/" "Mozilla/5.0 (iPhone; CPU iPhone OS 18_7 like Mac OS X) AppleWebKit/605.1.15 (KHTML, like Gecko) Version/26.5 Mobile/15E148 Safari/604.1"
2001:8003:63eb:cc00:24fa:f9e1:65a7:bcb3 - - [13/Jun/2026:23:02:47 +1000] "GET /wp-content/uploads/sites/8/2019/06/Mussel-Sauce-6x6.jpg HTTP/1.1" 200 459188 "https://capalaba.aussieseafoodhouse.com.au/shop/page/18/" "Mozilla/5.0 (iPhone; CPU iPhone OS 18_7 like Mac OS X) AppleWebKit/605.1.15 (KHTML, like Gecko) Version/26.5 Mobile/15E148 Safari/604.1"
2001:8003:63eb:cc00:24fa:f9e1:65a7:bcb3 - - [13/Jun/2026:23:02:49 +1000] "GET /wp-content/uploads/sites/8/2017/08/Oyster-close-up.jpg HTTP/1.1" 200 105454 "https://capalaba.aussieseafoodhouse.com.au/shop/page/18/" "Mozilla/5.0 (iPhone; CPU iPhone OS 18_7 like Mac OS X) AppleWebKit/605.1.15 (KHTML, like Gecko) Version/26.5 Mobile/15E148 Safari/604.1"
2001:8003:63eb:cc00:24fa:f9e1:65a7:bcb3 - - [13/Jun/2026:23:02:55 +1000] "POST /?wc-ajax=get_refreshed_fragments HTTP/1.1" 200 161 "https://capalaba.aussieseafoodhouse.com.au/shop/page/17/" "Mozilla/5.0 (iPhone; CPU iPhone OS 18_7 like Mac OS X) AppleWebKit/605.1.15 (KHTML, like Gecko) Version/26.5 Mobile/15E148 Safari/604.1"
2001:8003:63eb:cc00:24fa:f9e1:65a7:bcb3 - - [13/Jun/2026:23:02:56 +1000] "POST /?wc-ajax=get_refreshed_fragments HTTP/1.1" 200 161 "https://capalaba.aussieseafoodhouse.com.au/shop/page/16/" "Mozilla/5.0 (iPhone; CPU iPhone OS 18_7 like Mac OS X) AppleWebKit/605.1.15 (KHTML, like Gecko) Version/26.5 Mobile/15E148 Safari/604.1"
52.167.144.171 - - [13/Jun/2026:23:02:59 +1000] "GET /wp-content/uploads/sites/8/2018/03/Oysters-Mornay-Home-Made-003-6x6-aus.jpg HTTP/1.1" 200 399818 "-" "Mozilla/5.0 AppleWebKit/537.36 (KHTML, like Gecko; compatible; bingbot/2.0; +http://www.bing.com/bingbot.htm) Chrome/116.0.1938.76 Safari/537.36"
195.2.78.191 - - [13/Jun/2026:23:03:01 +1000] "GET /product/hairtail-ribbonfish-fresh-wild-caught/ HTTP/1.1" 200 14350 "https://capalaba.aussieseafoodhouse.com.au/product/hairtail-ribbonfish-fresh-wild-caught/" "Mozilla/5.0 (Windows NT 10.0; Win64; x64) AppleWebKit/537.36 (KHTML, like Gecko) Chrome/131.0.0.0 Safari/537.36 Avast/131.0.0.0"
195.2.78.191 - - [13/Jun/2026:23:03:03 +1000] "GET /contact-us-2/contact-us/ HTTP/1.1" 200 11029 "https://capalaba.aussieseafoodhouse.com.au/contact-us-2/contact-us/" "Mozilla/5.0 (Windows NT 10.0; Win64; x64) AppleWebKit/537.36 (KHTML, like Gecko) Chrome/131.0.0.0 Safari/537.36 Avast/131.0.0.0"
195.2.78.191 - - [13/Jun/2026:23:03:04 +1000] "POST /contact-us-2/contact-us/ HTTP/1.1" 200 12375 "https://capalaba.aussieseafoodhouse.com.au/contact-us-2/contact-us/" "Mozilla/5.0 (Windows NT 10.0; Win64; x64) AppleWebKit/537.36 (KHTML, like Gecko) Chrome/131.0.0.0 Safari/537.36 Avast/131.0.0.0"
2001:8003:63eb:cc00:24fa:f9e1:65a7:bcb3 - - [13/Jun/2026:23:03:06 +1000] "GET /product-category/wholefish/ HTTP/1.1" 200 12038 "https://capalaba.aussieseafoodhouse.com.au/" "Mozilla/5.0 (iPhone; CPU iPhone OS 18_7 like Mac OS X) AppleWebKit/605.1.15 (KHTML, like Gecko) Version/26.5 Mobile/15E148 Safari/604.1"
2001:8003:63eb:cc00:24fa:f9e1:65a7:bcb3 - - [13/Jun/2026:23:03:09 +1000] "POST /?wc-ajax=get_refreshed_fragments HTTP/1.1" 200 161 "https://capalaba.aussieseafoodhouse.com.au/" "Mozilla/5.0 (iPhone; CPU iPhone OS 18_7 like Mac OS X) AppleWebKit/605.1.15 (KHTML, like Gecko) Version/26.5 Mobile/15E148 Safari/604.1"
107.173.9.84 - - [13/Jun/2026:23:03:20 +1000] "GET /contact-us-2/contact-us/ HTTP/1.1" 200 9600 "-" "Uptime-Kuma/2.0.0-beta.4"
160.22.78.242 - - [13/Jun/2026:23:04:22 +1000] "POST /wp-cron.php?doing_wp_cron=1781355862.7935459613800048828125 HTTP/1.1" 200 - "https://capalaba.aussieseafoodhouse.com.au/wp-cron.php?doing_wp_cron=1781355862.7935459613800048828125" "WordPress/5.5.18; https://capalaba.aussieseafoodhouse.com.au"
107.173.9.84 - - [13/Jun/2026:23:04:20 +1000] "GET /contact-us-2/contact-us/ HTTP/1.1" 200 9600 "-" "Uptime-Kuma/2.0.0-beta.4"
160.22.78.242 - - [13/Jun/2026:23:05:22 +1000] "POST /wp-cron.php?doing_wp_cron=1781355922.7257959842681884765625 HTTP/1.1" 200 - "https://capalaba.aussieseafoodhouse.com.au/wp-cron.php?doing_wp_cron=1781355922.7257959842681884765625" "WordPress/5.5.18; https://capalaba.aussieseafoodhouse.com.au"
107.173.9.84 - - [13/Jun/2026:23:05:20 +1000] "GET /contact-us-2/contact-us/ HTTP/1.1" 200 9600 "-" "Uptime-Kuma/2.0.0-beta.4"
160.22.78.242 - - [13/Jun/2026:23:06:23 +1000] "POST /wp-cron.php?doing_wp_cron=1781355983.6842451095581054687500 HTTP/1.1" 200 - "https://capalaba.aussieseafoodhouse.com.au/wp-cron.php?doing_wp_cron=1781355983.6842451095581054687500" "WordPress/5.5.18; https://capalaba.aussieseafoodhouse.com.au"
107.173.9.84 - - [13/Jun/2026:23:06:21 +1000] "GET /contact-us-2/contact-us/ HTTP/1.1" 200 9600 "-" "Uptime-Kuma/2.0.0-beta.4"
18.206.47.187 - - [13/Jun/2026:23:06:51 +1000] "GET /prawn-pasta-2-6x6/ HTTP/1.1" 200 10126 "-" "Mozilla/5.0 AppleWebKit/537.36 (KHTML, like Gecko; compatible; Amazonbot/0.1; +https://developer.amazon.com/support/amazonbot) Chrome/119.0.6045.214 Safari/537.36"
54.89.90.224 - - [13/Jun/2026:23:06:55 +1000] "GET /aaa-stockings-at-the-beach-6x6/ HTTP/1.1" 200 10126 "-" "Mozilla/5.0 AppleWebKit/537.36 (KHTML, like Gecko; compatible; Amazonbot/0.1; +https://developer.amazon.com/support/amazonbot) Chrome/119.0.6045.214 Safari/537.36"
34.225.138.57 - - [13/Jun/2026:23:06:58 +1000] "GET /sashimi/ HTTP/1.1" 200 10126 "-" "Mozilla/5.0 AppleWebKit/537.36 (KHTML, like Gecko; compatible; Amazonbot/0.1; +https://developer.amazon.com/support/amazonbot) Chrome/119.0.6045.214 Safari/537.36"
3.232.102.111 - - [13/Jun/2026:23:07:03 +1000] "GET /fish-wraps-6x6x/ HTTP/1.1" 200 10071 "-" "Mozilla/5.0 AppleWebKit/537.36 (KHTML, like Gecko; compatible; Amazonbot/0.1; +https://developer.amazon.com/support/amazonbot) Chrome/119.0.6045.214 Safari/537.36"
160.22.78.242 - - [13/Jun/2026:23:07:21 +1000] "POST /wp-cron.php?doing_wp_cron=1781356041.2762610912322998046875 HTTP/1.1" 200 - "https://capalaba.aussieseafoodhouse.com.au/wp-cron.php?doing_wp_cron=1781356041.2762610912322998046875" "WordPress/5.5.18; https://capalaba.aussieseafoodhouse.com.au"
160.22.78.242 - - [13/Jun/2026:23:07:21 +1000] "POST /?wordfence_syncAttackData=1781356041.0799 HTTP/1.1" 200 11416 "https://capalaba.aussieseafoodhouse.com.au/?wordfence_syncAttackData=1781356041.0799" "WordPress/5.5.18; https://capalaba.aussieseafoodhouse.com.au"
160.22.78.242 - - [13/Jun/2026:23:07:21 +1000] "POST /wp-cron.php?doing_wp_cron=1781356041.6657021045684814453125 HTTP/1.1" 200 - "https://capalaba.aussieseafoodhouse.com.au/wp-cron.php?doing_wp_cron=1781356041.6657021045684814453125" "WordPress/5.5.18; https://capalaba.aussieseafoodhouse.com.au"
107.173.9.84 - - [13/Jun/2026:23:07:20 +1000] "GET /contact-us-2/contact-us/ HTTP/1.1" 200 9600 "-" "Uptime-Kuma/2.0.0-beta.4"
66.249.91.7 - - [13/Jun/2026:23:08:23 +1000] "GET /favicon.ico HTTP/1.1" 302 - "https://capalaba.aussieseafoodhouse.com.au/product/bullet-tuna/" "Mozilla/5.0 (X11; Linux x86_64) AppleWebKit/537.36 (KHTML, like Gecko) Chrome/148.0.7778.96 Safari/537.36"
107.173.9.84 - - [13/Jun/2026:23:08:21 +1000] "GET /contact-us-2/contact-us/ HTTP/1.1" 200 9600 "-" "Uptime-Kuma/2.0.0-beta.4"
160.22.78.242 - - [13/Jun/2026:23:08:22 +1000] "POST /wp-cron.php?doing_wp_cron=1781356102.8735411167144775390625 HTTP/1.1" 200 - "https://capalaba.aussieseafoodhouse.com.au/wp-cron.php?doing_wp_cron=1781356102.8735411167144775390625" "WordPress/5.5.18; https://capalaba.aussieseafoodhouse.com.au"
66.249.91.7 - - [13/Jun/2026:23:08:27 +1000] "GET /wp-content/uploads/sites/8/2017/05/cropped-logo-copy-google-180x180.jpg HTTP/1.1" 200 10733 "https://capalaba.aussieseafoodhouse.com.au/product/bullet-tuna/" "Mozilla/5.0 (X11; Linux x86_64) AppleWebKit/537.36 (KHTML, like Gecko) Chrome/148.0.7778.96 Safari/537.36"
52.167.144.222 - - [13/Jun/2026:23:08:32 +1000] "GET /product/flathead/ HTTP/1.1" 200 13324 "-" "Mozilla/5.0 AppleWebKit/537.36 (KHTML, like Gecko; compatible; bingbot/2.0; +http://www.bing.com/bingbot.htm) Chrome/116.0.1938.76 Safari/537.36"
66.249.69.7 - - [13/Jun/2026:23:08:47 +1000] "GET /product/kipper-fillets-3-99-scottish/ HTTP/1.1" 200 12783 "-" "Mozilla/5.0 (compatible; Googlebot/2.1; +http://www.google.com/bot.html)"
107.173.9.84 - - [13/Jun/2026:23:09:21 +1000] "GET /contact-us-2/contact-us/ HTTP/1.1" 200 9517 "-" "Uptime-Kuma/2.0.0-beta.4"
66.249.69.9 - - [13/Jun/2026:23:09:40 +1000] "GET /product/kipper-fillets-3-99-scottish/ HTTP/1.1" 200 11472 "-" "Mozilla/5.0 (Linux; Android 6.0.1; Nexus 5X Build/MMB29P) AppleWebKit/537.36 (KHTML, like Gecko) Chrome/148.0.7778.96 Mobile Safari/537.36 (compatible; Googlebot/2.1; +http://www.google.com/bot.html)"
160.22.78.242 - - [13/Jun/2026:23:09:23 +1000] "POST /wp-cron.php?doing_wp_cron=1781356163.1782660484313964843750 HTTP/1.1" 200 - "https://capalaba.aussieseafoodhouse.com.au/wp-cron.php?doing_wp_cron=1781356163.1782660484313964843750" "WordPress/5.5.18; https://capalaba.aussieseafoodhouse.com.au"
107.173.9.84 - - [13/Jun/2026:23:10:21 +1000] "GET /contact-us-2/contact-us/ HTTP/1.1" 200 9517 "-" "Uptime-Kuma/2.0.0-beta.4"
160.22.78.242 - - [13/Jun/2026:23:10:45 +1000] "POST /wp-cron.php?doing_wp_cron=1781356245.4759840965270996093750 HTTP/1.1" 200 - "https://capalaba.aussieseafoodhouse.com.au/wp-cron.php?doing_wp_cron=1781356245.4759840965270996093750" "WordPress/5.5.18; https://capalaba.aussieseafoodhouse.com.au"
66.249.69.7 - - [13/Jun/2026:23:10:45 +1000] "GET /product/scottish-kippers-wild-caught/ HTTP/1.1" 200 13475 "-" "Mozilla/5.0 (compatible; Googlebot/2.1; +http://www.google.com/bot.html)"
160.22.78.242 - - [13/Jun/2026:23:11:16 +1000] "POST /wp-cron.php?doing_wp_cron=1781356276.9602360725402832031250 HTTP/1.1" 200 - "https://capalaba.aussieseafoodhouse.com.au/wp-cron.php?doing_wp_cron=1781356276.9602360725402832031250" "WordPress/5.5.18; https://capalaba.aussieseafoodhouse.com.au"
66.249.69.7 - - [13/Jun/2026:23:11:16 +1000] "GET /product/scottish-kippers-wild-caught/ HTTP/1.1" 200 12201 "-" "Mozilla/5.0 (Linux; Android 6.0.1; Nexus 5X Build/MMB29P) AppleWebKit/537.36 (KHTML, like Gecko) Chrome/148.0.7778.96 Mobile Safari/537.36 (compatible; Googlebot/2.1; +http://www.google.com/bot.html)"
160.22.78.242 - - [13/Jun/2026:23:11:21 +1000] "POST /wp-cron.php?doing_wp_cron=1781356281.2002530097961425781250 HTTP/1.1" 200 - "https://capalaba.aussieseafoodhouse.com.au/wp-cron.php?doing_wp_cron=1781356281.2002530097961425781250" "WordPress/5.5.18; https://capalaba.aussieseafoodhouse.com.au"
107.173.9.84 - - [13/Jun/2026:23:11:20 +1000] "GET /contact-us-2/contact-us/ HTTP/1.1" 200 9517 "-" "Uptime-Kuma/2.0.0-beta.4"
160.22.78.242 - - [13/Jun/2026:23:11:48 +1000] "POST /wp-cron.php?doing_wp_cron=1781356308.9018769264221191406250 HTTP/1.1" 200 - "https://capalaba.aussieseafoodhouse.com.au/wp-cron.php?doing_wp_cron=1781356308.9018769264221191406250" "WordPress/5.5.18; https://capalaba.aussieseafoodhouse.com.au"
43.172.196.12 - - [13/Jun/2026:23:11:48 +1000] "GET /product/oysters-moreton-rocks/ HTTP/1.1" 200 14658 "-" "Mozilla/5.0 (Windows NT 10.0; Win64; x64) AppleWebKit/537.36 (KHTML, like Gecko) Chrome/133.0.0.0 Safari/537.36"
43.172.198.20 - - [13/Jun/2026:23:11:51 +1000] "POST /?wc-ajax=get_refreshed_fragments HTTP/1.1" 200 161 "https://capalaba.aussieseafoodhouse.com.au/product/oysters-moreton-rocks/" "Mozilla/5.0 (Windows NT 10.0; Win64; x64) AppleWebKit/537.36 (KHTML, like Gecko) Chrome/133.0.0.0 Safari/537.36"
160.22.78.242 - - [13/Jun/2026:23:12:21 +1000] "POST /wp-cron.php?doing_wp_cron=1781356341.1481449604034423828125 HTTP/1.1" 200 - "https://capalaba.aussieseafoodhouse.com.au/wp-cron.php?doing_wp_cron=1781356341.1481449604034423828125" "WordPress/5.5.18; https://capalaba.aussieseafoodhouse.com.au"
107.173.9.84 - - [13/Jun/2026:23:12:20 +1000] "GET /contact-us-2/contact-us/ HTTP/1.1" 200 9600 "-" "Uptime-Kuma/2.0.0-beta.4"
14.188.100.231 - - [13/Jun/2026:23:12:51 +1000] "GET /web-pic-222/ HTTP/1.1" 200 10220 "-" "Mozilla/5.0 (Macintosh; Intel Mac OS X 10_15_1) AppleWebKit/537.36 (KHTML, like Gecko) Chrome/80.0.3987.122 Safari/537.36"
2a03:2880:11ff:: - - [13/Jun/2026:23:13:00 +1000] "GET /product-category/great-recipes-for-seafood/ HTTP/1.1" 200 13406 "-" "meta-externalagent/1.1 (+https://developers.facebook.com/docs/sharing/webmasters/crawler)"
107.173.9.84 - - [13/Jun/2026:23:13:21 +1000] "GET /contact-us-2/contact-us/ HTTP/1.1" 200 9517 "-" "Uptime-Kuma/2.0.0-beta.4"
54.225.148.123 - - [13/Jun/2026:23:13:26 +1000] "GET /wp-json/oembed/1.0/embed?url=https://capalaba.aussieseafoodhouse.com.au/crab-stuffed-manicotti-6x6/ HTTP/1.1" 200 1257 "-" "Mozilla/5.0 AppleWebKit/537.36 (KHTML, like Gecko; compatible; Amazonbot/0.1; +https://developer.amazon.com/support/amazonbot) Chrome/119.0.6045.214 Safari/537.36"
35.174.141.243 - - [13/Jun/2026:23:13:31 +1000] "GET /wp-json/oembed/1.0/embed?url=https://capalaba.aussieseafoodhouse.com.au/salmon-wellingtons-7-6x6/ HTTP/1.1" 200 1258 "-" "Mozilla/5.0 AppleWebKit/537.36 (KHTML, like Gecko; compatible; Amazonbot/0.1; +https://developer.amazon.com/support/amazonbot) Chrome/119.0.6045.214 Safari/537.36"
98.82.40.168 - - [13/Jun/2026:23:13:35 +1000] "GET /wp-json/oembed/1.0/embed?url=https://capalaba.aussieseafoodhouse.com.au/lobster-and-tap-hero-image-500x500/ HTTP/1.1" 200 1263 "-" "Mozilla/5.0 AppleWebKit/537.36 (KHTML, like Gecko; compatible; Amazonbot/0.1; +https://developer.amazon.com/support/amazonbot) Chrome/119.0.6045.214 Safari/537.36"
50.16.248.61 - - [13/Jun/2026:23:13:39 +1000] "GET /wp-json/oembed/1.0/embed?format=xml&url=https://capalaba.aussieseafoodhouse.com.au/mahi-blackened-mahi-mahi-6x6/ HTTP/1.1" 200 1280 "-" "Mozilla/5.0 AppleWebKit/537.36 (KHTML, like Gecko; compatible; Amazonbot/0.1; +https://developer.amazon.com/support/amazonbot) Chrome/119.0.6045.214 Safari/537.36"
160.22.78.242 - - [13/Jun/2026:23:13:21 +1000] "POST /wp-cron.php?doing_wp_cron=1781356401.2521450519561767578125 HTTP/1.1" 200 - "https://capalaba.aussieseafoodhouse.com.au/wp-cron.php?doing_wp_cron=1781356401.2521450519561767578125" "WordPress/5.5.18; https://capalaba.aussieseafoodhouse.com.au"
160.22.78.242 - - [13/Jun/2026:23:13:42 +1000] "POST /wp-cron.php?doing_wp_cron=1781356422.4418869018554687500000 HTTP/1.1" 200 - "https://capalaba.aussieseafoodhouse.com.au/wp-cron.php?doing_wp_cron=1781356422.4418869018554687500000" "WordPress/5.5.18; https://capalaba.aussieseafoodhouse.com.au"
3.218.35.239 - - [13/Jun/2026:23:13:42 +1000] "GET /prawn_coctail-2-6x6/ HTTP/1.1" 200 10094 "-" "Mozilla/5.0 AppleWebKit/537.36 (KHTML, like Gecko; compatible; Amazonbot/0.1; +https://developer.amazon.com/support/amazonbot) Chrome/119.0.6045.214 Safari/537.36"
52.1.157.90 - - [13/Jun/2026:23:13:47 +1000] "GET /wp-json/wp/v2/media/6893 HTTP/1.1" 200 1887 "-" "Mozilla/5.0 AppleWebKit/537.36 (KHTML, like Gecko; compatible; Amazonbot/0.1; +https://developer.amazon.com/support/amazonbot) Chrome/119.0.6045.214 Safari/537.36"
2a02:4780:1:2241:0:275f:80e:1 - - [13/Jun/2026:23:14:09 +1000] "GET /wp-content/uploads/sites/8/2020/10/A-Scallop-Health-chart-6x6-1.jpg HTTP/1.1" 200 214139 "https://www.howtoripe.com" "WPMU DEV Broken Link Checker Local Engine"
40.77.167.61 - - [13/Jun/2026:23:14:10 +1000] "GET /wp-content/uploads/sites/8/2018/05/Barramundi-Rice-Rolls-with-Thai-Peanut-Curry-Sauce-6x62-ash-300x300.jpg HTTP/1.1" 200 32073 "-" "Mozilla/5.0 AppleWebKit/537.36 (KHTML, like Gecko; compatible; bingbot/2.0; +http://www.bing.com/bingbot.htm) Chrome/116.0.1938.76 Safari/537.36"
160.22.78.242 - - [13/Jun/2026:23:14:21 +1000] "POST /wp-cron.php?doing_wp_cron=1781356461.2968471050262451171875 HTTP/1.1" 200 - "https://capalaba.aussieseafoodhouse.com.au/wp-cron.php?doing_wp_cron=1781356461.2968471050262451171875" "WordPress/5.5.18; https://capalaba.aussieseafoodhouse.com.au"
107.173.9.84 - - [13/Jun/2026:23:14:21 +1000] "GET /contact-us-2/contact-us/ HTTP/1.1" 200 9600 "-" "Uptime-Kuma/2.0.0-beta.4"
54.86.63.253 - - [13/Jun/2026:23:14:52 +1000] "HEAD /wp-json/oembed/1.0/embed?format=xml&url=https://capalaba.aussieseafoodhouse.com.au/mahi-blackened-mahi-mahi-6x6/ HTTP/1.1" 200 - "-" "Mozilla/5.0 AppleWebKit/605.1.15 (KHTML, like Gecko) Chrome/139.0.0.0 Safari/605.1.15"
35.168.182.191 - - [13/Jun/2026:23:14:56 +1000] "HEAD /wp-json/oembed/1.0/embed?url=https://capalaba.aussieseafoodhouse.com.au/salmon-wellingtons-7-6x6/ HTTP/1.1" 200 - "-" "Mozilla/5.0 AppleWebKit/605.1.15 (KHTML, like Gecko) Chrome/139.0.0.0 Safari/605.1.15"
34.226.5.110 - - [13/Jun/2026:23:15:08 +1000] "HEAD /wp-json/oembed/1.0/embed?url=https://capalaba.aussieseafoodhouse.com.au/crab-stuffed-manicotti-6x6/ HTTP/1.1" 200 - "-" "Mozilla/5.0 AppleWebKit/605.1.15 (KHTML, like Gecko) Chrome/139.0.0.0 Safari/605.1.15"
160.22.78.242 - - [13/Jun/2026:23:15:21 +1000] "POST /wp-cron.php?doing_wp_cron=1781356521.1634230613708496093750 HTTP/1.1" 200 - "https://capalaba.aussieseafoodhouse.com.au/wp-cron.php?doing_wp_cron=1781356521.1634230613708496093750" "WordPress/5.5.18; https://capalaba.aussieseafoodhouse.com.au"
107.173.9.84 - - [13/Jun/2026:23:15:20 +1000] "GET /contact-us-2/contact-us/ HTTP/1.1" 200 9600 "-" "Uptime-Kuma/2.0.0-beta.4"
54.146.153.71 - - [13/Jun/2026:23:15:38 +1000] "HEAD /wp-json/oembed/1.0/embed?url=https://capalaba.aussieseafoodhouse.com.au/lobster-and-tap-hero-image-500x500/ HTTP/1.1" 200 - "-" "Mozilla/5.0 AppleWebKit/605.1.15 (KHTML, like Gecko) Chrome/139.0.0.0 Safari/605.1.15"
160.22.78.242 - - [13/Jun/2026:23:16:23 +1000] "POST /wp-cron.php?doing_wp_cron=1781356582.9155519008636474609375 HTTP/1.1" 200 - "https://capalaba.aussieseafoodhouse.com.au/wp-cron.php?doing_wp_cron=1781356582.9155519008636474609375" "WordPress/5.5.18; https://capalaba.aussieseafoodhouse.com.au"
107.173.9.84 - - [13/Jun/2026:23:16:21 +1000] "GET /contact-us-2/contact-us/ HTTP/1.1" 200 9600 "-" "Uptime-Kuma/2.0.0-beta.4"
40.77.167.61 - - [13/Jun/2026:23:17:00 +1000] "GET /wp-content/uploads/sites/8/2018/03/Barra-Steaks-Fresh-32-6x6-3d-300x300.jpg HTTP/1.1" 200 54497 "-" "Mozilla/5.0 AppleWebKit/537.36 (KHTML, like Gecko; compatible; bingbot/2.0; +http://www.bing.com/bingbot.htm) Chrome/116.0.1938.76 Safari/537.36"
52.167.144.150 - - [13/Jun/2026:23:17:05 +1000] "GET /?s=moulana+lungi HTTP/1.1" 200 10679 "-" "Mozilla/5.0 AppleWebKit/537.36 (KHTML, like Gecko; compatible; bingbot/2.0; +http://www.bing.com/bingbot.htm) Chrome/116.0.1938.76 Safari/537.36"
160.22.78.242 - - [13/Jun/2026:23:17:21 +1000] "POST /wp-cron.php?doing_wp_cron=1781356641.2085399627685546875000 HTTP/1.1" 200 - "https://capalaba.aussieseafoodhouse.com.au/wp-cron.php?doing_wp_cron=1781356641.2085399627685546875000" "WordPress/5.5.18; https://capalaba.aussieseafoodhouse.com.au"
107.173.9.84 - - [13/Jun/2026:23:17:21 +1000] "GET /contact-us-2/contact-us/ HTTP/1.1" 200 9600 "-" "Uptime-Kuma/2.0.0-beta.4"
160.22.78.242 - - [13/Jun/2026:23:18:23 +1000] "POST /wp-cron.php?doing_wp_cron=1781356702.9763710498809814453125 HTTP/1.1" 200 - "https://capalaba.aussieseafoodhouse.com.au/wp-cron.php?doing_wp_cron=1781356702.9763710498809814453125" "WordPress/5.5.18; https://capalaba.aussieseafoodhouse.com.au"
107.173.9.84 - - [13/Jun/2026:23:18:21 +1000] "GET /contact-us-2/contact-us/ HTTP/1.1" 200 9600 "-" "Uptime-Kuma/2.0.0-beta.4"
160.22.78.242 - - [13/Jun/2026:23:19:23 +1000] "POST /wp-cron.php?doing_wp_cron=1781356763.0501430034637451171875 HTTP/1.1" 200 - "https://capalaba.aussieseafoodhouse.com.au/wp-cron.php?doing_wp_cron=1781356763.0501430034637451171875" "WordPress/5.5.18; https://capalaba.aussieseafoodhouse.com.au"
107.173.9.84 - - [13/Jun/2026:23:19:21 +1000] "GET /contact-us-2/contact-us/ HTTP/1.1" 200 9600 "-" "Uptime-Kuma/2.0.0-beta.4"
160.22.78.242 - - [13/Jun/2026:23:20:23 +1000] "POST /wp-cron.php?doing_wp_cron=1781356823.2483370304107666015625 HTTP/1.1" 200 - "https://capalaba.aussieseafoodhouse.com.au/wp-cron.php?doing_wp_cron=1781356823.2483370304107666015625" "WordPress/5.5.18; https://capalaba.aussieseafoodhouse.com.au"
107.173.9.84 - - [13/Jun/2026:23:20:21 +1000] "GET /contact-us-2/contact-us/ HTTP/1.1" 200 9600 "-" "Uptime-Kuma/2.0.0-beta.4"
209.74.93.184 - - [13/Jun/2026:23:20:53 +1000] "GET /wp-login.php HTTP/1.1" 200 2177 "-" "Mozilla/5.0 (Macintosh; Intel Mac OS X 14_7_4) AppleWebKit/537.36 (KHTML, like Gecko) Chrome/133.0.0.0 Safari/537.36"
209.74.93.184 - - [13/Jun/2026:23:20:54 +1000] "POST /wp-login.php HTTP/1.1" 503 7074 "https://capalaba.aussieseafoodhouse.com.au/wp-login.php" "Mozilla/5.0 (Macintosh; Intel Mac OS X 14_7_4) AppleWebKit/537.36 (KHTML, like Gecko) Chrome/133.0.0.0 Safari/537.36"
107.173.9.84 - - [13/Jun/2026:23:21:21 +1000] "GET /contact-us-2/contact-us/ HTTP/1.1" 200 9600 "-" "Uptime-Kuma/2.0.0-beta.4"
160.22.78.242 - - [13/Jun/2026:23:21:23 +1000] "POST /wp-cron.php?doing_wp_cron=1781356882.1161239147186279296875 HTTP/1.1" 200 - "https://capalaba.aussieseafoodhouse.com.au/wp-cron.php?doing_wp_cron=1781356882.1161239147186279296875" "WordPress/5.5.18; https://capalaba.aussieseafoodhouse.com.au"
3.94.40.182 - - [13/Jun/2026:23:21:43 +1000] "GET /wp-json/oembed/1.0/embed?format=xml&url=https://capalaba.aussieseafoodhouse.com.au/product/5-minute-fish-marinade/ HTTP/1.1" 200 1310 "-" "Mozilla/5.0 AppleWebKit/537.36 (KHTML, like Gecko; compatible; Amazonbot/0.1; +https://developer.amazon.com/support/amazonbot) Chrome/119.0.6045.214 Safari/537.36"
54.197.82.195 - - [13/Jun/2026:23:21:46 +1000] "GET /wp-json/oembed/1.0/embed?url=https://capalaba.aussieseafoodhouse.com.au/prawn-and-salmon-starter-6x6-2/ HTTP/1.1" 200 1262 "-" "Mozilla/5.0 AppleWebKit/537.36 (KHTML, like Gecko; compatible; Amazonbot/0.1; +https://developer.amazon.com/support/amazonbot) Chrome/119.0.6045.214 Safari/537.36"
54.236.1.54 - - [13/Jun/2026:23:21:48 +1000] "GET /product/lemon-butter-sea-scallops/ HTTP/1.1" 200 14889 "-" "Mozilla/5.0 (compatible; Pinterestbot/1.0; +http://www.pinterest.com/bot.html)"
54.236.1.4 - - [13/Jun/2026:23:21:55 +1000] "GET /wp-content/uploads/sites/8/2019/12/Scallops-seared-lemon-butter-6x6.jpg HTTP/1.1" 200 371725 "-" "image_utils"
50.16.72.185 - - [13/Jun/2026:23:21:58 +1000] "GET /wp-json/wp/v2/media/5419 HTTP/1.1" 200 1851 "-" "Mozilla/5.0 AppleWebKit/537.36 (KHTML, like Gecko; compatible; Amazonbot/0.1; +https://developer.amazon.com/support/amazonbot) Chrome/119.0.6045.214 Safari/537.36"
160.22.78.242 - - [13/Jun/2026:23:22:21 +1000] "POST /wp-cron.php?doing_wp_cron=1781356941.3266420364379882812500 HTTP/1.1" 200 - "https://capalaba.aussieseafoodhouse.com.au/wp-cron.php?doing_wp_cron=1781356941.3266420364379882812500" "WordPress/5.5.18; https://capalaba.aussieseafoodhouse.com.au"
107.173.9.84 - - [13/Jun/2026:23:22:21 +1000] "GET /contact-us-2/contact-us/ HTTP/1.1" 200 9600 "-" "Uptime-Kuma/2.0.0-beta.4"
100.28.57.133 - - [13/Jun/2026:23:22:58 +1000] "GET /wp-json/oembed/1.0/embed?url=https://capalaba.aussieseafoodhouse.com.au/squid-tentacles-7-6x6/ HTTP/1.1" 200 1257 "-" "Mozilla/5.0 AppleWebKit/537.36 (KHTML, like Gecko; compatible; Amazonbot/0.1; +https://developer.amazon.com/support/amazonbot) Chrome/119.0.6045.214 Safari/537.36"
160.22.78.242 - - [13/Jun/2026:23:23:21 +1000] "POST /wp-cron.php?doing_wp_cron=1781357001.3739690780639648437500 HTTP/1.1" 200 - "https://capalaba.aussieseafoodhouse.com.au/wp-cron.php?doing_wp_cron=1781357001.3739690780639648437500" "WordPress/5.5.18; https://capalaba.aussieseafoodhouse.com.au"
107.173.9.84 - - [13/Jun/2026:23:23:21 +1000] "GET /contact-us-2/contact-us/ HTTP/1.1" 200 9600 "-" "Uptime-Kuma/2.0.0-beta.4"
34.236.185.101 - - [13/Jun/2026:23:23:51 +1000] "GET /wp-json/oembed/1.0/embed?format=xml&url=https://capalaba.aussieseafoodhouse.com.au/kina-spoonfull-of-goodness-6x6/ HTTP/1.1" 200 1299 "-" "Mozilla/5.0 AppleWebKit/537.36 (KHTML, like Gecko; compatible; Amazonbot/0.1; +https://developer.amazon.com/support/amazonbot) Chrome/119.0.6045.214 Safari/537.36"
107.173.9.84 - - [13/Jun/2026:23:24:21 +1000] "GET /contact-us-2/contact-us/ HTTP/1.1" 200 9517 "-" "Uptime-Kuma/2.0.0-beta.4"
160.22.78.242 - - [13/Jun/2026:23:24:21 +1000] "POST /wp-cron.php?doing_wp_cron=1781357061.3836760520935058593750 HTTP/1.1" 200 - "https://capalaba.aussieseafoodhouse.com.au/wp-cron.php?doing_wp_cron=1781357061.3836760520935058593750" "WordPress/5.5.18; https://capalaba.aussieseafoodhouse.com.au"
160.22.78.242 - - [13/Jun/2026:23:24:33 +1000] "POST /wp-cron.php?doing_wp_cron=1781357073.2377650737762451171875 HTTP/1.1" 200 - "https://capalaba.aussieseafoodhouse.com.au/wp-cron.php?doing_wp_cron=1781357073.2377650737762451171875" "WordPress/5.5.18; https://capalaba.aussieseafoodhouse.com.au"
52.167.144.150 - - [13/Jun/2026:23:24:33 +1000] "GET /?s=%E5%A5%A5%E6%99%AE%E5%B0%BC%E5%8F%B8 HTTP/1.1" 200 10753 "-" "Mozilla/5.0 AppleWebKit/537.36 (KHTML, like Gecko; compatible; bingbot/2.0; +http://www.bing.com/bingbot.htm) Chrome/116.0.1938.76 Safari/537.36"
40.77.178.179 - - [13/Jun/2026:23:24:59 +1000] "POST /?wc-ajax=get_refreshed_fragments HTTP/1.1" 200 161 "https://capalaba.aussieseafoodhouse.com.au/product/flathead/" "Mozilla/5.0 AppleWebKit/537.36 (KHTML, like Gecko; compatible; bingbot/2.0; +http://www.bing.com/bingbot.htm) Chrome/136.0.0.0 Safari/537.36"
217.61.226.22 - - [13/Jun/2026:23:25:03 +1000] "GET /wp-content/uploads/sites/8/2016/11/Octopus-grilled-octopus-over-squid-ink-spaghetti-tomato-garlic-sauce-2-6x6-aus.jpg HTTP/1.1" 200 459819 "https://www.google.com/" "Mozilla/5.0 (iPhone; CPU iPhone OS 26_5_0 like Mac OS X) AppleWebKit/605.1.15 (KHTML, like Gecko) CriOS/149.0.7827.137 Mobile/15E148 Safari/604.1"
107.173.9.84 - - [13/Jun/2026:23:25:21 +1000] "GET /contact-us-2/contact-us/ HTTP/1.1" 200 9517 "-" "Uptime-Kuma/2.0.0-beta.4"
160.22.78.242 - - [13/Jun/2026:23:25:21 +1000] "POST /wp-cron.php?doing_wp_cron=1781357121.5756518840789794921875 HTTP/1.1" 200 - "https://capalaba.aussieseafoodhouse.com.au/wp-cron.php?doing_wp_cron=1781357121.5756518840789794921875" "WordPress/5.5.18; https://capalaba.aussieseafoodhouse.com.au"
160.22.78.242 - - [13/Jun/2026:23:25:55 +1000] "POST /wp-cron.php?doing_wp_cron=1781357155.2639729976654052734375 HTTP/1.1" 200 - "https://capalaba.aussieseafoodhouse.com.au/wp-cron.php?doing_wp_cron=1781357155.2639729976654052734375" "WordPress/5.5.18; https://capalaba.aussieseafoodhouse.com.au"
2a03:2880:7ff:6:: - - [13/Jun/2026:23:25:55 +1000] "GET /contact-us-2/contact-us HTTP/1.1" 301 - "-" "meta-externalagent/1.1 (+https://developers.facebook.com/docs/sharing/webmasters/crawler)"
2a03:2880:7ff:: - - [13/Jun/2026:23:25:57 +1000] "GET /contact-us-2/contact-us/ HTTP/1.1" 200 11029 "-" "meta-externalagent/1.1 (+https://developers.facebook.com/docs/sharing/webmasters/crawler)"
160.22.78.242 - - [13/Jun/2026:23:26:21 +1000] "POST /wp-cron.php?doing_wp_cron=1781357181.5100419521331787109375 HTTP/1.1" 200 - "https://capalaba.aussieseafoodhouse.com.au/wp-cron.php?doing_wp_cron=1781357181.5100419521331787109375" "WordPress/5.5.18; https://capalaba.aussieseafoodhouse.com.au"
107.173.9.84 - - [13/Jun/2026:23:26:21 +1000] "GET /contact-us-2/contact-us/ HTTP/1.1" 200 9600 "-" "Uptime-Kuma/2.0.0-beta.4"
66.249.69.10 - - [13/Jun/2026:23:26:24 +1000] "GET /travelly-fish-whole-slice-6x6/ HTTP/1.1" 200 8761 "-" "Mozilla/5.0 (Linux; Android 6.0.1; Nexus 5X Build/MMB29P) AppleWebKit/537.36 (KHTML, like Gecko) Chrome/148.0.7778.96 Mobile Safari/537.36 (compatible; Googlebot/2.1; +http://www.google.com/bot.html)"
160.22.78.242 - - [13/Jun/2026:23:27:23 +1000] "POST /wp-cron.php?doing_wp_cron=1781357242.9953520298004150390625 HTTP/1.1" 200 - "https://capalaba.aussieseafoodhouse.com.au/wp-cron.php?doing_wp_cron=1781357242.9953520298004150390625" "WordPress/5.5.18; https://capalaba.aussieseafoodhouse.com.au"
107.173.9.84 - - [13/Jun/2026:23:27:21 +1000] "GET /contact-us-2/contact-us/ HTTP/1.1" 200 9600 "-" "Uptime-Kuma/2.0.0-beta.4"
23.21.119.232 - - [13/Jun/2026:23:27:28 +1000] "GET /wp-json/wp/v2/product/5364 HTTP/1.1" 200 4259 "-" "Mozilla/5.0 AppleWebKit/537.36 (KHTML, like Gecko; compatible; Amazonbot/0.1; +https://developer.amazon.com/support/amazonbot) Chrome/119.0.6045.214 Safari/537.36"
160.22.78.242 - - [13/Jun/2026:23:28:23 +1000] "POST /wp-cron.php?doing_wp_cron=1781357303.0835189819335937500000 HTTP/1.1" 200 - "https://capalaba.aussieseafoodhouse.com.au/wp-cron.php?doing_wp_cron=1781357303.0835189819335937500000" "WordPress/5.5.18; https://capalaba.aussieseafoodhouse.com.au"
107.173.9.84 - - [13/Jun/2026:23:28:21 +1000] "GET /contact-us-2/contact-us/ HTTP/1.1" 200 9600 "-" "Uptime-Kuma/2.0.0-beta.4"
5.30.131.249 - - [13/Jun/2026:23:28:42 +1000] "GET / HTTP/1.1" 200 11380 "-" "Mozilla/5.0 (Macintosh; Intel Mac OS X 14_0) AppleWebKit/537.36 (KHTML, like Gecko) Chrome/120.0 Safari/537.36"
5.30.131.249 - - [13/Jun/2026:23:28:44 +1000] "GET /contact-us-2/contact-us/ HTTP/1.1" 200 11029 "-" "Mozilla/5.0 (Macintosh; Intel Mac OS X 14_0) AppleWebKit/537.36 (KHTML, like Gecko) Chrome/120.0 Safari/537.36"
5.30.131.249 - - [13/Jun/2026:23:28:44 +1000] "GET /policies/shipping-policy HTTP/1.1" 404 9180 "-" "Mozilla/5.0 (Macintosh; Intel Mac OS X 14_0) AppleWebKit/537.36 (KHTML, like Gecko) Chrome/120.0 Safari/537.36"
5.30.131.249 - - [13/Jun/2026:23:28:44 +1000] "GET /wp-json/wc/store/products?per_page=1 HTTP/1.1" 200 1077 "-" "Mozilla/5.0 (Macintosh; Intel Mac OS X 14_0) AppleWebKit/537.36 (KHTML, like Gecko) Chrome/120.0 Safari/537.36"
5.30.131.249 - - [13/Jun/2026:23:28:44 +1000] "GET /pages/shipping HTTP/1.1" 404 9180 "-" "Mozilla/5.0 (Macintosh; Intel Mac OS X 14_0) AppleWebKit/537.36 (KHTML, like Gecko) Chrome/120.0 Safari/537.36"
5.30.131.249 - - [13/Jun/2026:23:28:46 +1000] "GET /pages/delivery HTTP/1.1" 404 9180 "-" "Mozilla/5.0 (Macintosh; Intel Mac OS X 14_0) AppleWebKit/537.36 (KHTML, like Gecko) Chrome/120.0 Safari/537.36"
40.77.167.51 - - [13/Jun/2026:23:28:52 +1000] "GET /wp-content/uploads/sites/8/2020/04/Prawn-Platter-3-sauce-6x6-194x194.jpg HTTP/1.1" 200 15971 "-" "Mozilla/5.0 AppleWebKit/537.36 (KHTML, like Gecko; compatible; bingbot/2.0; +http://www.bing.com/bingbot.htm) Chrome/116.0.1938.76 Safari/537.36"
160.22.78.242 - - [13/Jun/2026:23:29:21 +1000] "POST /wp-cron.php?doing_wp_cron=1781357361.4917891025543212890625 HTTP/1.1" 200 - "https://capalaba.aussieseafoodhouse.com.au/wp-cron.php?doing_wp_cron=1781357361.4917891025543212890625" "WordPress/5.5.18; https://capalaba.aussieseafoodhouse.com.au"
107.173.9.84 - - [13/Jun/2026:23:29:21 +1000] "GET /contact-us-2/contact-us/ HTTP/1.1" 200 9600 "-" "Uptime-Kuma/2.0.0-beta.4"
85.208.96.193 - - [13/Jun/2026:23:29:27 +1000] "GET /pasta-squid-ink-spaghetti-with-prawn-and-fennel-6x6/ HTTP/1.1" 200 10139 "-" "Mozilla/5.0 (compatible; SemrushBot/7~bl; +http://www.semrush.com/bot.html)"
85.208.96.209 - - [13/Jun/2026:23:29:31 +1000] "GET /product/battered-flathead/ HTTP/1.1" 200 14456 "-" "Mozilla/5.0 (compatible; SemrushBot/7~bl; +http://www.semrush.com/bot.html)"
40.77.167.51 - - [13/Jun/2026:23:30:03 +1000] "GET /wp-content/uploads/sites/8/2020/04/Mackerel-Fillets-pan-Fried-6x6.jpg HTTP/1.1" 200 423464 "-" "Mozilla/5.0 AppleWebKit/537.36 (KHTML, like Gecko; compatible; bingbot/2.0; +http://www.bing.com/bingbot.htm) Chrome/116.0.1938.76 Safari/537.36"
160.22.78.242 - - [13/Jun/2026:23:30:23 +1000] "POST /wp-cron.php?doing_wp_cron=1781357423.2220010757446289062500 HTTP/1.1" 200 - "https://capalaba.aussieseafoodhouse.com.au/wp-cron.php?doing_wp_cron=1781357423.2220010757446289062500" "WordPress/5.5.18; https://capalaba.aussieseafoodhouse.com.au"
107.173.9.84 - - [13/Jun/2026:23:30:21 +1000] "GET /contact-us-2/contact-us/ HTTP/1.1" 200 9600 "-" "Uptime-Kuma/2.0.0-beta.4"
160.22.78.242 - - [13/Jun/2026:23:31:23 +1000] "POST /wp-cron.php?doing_wp_cron=1781357483.0720849037170410156250 HTTP/1.1" 200 - "https://capalaba.aussieseafoodhouse.com.au/wp-cron.php?doing_wp_cron=1781357483.0720849037170410156250" "WordPress/5.5.18; https://capalaba.aussieseafoodhouse.com.au"
107.173.9.84 - - [13/Jun/2026:23:31:21 +1000] "GET /contact-us-2/contact-us/ HTTP/1.1" 200 9600 "-" "Uptime-Kuma/2.0.0-beta.4"
40.77.167.51 - - [13/Jun/2026:23:31:33 +1000] "GET /wp-content/uploads/sites/8/2018/06/Scads-Resepi-Ikan-Cencaru-Sumbat-Sambal-6x6-1-100x100.jpg HTTP/1.1" 200 5385 "-" "Mozilla/5.0 AppleWebKit/537.36 (KHTML, like Gecko; compatible; bingbot/2.0; +http://www.bing.com/bingbot.htm) Chrome/116.0.1938.76 Safari/537.36"
160.22.78.242 - - [13/Jun/2026:23:32:23 +1000] "POST /wp-cron.php?doing_wp_cron=1781357543.1261990070343017578125 HTTP/1.1" 200 - "https://capalaba.aussieseafoodhouse.com.au/wp-cron.php?doing_wp_cron=1781357543.1261990070343017578125" "WordPress/5.5.18; https://capalaba.aussieseafoodhouse.com.au"
107.173.9.84 - - [13/Jun/2026:23:32:21 +1000] "GET /contact-us-2/contact-us/ HTTP/1.1" 200 9600 "-" "Uptime-Kuma/2.0.0-beta.4"
40.77.167.51 - - [13/Jun/2026:23:32:31 +1000] "GET /?s=e14 HTTP/1.1" 200 10661 "-" "Mozilla/5.0 AppleWebKit/537.36 (KHTML, like Gecko; compatible; bingbot/2.0; +http://www.bing.com/bingbot.htm) Chrome/116.0.1938.76 Safari/537.36"
160.22.78.242 - - [13/Jun/2026:23:33:21 +1000] "POST /wp-cron.php?doing_wp_cron=1781357601.0223670005798339843750 HTTP/1.1" 200 - "https://capalaba.aussieseafoodhouse.com.au/wp-cron.php?doing_wp_cron=1781357601.0223670005798339843750" "WordPress/5.5.18; https://capalaba.aussieseafoodhouse.com.au"
107.173.9.84 - - [13/Jun/2026:23:33:21 +1000] "GET /contact-us-2/contact-us/ HTTP/1.1" 200 9600 "-" "Uptime-Kuma/2.0.0-beta.4"
52.202.233.37 - - [13/Jun/2026:23:33:19 +1000] "GET /wp-json/oembed/1.0/embed?format=xml&url=https://capalaba.aussieseafoodhouse.com.au/crab-meat-omlette-with-melted-cheese-on-muffin-6x6/ HTTP/1.1" 200 1322 "-" "Mozilla/5.0 AppleWebKit/537.36 (KHTML, like Gecko; compatible; Amazonbot/0.1; +https://developer.amazon.com/support/amazonbot) Chrome/119.0.6045.214 Safari/537.36"
50.17.193.48 - - [13/Jun/2026:23:33:31 +1000] "GET /sony-dsc-926/ HTTP/1.1" 200 10154 "-" "Mozilla/5.0 AppleWebKit/537.36 (KHTML, like Gecko; compatible; Amazonbot/0.1; +https://developer.amazon.com/support/amazonbot) Chrome/119.0.6045.214 Safari/537.36"
2a03:2880:18ff:4a:: - - [13/Jun/2026:23:33:59 +1000] "GET /wp-json HTTP/1.1" 200 46901 "-" "meta-externalagent/1.1 (+https://developers.facebook.com/docs/sharing/webmasters/crawler)"
160.22.78.242 - - [13/Jun/2026:23:34:21 +1000] "POST /wp-cron.php?doing_wp_cron=1781357661.5385160446166992187500 HTTP/1.1" 200 - "https://capalaba.aussieseafoodhouse.com.au/wp-cron.php?doing_wp_cron=1781357661.5385160446166992187500" "WordPress/5.5.18; https://capalaba.aussieseafoodhouse.com.au"
107.173.9.84 - - [13/Jun/2026:23:34:21 +1000] "GET /contact-us-2/contact-us/ HTTP/1.1" 200 9600 "-" "Uptime-Kuma/2.0.0-beta.4"
160.22.78.242 - - [13/Jun/2026:23:35:23 +1000] "POST /wp-cron.php?doing_wp_cron=1781357723.3266780376434326171875 HTTP/1.1" 200 - "https://capalaba.aussieseafoodhouse.com.au/wp-cron.php?doing_wp_cron=1781357723.3266780376434326171875" "WordPress/5.5.18; https://capalaba.aussieseafoodhouse.com.au"
107.173.9.84 - - [13/Jun/2026:23:35:21 +1000] "GET /contact-us-2/contact-us/ HTTP/1.1" 200 9600 "-" "Uptime-Kuma/2.0.0-beta.4"
160.22.78.242 - - [13/Jun/2026:23:36:23 +1000] "POST /wp-cron.php?doing_wp_cron=1781357783.0308489799499511718750 HTTP/1.1" 200 - "https://capalaba.aussieseafoodhouse.com.au/wp-cron.php?doing_wp_cron=1781357783.0308489799499511718750" "WordPress/5.5.18; https://capalaba.aussieseafoodhouse.com.au"
107.173.9.84 - - [13/Jun/2026:23:36:21 +1000] "GET /contact-us-2/contact-us/ HTTP/1.1" 200 9600 "-" "Uptime-Kuma/2.0.0-beta.4"
40.77.167.8 - - [13/Jun/2026:23:36:52 +1000] "GET /wp-content/uploads/sites/8/2016/11/Having-a-swell-days-Trawling-6x6-ash-2-300x300.jpg HTTP/1.1" 200 27389 "-" "Mozilla/5.0 AppleWebKit/537.36 (KHTML, like Gecko; compatible; bingbot/2.0; +http://www.bing.com/bingbot.htm) Chrome/116.0.1938.76 Safari/537.36"
213.171.208.62 - - [13/Jun/2026:23:36:59 +1000] "GET /wp-login.php HTTP/1.1" 200 2177 "-" "Mozilla/5.0 (X11; Linux x86_64) AppleWebKit/537.36 (KHTML, like Gecko) Chrome/133.0.0.0 Safari/537.36"
2001:8004:4510:27a8:5529:2510:d952:c482 - - [13/Jun/2026:23:37:01 +1000] "GET /wp-content/uploads/sites/8/2018/07/Chicko-roll.jpg HTTP/1.1" 200 351580 "https://www.google.com/" "Mozilla/5.0 (Linux; Android 10; K) AppleWebKit/537.36 (KHTML, like Gecko) Chrome/149.0.0.0 Mobile Safari/537.36"
213.171.208.62 - - [13/Jun/2026:23:37:01 +1000] "POST /wp-login.php HTTP/1.1" 503 7074 "https://capalaba.aussieseafoodhouse.com.au/wp-login.php" "Mozilla/5.0 (X11; Linux x86_64) AppleWebKit/537.36 (KHTML, like Gecko) Chrome/133.0.0.0 Safari/537.36"
160.22.78.242 - - [13/Jun/2026:23:37:21 +1000] "POST /wp-cron.php?doing_wp_cron=1781357841.7276439666748046875000 HTTP/1.1" 200 - "https://capalaba.aussieseafoodhouse.com.au/wp-cron.php?doing_wp_cron=1781357841.7276439666748046875000" "WordPress/5.5.18; https://capalaba.aussieseafoodhouse.com.au"
107.173.9.84 - - [13/Jun/2026:23:37:21 +1000] "GET /contact-us-2/contact-us/ HTTP/1.1" 200 9600 "-" "Uptime-Kuma/2.0.0-beta.4"
40.77.167.8 - - [13/Jun/2026:23:37:32 +1000] "GET /wp-content/uploads/sites/8/2019/09/octopus-legs-6x6-600x600.jpg HTTP/1.1" 200 71348 "-" "Mozilla/5.0 AppleWebKit/537.36 (KHTML, like Gecko; compatible; bingbot/2.0; +http://www.bing.com/bingbot.htm) Chrome/116.0.1938.76 Safari/537.36"
160.22.78.242 - - [13/Jun/2026:23:38:23 +1000] "POST /wp-cron.php?doing_wp_cron=1781357903.0487949848175048828125 HTTP/1.1" 200 - "https://capalaba.aussieseafoodhouse.com.au/wp-cron.php?doing_wp_cron=1781357903.0487949848175048828125" "WordPress/5.5.18; https://capalaba.aussieseafoodhouse.com.au"
107.173.9.84 - - [13/Jun/2026:23:38:21 +1000] "GET /contact-us-2/contact-us/ HTTP/1.1" 200 9600 "-" "Uptime-Kuma/2.0.0-beta.4"
40.77.167.8 - - [13/Jun/2026:23:39:02 +1000] "GET /?s=premier+protein+shakes+reviews+for+weight+gain HTTP/1.1" 200 10768 "-" "Mozilla/5.0 AppleWebKit/537.36 (KHTML, like Gecko; compatible; bingbot/2.0; +http://www.bing.com/bingbot.htm) Chrome/116.0.1938.76 Safari/537.36"
160.22.78.242 - - [13/Jun/2026:23:39:21 +1000] "POST /wp-cron.php?doing_wp_cron=1781357961.4344320297241210937500 HTTP/1.1" 200 - "https://capalaba.aussieseafoodhouse.com.au/wp-cron.php?doing_wp_cron=1781357961.4344320297241210937500" "WordPress/5.5.18; https://capalaba.aussieseafoodhouse.com.au"
107.173.9.84 - - [13/Jun/2026:23:39:21 +1000] "GET /contact-us-2/contact-us/ HTTP/1.1" 200 9600 "-" "Uptime-Kuma/2.0.0-beta.4"
160.22.78.242 - - [13/Jun/2026:23:40:23 +1000] "POST /wp-cron.php?doing_wp_cron=1781358023.3520140647888183593750 HTTP/1.1" 200 - "https://capalaba.aussieseafoodhouse.com.au/wp-cron.php?doing_wp_cron=1781358023.3520140647888183593750" "WordPress/5.5.18; https://capalaba.aussieseafoodhouse.com.au"
107.173.9.84 - - [13/Jun/2026:23:40:21 +1000] "GET /contact-us-2/contact-us/ HTTP/1.1" 200 9600 "-" "Uptime-Kuma/2.0.0-beta.4"
160.22.78.242 - - [13/Jun/2026:23:41:23 +1000] "POST /wp-cron.php?doing_wp_cron=1781358083.1506500244140625000000 HTTP/1.1" 200 - "https://capalaba.aussieseafoodhouse.com.au/wp-cron.php?doing_wp_cron=1781358083.1506500244140625000000" "WordPress/5.5.18; https://capalaba.aussieseafoodhouse.com.au"
107.173.9.84 - - [13/Jun/2026:23:41:21 +1000] "GET /contact-us-2/contact-us/ HTTP/1.1" 200 9600 "-" "Uptime-Kuma/2.0.0-beta.4"
180.180.142.148 - - [13/Jun/2026:23:41:26 +1000] "GET / HTTP/1.1" 200 10049 "-" "Mozilla/5.0 (Linux; Android 5.0; SM-G900P Build/LRX21T) AppleWebKit/537.36 (KHTML, like Gecko) Chrome/39.0.1849.1953 Mobile Safari/537.36"
155.94.177.53 - - [13/Jun/2026:23:41:31 +1000] "POST /?wc-ajax=get_refreshed_fragments HTTP/1.1" 200 161 "https://capalaba.aussieseafoodhouse.com.au/" "Mozilla/5.0 (Macintosh; Intel Mac OS X 10_14_0) AppleWebKit/537.36 (KHTML, like Gecko) Chrome/40.0.8123.1399 Safari/537.36"
40.77.167.8 - - [13/Jun/2026:23:41:42 +1000] "GET /wp-content/uploads/sites/8/2020/07/Mini-Dagwood-Dogs-6x6-2--194x194.jpg HTTP/1.1" 200 9393 "-" "Mozilla/5.0 AppleWebKit/537.36 (KHTML, like Gecko; compatible; bingbot/2.0; +http://www.bing.com/bingbot.htm) Chrome/116.0.1938.76 Safari/537.36"
107.173.9.84 - - [13/Jun/2026:23:42:21 +1000] "GET /contact-us-2/contact-us/ HTTP/1.1" 200 9600 "-" "Uptime-Kuma/2.0.0-beta.4"
160.22.78.242 - - [13/Jun/2026:23:42:22 +1000] "POST /wp-cron.php?doing_wp_cron=1781358142.7462639808654785156250 HTTP/1.1" 200 - "https://capalaba.aussieseafoodhouse.com.au/wp-cron.php?doing_wp_cron=1781358142.7462639808654785156250" "WordPress/5.5.18; https://capalaba.aussieseafoodhouse.com.au"
43.173.174.60 - - [13/Jun/2026:23:42:21 +1000] "GET /wp-json/wp/v2/media/6391 HTTP/1.1" 200 1887 "-" "Mozilla/5.0 (Windows NT 10.0; Win64; x64) AppleWebKit/537.36 (KHTML, like Gecko) Chrome/120.0.0.0 Safari/537.36"
17.22.253.42 - - [13/Jun/2026:23:43:09 +1000] "GET /product/prawn-mornay-home-made/ HTTP/1.1" 200 14271 "-" "Mozilla/5.0 (Macintosh; Intel Mac OS X 10_15_7) AppleWebKit/605.1.15 (KHTML, like Gecko) Version/17.4 Safari/605.1.15 (Applebot/0.1; +http://www.apple.com/go/applebot)"
160.22.78.242 - - [13/Jun/2026:23:43:22 +1000] "POST /wp-cron.php?doing_wp_cron=1781358202.0553009510040283203125 HTTP/1.1" 200 - "https://capalaba.aussieseafoodhouse.com.au/wp-cron.php?doing_wp_cron=1781358202.0553009510040283203125" "WordPress/5.5.18; https://capalaba.aussieseafoodhouse.com.au"
107.173.9.84 - - [13/Jun/2026:23:43:21 +1000] "GET /contact-us-2/contact-us/ HTTP/1.1" 200 9600 "-" "Uptime-Kuma/2.0.0-beta.4"
187.84.153.73 - - [13/Jun/2026:23:43:42 +1000] "GET / HTTP/1.1" 200 10049 "-" "Mozilla/5.0 (Linux; Android 5.0; SM-G900P Build/LRX21T) AppleWebKit/537.36 (KHTML, like Gecko) Chrome/58.0.5761.1155 Mobile Safari/537.36"
160.22.78.242 - - [13/Jun/2026:23:44:21 +1000] "POST /wp-cron.php?doing_wp_cron=1781358261.6089749336242675781250 HTTP/1.1" 200 - "https://capalaba.aussieseafoodhouse.com.au/wp-cron.php?doing_wp_cron=1781358261.6089749336242675781250" "WordPress/5.5.18; https://capalaba.aussieseafoodhouse.com.au"
107.173.9.84 - - [13/Jun/2026:23:44:21 +1000] "GET /contact-us-2/contact-us/ HTTP/1.1" 200 9600 "-" "Uptime-Kuma/2.0.0-beta.4"
17.22.237.78 - - [13/Jun/2026:23:45:02 +1000] "POST /?wc-ajax=get_refreshed_fragments HTTP/1.1" 200 161 "https://capalaba.aussieseafoodhouse.com.au/product/prawn-mornay-home-made/" "Mozilla/5.0 (Macintosh; Intel Mac OS X 10_15_7) AppleWebKit/605.1.15 (KHTML, like Gecko) Version/17.4 Safari/605.1.15 (Applebot/0.1; +http://www.apple.com/go/applebot)"
160.22.78.242 - - [13/Jun/2026:23:45:21 +1000] "POST /wp-cron.php?doing_wp_cron=1781358321.4788939952850341796875 HTTP/1.1" 200 - "https://capalaba.aussieseafoodhouse.com.au/wp-cron.php?doing_wp_cron=1781358321.4788939952850341796875" "WordPress/5.5.18; https://capalaba.aussieseafoodhouse.com.au"
107.173.9.84 - - [13/Jun/2026:23:45:21 +1000] "GET /contact-us-2/contact-us/ HTTP/1.1" 200 9600 "-" "Uptime-Kuma/2.0.0-beta.4"
40.77.167.8 - - [13/Jun/2026:23:45:23 +1000] "GET /wp-content/uploads/sites/8/2017/01/Orange-Roughy-thai-style-steamed-fish-6x6-aus.jpg HTTP/1.1" 200 357145 "-" "Mozilla/5.0 AppleWebKit/537.36 (KHTML, like Gecko; compatible; bingbot/2.0; +http://www.bing.com/bingbot.htm) Chrome/116.0.1938.76 Safari/537.36"
194.195.93.81 - - [13/Jun/2026:23:45:47 +1000] "GET /favicon.ico HTTP/1.1" 302 - "-" "NetworkingExtension/8624.2.5.10.4 Network/5812.122.1 iOS/26.5"
194.195.93.81 - - [13/Jun/2026:23:45:47 +1000] "GET /apple-touch-icon-precomposed.png HTTP/1.1" 404 9180 "-" "NetworkingExtension/8624.2.5.10.4 Network/5812.122.1 iOS/26.5"
194.195.93.81 - - [13/Jun/2026:23:45:47 +1000] "GET /apple-touch-icon.png HTTP/1.1" 404 9180 "-" "NetworkingExtension/8624.2.5.10.4 Network/5812.122.1 iOS/26.5"
194.195.93.81 - - [13/Jun/2026:23:45:47 +1000] "GET /product/mussels-blue-tassies-live/ HTTP/1.1" 200 14100 "-" "Mozilla/5.0 (Macintosh; Intel Mac OS X 10_11_1) AppleWebKit/601.2.4 (KHTML, like Gecko) Version/9.0.1 Safari/601.2.4 facebookexternalhit/1.1 Facebot Twitterbot/1.0"
194.195.93.81 - - [13/Jun/2026:23:45:52 +1000] "GET /wp-content/uploads/sites/8/2017/05/cropped-logo-copy-google-180x180.jpg HTTP/1.1" 200 10733 "-" "NetworkingExtension/8624.2.5.10.4 Network/5812.122.1 iOS/26.5"
194.195.93.81 - - [13/Jun/2026:23:45:58 +1000] "GET /wp-content/uploads/sites/8/2017/05/cropped-logo-copy-google-194x194.jpg HTTP/1.1" 200 12145 "-" "NetworkingExtension/8624.2.5.10.4 Network/5812.122.1 iOS/26.5"
194.195.93.81 - - [13/Jun/2026:23:45:58 +1000] "GET /wp-content/uploads/sites/8/2020/07/Mussels-Blue-9-6x6-1.jpg HTTP/1.1" 200 351481 "-" "NetworkingExtension/8624.2.5.10.4 Network/5812.122.1 iOS/26.5"
194.195.93.81 - - [13/Jun/2026:23:45:58 +1000] "GET /wp-content/uploads/sites/8/2020/07/Mussels-Blue-Pasta-6x6-1.jpg HTTP/1.1" 200 353907 "-" "NetworkingExtension/8624.2.5.10.4 Network/5812.122.1 iOS/26.5"
160.22.78.242 - - [13/Jun/2026:23:46:21 +1000] "POST /wp-cron.php?doing_wp_cron=1781358381.8151628971099853515625 HTTP/1.1" 200 - "https://capalaba.aussieseafoodhouse.com.au/wp-cron.php?doing_wp_cron=1781358381.8151628971099853515625" "WordPress/5.5.18; https://capalaba.aussieseafoodhouse.com.au"
107.173.9.84 - - [13/Jun/2026:23:46:21 +1000] "GET /contact-us-2/contact-us/ HTTP/1.1" 200 9600 "-" "Uptime-Kuma/2.0.0-beta.4"
40.77.167.8 - - [13/Jun/2026:23:46:47 +1000] "GET /wp-content/uploads/sites/8/2019/05/Mussels-meat-001-6x6-1.jpg HTTP/1.1" 200 331324 "-" "Mozilla/5.0 AppleWebKit/537.36 (KHTML, like Gecko; compatible; bingbot/2.0; +http://www.bing.com/bingbot.htm) Chrome/116.0.1938.76 Safari/537.36"
160.22.78.242 - - [13/Jun/2026:23:47:22 +1000] "POST /wp-cron.php?doing_wp_cron=1781358442.9603528976440429687500 HTTP/1.1" 200 - "https://capalaba.aussieseafoodhouse.com.au/wp-cron.php?doing_wp_cron=1781358442.9603528976440429687500" "WordPress/5.5.18; https://capalaba.aussieseafoodhouse.com.au"
