40.77.167.6 - - [13/Jun/2026:22:28:37 +1000] "GET /shop/ HTTP/1.1" 200 14935 "-" "Mozilla/5.0 AppleWebKit/537.36 (KHTML, like Gecko; compatible; bingbot/2.0; +http://www.bing.com/bingbot.htm) Chrome/116.0.1938.76 Safari/537.36"
40.77.167.6 - - [13/Jun/2026:22:28:38 +1000] "GET /?s=seafood+warehouse+capalaba HTTP/1.1" 200 10943 "-" "Mozilla/5.0 AppleWebKit/537.36 (KHTML, like Gecko; compatible; bingbot/2.0; +http://www.bing.com/bingbot.htm) Chrome/116.0.1938.76 Safari/537.36"
40.77.167.6 - - [13/Jun/2026:22:28:58 +1000] "GET /wp-content/uploads/sites/8/2017/11/Scallop-Qld-whole-shell-194x194.jpg HTTP/1.1" 200 12680 "-" "Mozilla/5.0 AppleWebKit/537.36 (KHTML, like Gecko; compatible; bingbot/2.0; +http://www.bing.com/bingbot.htm) Chrome/116.0.1938.76 Safari/537.36"
107.173.9.84 - - [13/Jun/2026:22:29:20 +1000] "GET /contact-us-2/contact-us/ HTTP/1.1" 200 9600 "-" "Uptime-Kuma/2.0.0-beta.4"
160.22.78.242 - - [13/Jun/2026:22:30:22 +1000] "POST /wp-cron.php?doing_wp_cron=1781353822.0606429576873779296875 HTTP/1.1" 200 - "https://capalaba.aussieseafoodhouse.com.au/wp-cron.php?doing_wp_cron=1781353822.0606429576873779296875" "WordPress/5.5.18; https://capalaba.aussieseafoodhouse.com.au"
107.173.9.84 - - [13/Jun/2026:22:30:20 +1000] "GET /contact-us-2/contact-us/ HTTP/1.1" 200 9600 "-" "Uptime-Kuma/2.0.0-beta.4"
52.167.144.173 - - [13/Jun/2026:22:31:17 +1000] "GET /?s=contoh+lembah HTTP/1.1" 200 10678 "-" "Mozilla/5.0 AppleWebKit/537.36 (KHTML, like Gecko; compatible; bingbot/2.0; +http://www.bing.com/bingbot.htm) Chrome/116.0.1938.76 Safari/537.36"
107.173.9.84 - - [13/Jun/2026:22:31:20 +1000] "GET /contact-us-2/contact-us/ HTTP/1.1" 200 9600 "-" "Uptime-Kuma/2.0.0-beta.4"
160.22.78.242 - - [13/Jun/2026:22:32:22 +1000] "POST /wp-cron.php?doing_wp_cron=1781353942.2148039340972900390625 HTTP/1.1" 200 - "https://capalaba.aussieseafoodhouse.com.au/wp-cron.php?doing_wp_cron=1781353942.2148039340972900390625" "WordPress/5.5.18; https://capalaba.aussieseafoodhouse.com.au"
107.173.9.84 - - [13/Jun/2026:22:32:20 +1000] "GET /contact-us-2/contact-us/ HTTP/1.1" 200 9600 "-" "Uptime-Kuma/2.0.0-beta.4"
100.29.155.89 - - [13/Jun/2026:22:32:47 +1000] "GET /wp-json/oembed/1.0/embed?format=xml&url=https://capalaba.aussieseafoodhouse.com.au/salmon-wellingtons-7-6x6/ HTTP/1.1" 200 1284 "-" "Mozilla/5.0 AppleWebKit/537.36 (KHTML, like Gecko; compatible; Amazonbot/0.1; +https://developer.amazon.com/support/amazonbot) Chrome/119.0.6045.214 Safari/537.36"
44.223.232.55 - - [13/Jun/2026:22:32:51 +1000] "GET /wp-json/wp/v2/media/6113 HTTP/1.1" 200 1856 "-" "Mozilla/5.0 AppleWebKit/537.36 (KHTML, like Gecko; compatible; Amazonbot/0.1; +https://developer.amazon.com/support/amazonbot) Chrome/119.0.6045.214 Safari/537.36"
18.214.124.6 - - [13/Jun/2026:22:32:54 +1000] "GET /shrimp-pasta-primavera-11/ HTTP/1.1" 200 10121 "-" "Mozilla/5.0 AppleWebKit/537.36 (KHTML, like Gecko; compatible; Amazonbot/0.1; +https://developer.amazon.com/support/amazonbot) Chrome/119.0.6045.214 Safari/537.36"
52.71.203.206 - - [13/Jun/2026:22:32:58 +1000] "GET /wp-json/oembed/1.0/embed?format=xml&url=https://capalaba.aussieseafoodhouse.com.au/sashimi-tuna-2-6x6/ HTTP/1.1" 200 1277 "-" "Mozilla/5.0 AppleWebKit/537.36 (KHTML, like Gecko; compatible; Amazonbot/0.1; +https://developer.amazon.com/support/amazonbot) Chrome/119.0.6045.214 Safari/537.36"
54.84.93.8 - - [13/Jun/2026:22:33:03 +1000] "GET /scallop-pie-6x6/ HTTP/1.1" 200 10013 "-" "Mozilla/5.0 AppleWebKit/537.36 (KHTML, like Gecko; compatible; Amazonbot/0.1; +https://developer.amazon.com/support/amazonbot) Chrome/119.0.6045.214 Safari/537.36"
52.200.142.199 - - [13/Jun/2026:22:33:06 +1000] "GET /wp-json/oembed/1.0/embed?url=https://capalaba.aussieseafoodhouse.com.au/coconut-prawns-with-honey-6x6/ HTTP/1.1" 200 1252 "-" "Mozilla/5.0 AppleWebKit/537.36 (KHTML, like Gecko; compatible; Amazonbot/0.1; +https://developer.amazon.com/support/amazonbot) Chrome/119.0.6045.214 Safari/537.36"
107.173.9.84 - - [13/Jun/2026:22:33:20 +1000] "GET /contact-us-2/contact-us/ HTTP/1.1" 200 9517 "-" "Uptime-Kuma/2.0.0-beta.4"
17.246.19.158 - - [13/Jun/2026:22:33:30 +1000] "GET /salmon-lettuce-wraps-wit-avocado-sauce-everyday-healthy-recipes/ HTTP/1.1" 200 10126 "-" "Mozilla/5.0 (Macintosh; Intel Mac OS X 10_15_7) AppleWebKit/605.1.15 (KHTML, like Gecko) Version/17.4 Safari/605.1.15 (Applebot/0.1; +http://www.apple.com/go/applebot)"
54.158.218.176 - - [13/Jun/2026:22:33:34 +1000] "HEAD /wp-json/oembed/1.0/embed?format=xml&url=https://capalaba.aussieseafoodhouse.com.au/salmon-wellingtons-7-6x6/ HTTP/1.1" 200 - "-" "Mozilla/5.0 AppleWebKit/605.1.15 (KHTML, like Gecko) Chrome/139.0.0.0 Safari/605.1.15"
160.22.78.242 - - [13/Jun/2026:22:33:30 +1000] "POST /wp-cron.php?doing_wp_cron=1781354010.2772090435028076171875 HTTP/1.1" 200 - "https://capalaba.aussieseafoodhouse.com.au/wp-cron.php?doing_wp_cron=1781354010.2772090435028076171875" "WordPress/5.5.18; https://capalaba.aussieseafoodhouse.com.au"
54.205.105.185 - - [13/Jun/2026:22:34:23 +1000] "HEAD /wp-json/oembed/1.0/embed?url=https://capalaba.aussieseafoodhouse.com.au/coconut-prawns-with-honey-6x6/ HTTP/1.1" 200 - "-" "Mozilla/5.0 AppleWebKit/605.1.15 (KHTML, like Gecko) Chrome/139.0.0.0 Safari/605.1.15"
172.204.27.17 - - [13/Jun/2026:22:34:25 +1000] "GET /product/silver-bream-local-wild-caught/ HTTP/1.1" 200 11670 "-" "Mozilla/5.0 AppleWebKit/537.36 (KHTML, like Gecko); compatible; ChatGPT-User/1.0; +https://openai.com/bot"
35.171.57.19 - - [13/Jun/2026:22:34:28 +1000] "HEAD /wp-json/oembed/1.0/embed?format=xml&url=https://capalaba.aussieseafoodhouse.com.au/sashimi-tuna-2-6x6/ HTTP/1.1" 200 - "-" "Mozilla/5.0 AppleWebKit/605.1.15 (KHTML, like Gecko) Chrome/139.0.0.0 Safari/605.1.15"
172.204.27.25 - - [13/Jun/2026:22:34:29 +1000] "GET / HTTP/1.1" 200 8716 "-" "Mozilla/5.0 AppleWebKit/537.36 (KHTML, like Gecko); compatible; ChatGPT-User/1.0; +https://openai.com/bot"
107.173.9.84 - - [13/Jun/2026:22:34:31 +1000] "GET /contact-us-2/contact-us/ HTTP/1.1" 200 9517 "-" "Uptime-Kuma/2.0.0-beta.4"
160.22.78.242 - - [13/Jun/2026:22:34:33 +1000] "POST /wp-cron.php?doing_wp_cron=1781354071.7518920898437500000000 HTTP/1.1" 200 - "https://capalaba.aussieseafoodhouse.com.au/wp-cron.php?doing_wp_cron=1781354071.7518920898437500000000" "WordPress/5.5.18; https://capalaba.aussieseafoodhouse.com.au"
160.22.78.242 - - [13/Jun/2026:22:34:35 +1000] "POST /wp-cron.php?doing_wp_cron=1781354075.3335340023040771484375 HTTP/1.1" 200 - "https://capalaba.aussieseafoodhouse.com.au/wp-cron.php?doing_wp_cron=1781354075.3335340023040771484375" "WordPress/5.5.18; https://capalaba.aussieseafoodhouse.com.au"
44.198.10.67 - - [13/Jun/2026:22:34:34 +1000] "HEAD /wp-json/wp/v2/media/6113 HTTP/1.1" 200 - "-" "Mozilla/5.0 AppleWebKit/605.1.15 (KHTML, like Gecko) Chrome/139.0.0.0 Safari/605.1.15"
52.167.144.229 - - [13/Jun/2026:22:35:06 +1000] "GET /wp-content/uploads/sites/8/2019/02/Corn-BBQ-6x6-194x194.jpg HTTP/1.1" 200 18121 "-" "Mozilla/5.0 AppleWebKit/537.36 (KHTML, like Gecko; compatible; bingbot/2.0; +http://www.bing.com/bingbot.htm) Chrome/116.0.1938.76 Safari/537.36"
160.22.78.242 - - [13/Jun/2026:22:35:12 +1000] "POST /wp-cron.php?doing_wp_cron=1781354112.5031421184539794921875 HTTP/1.1" 200 - "https://capalaba.aussieseafoodhouse.com.au/wp-cron.php?doing_wp_cron=1781354112.5031421184539794921875" "WordPress/5.5.18; https://capalaba.aussieseafoodhouse.com.au"
160.22.78.242 - - [13/Jun/2026:22:35:12 +1000] "POST /wp-cron.php?doing_wp_cron=1781354112.5290191173553466796875 HTTP/1.1" 200 - "https://capalaba.aussieseafoodhouse.com.au/wp-cron.php?doing_wp_cron=1781354112.5290191173553466796875" "WordPress/5.5.18; https://capalaba.aussieseafoodhouse.com.au"
160.22.78.242 - - [13/Jun/2026:22:35:12 +1000] "POST /wp-cron.php?doing_wp_cron=1781354112.5365469455718994140625 HTTP/1.1" 200 - "https://capalaba.aussieseafoodhouse.com.au/wp-cron.php?doing_wp_cron=1781354112.5365469455718994140625" "WordPress/5.5.18; https://capalaba.aussieseafoodhouse.com.au"
144.6.248.111 - - [13/Jun/2026:22:35:12 +1000] "GET /apple-touch-icon-precomposed.png HTTP/1.1" 404 9180 "-" "NetworkingExtension/8624.2.5.10.4 Network/5812.122.1 iOS/26.5.1"
144.6.248.111 - - [13/Jun/2026:22:35:12 +1000] "GET /apple-touch-icon.png HTTP/1.1" 404 9180 "-" "NetworkingExtension/8624.2.5.10.4 Network/5812.122.1 iOS/26.5.1"
144.6.248.111 - - [13/Jun/2026:22:35:12 +1000] "GET /product/cod/ HTTP/1.1" 200 13815 "-" "Mozilla/5.0 (Macintosh; Intel Mac OS X 10_11_1) AppleWebKit/601.2.4 (KHTML, like Gecko) Version/9.0.1 Safari/601.2.4 facebookexternalhit/1.1 Facebot Twitterbot/1.0"
43.173.179.49 - - [13/Jun/2026:22:35:16 +1000] "GET /wp-json/oembed/1.0/embed?format=xml&url=https%3A%2F%2Fcapalaba.aussieseafoodhouse.com.au%2Ftuna-sashimi-3-6x6%2F HTTP/1.1" 200 1276 "-" "Mozilla/5.0 (Windows NT 10.0; Win64; x64) AppleWebKit/537.36 (KHTML, like Gecko) Chrome/110.0.0.0 Safari/537.36"
107.173.9.84 - - [13/Jun/2026:22:35:20 +1000] "GET /contact-us-2/contact-us/ HTTP/1.1" 200 9600 "-" "Uptime-Kuma/2.0.0-beta.4"
160.22.78.242 - - [13/Jun/2026:22:35:25 +1000] "POST /wp-cron.php?doing_wp_cron=1781354125.0453610420227050781250 HTTP/1.1" 200 - "https://capalaba.aussieseafoodhouse.com.au/wp-cron.php?doing_wp_cron=1781354125.0453610420227050781250" "WordPress/5.5.18; https://capalaba.aussieseafoodhouse.com.au"
66.249.69.9 - - [13/Jun/2026:22:35:24 +1000] "GET /?attachment_id=6546 HTTP/1.1" 200 8798 "-" "Mozilla/5.0 (Linux; Android 6.0.1; Nexus 5X Build/MMB29P) AppleWebKit/537.36 (KHTML, like Gecko) Chrome/148.0.7778.96 Mobile Safari/537.36 (compatible; Googlebot/2.1; +http://www.google.com/bot.html)"
37.27.234.213 - - [13/Jun/2026:22:36:17 +1000] "GET /wp-json/wp/v2/users/me HTTP/1.1" 401 102 "-" "Mozilla/5.0 (X11; Ubuntu; Linux x86_64; rv:133.0) Gecko/20100101 Firefox/133.0"
107.173.9.84 - - [13/Jun/2026:22:36:20 +1000] "GET /contact-us-2/contact-us/ HTTP/1.1" 200 9600 "-" "Uptime-Kuma/2.0.0-beta.4"
160.22.78.242 - - [13/Jun/2026:22:37:18 +1000] "POST /wp-cron.php?doing_wp_cron=1781354238.6791670322418212890625 HTTP/1.1" 200 - "https://capalaba.aussieseafoodhouse.com.au/wp-cron.php?doing_wp_cron=1781354238.6791670322418212890625" "WordPress/5.5.18; https://capalaba.aussieseafoodhouse.com.au"
102.209.221.105 - - [13/Jun/2026:22:37:16 +1000] "GET /product/fresh-scallop-mornay/ HTTP/1.1" 200 14648 "-" "Mozilla/5.0 (Windows NT 10.0; Win64; x64) AppleWebKit/537.36 (KHTML, like Gecko) Chrome/73.0.3683.86 Safari/537.36"
107.173.9.84 - - [13/Jun/2026:22:37:20 +1000] "GET /contact-us-2/contact-us/ HTTP/1.1" 200 9600 "-" "Uptime-Kuma/2.0.0-beta.4"
186.219.224.242 - - [13/Jun/2026:22:37:33 +1000] "GET /product/fresh-scallop-mornay/ HTTP/1.1" 200 14006 "-" "Mozilla/5.0 (Windows NT 10.0) AppleWebKit/537.36 (KHTML, like Gecko) Brave Chrome/78.0.3904.108 Safari/537.36"
160.22.78.242 - - [13/Jun/2026:22:37:33 +1000] "POST /wp-cron.php?doing_wp_cron=1781354253.3679180145263671875000 HTTP/1.1" 200 - "https://capalaba.aussieseafoodhouse.com.au/wp-cron.php?doing_wp_cron=1781354253.3679180145263671875000" "WordPress/5.5.18; https://capalaba.aussieseafoodhouse.com.au"
160.22.78.242 - - [13/Jun/2026:22:38:20 +1000] "POST /wp-cron.php?doing_wp_cron=1781354300.7885169982910156250000 HTTP/1.1" 200 - "https://capalaba.aussieseafoodhouse.com.au/wp-cron.php?doing_wp_cron=1781354300.7885169982910156250000" "WordPress/5.5.18; https://capalaba.aussieseafoodhouse.com.au"
107.173.9.84 - - [13/Jun/2026:22:38:20 +1000] "GET /contact-us-2/contact-us/ HTTP/1.1" 200 9600 "-" "Uptime-Kuma/2.0.0-beta.4"
160.22.78.242 - - [13/Jun/2026:22:39:22 +1000] "POST /wp-cron.php?doing_wp_cron=1781354362.5635108947753906250000 HTTP/1.1" 200 - "https://capalaba.aussieseafoodhouse.com.au/wp-cron.php?doing_wp_cron=1781354362.5635108947753906250000" "WordPress/5.5.18; https://capalaba.aussieseafoodhouse.com.au"
107.173.9.84 - - [13/Jun/2026:22:39:20 +1000] "GET /contact-us-2/contact-us/ HTTP/1.1" 200 9600 "-" "Uptime-Kuma/2.0.0-beta.4"
9.142.191.249 - - [13/Jun/2026:22:39:37 +1000] "GET /wp-content/uploads/sites/8/2019/06/Octopus-fresh-large-4-6x6-600x600.jpg HTTP/1.1" 200 72154 "-" "Mozilla/5.0 (Macintosh; Intel Mac OS X 10_15_7) AppleWebKit/537.36 (KHTML, like Gecko) Chrome/127.0.0.0 Safari/537.36 Edg/127.0.0.0"
160.22.78.242 - - [13/Jun/2026:22:40:22 +1000] "POST /wp-cron.php?doing_wp_cron=1781354422.5269789695739746093750 HTTP/1.1" 200 - "https://capalaba.aussieseafoodhouse.com.au/wp-cron.php?doing_wp_cron=1781354422.5269789695739746093750" "WordPress/5.5.18; https://capalaba.aussieseafoodhouse.com.au"
107.173.9.84 - - [13/Jun/2026:22:40:20 +1000] "GET /contact-us-2/contact-us/ HTTP/1.1" 200 9600 "-" "Uptime-Kuma/2.0.0-beta.4"
2001:8003:70e3:3b00:c9b7:55:5416:ce69 - - [13/Jun/2026:22:40:31 +1000] "GET / HTTP/1.1" 200 11380 "https://www.google.com/" "Mozilla/5.0 (Macintosh; Intel Mac OS X 10_15_7) AppleWebKit/605.1.15 (KHTML, like Gecko) Version/26.5 Safari/605.1.15"
2001:8003:70e3:3b00:c9b7:55:5416:ce69 - - [13/Jun/2026:22:40:31 +1000] "POST /?wc-ajax=get_refreshed_fragments HTTP/1.1" 200 161 "https://capalaba.aussieseafoodhouse.com.au/" "Mozilla/5.0 (Macintosh; Intel Mac OS X 10_15_7) AppleWebKit/605.1.15 (KHTML, like Gecko) Version/26.5 Safari/605.1.15"
2001:8003:70e3:3b00:c9b7:55:5416:ce69 - - [13/Jun/2026:22:40:50 +1000] "GET /product-category/diy-fish-and-chips/ HTTP/1.1" 200 13350 "https://capalaba.aussieseafoodhouse.com.au/" "Mozilla/5.0 (Macintosh; Intel Mac OS X 10_15_7) AppleWebKit/605.1.15 (KHTML, like Gecko) Version/26.5 Safari/605.1.15"
2001:8003:70e3:3b00:c9b7:55:5416:ce69 - - [13/Jun/2026:22:40:54 +1000] "GET /wp-content/uploads/sites/8/2020/07/Dagwood-Dogs-Mini-Air-fryer-6x6-ash1.jpg HTTP/1.1" 200 584351 "https://capalaba.aussieseafoodhouse.com.au/product-category/diy-fish-and-chips/" "Mozilla/5.0 (Macintosh; Intel Mac OS X 10_15_7) AppleWebKit/605.1.15 (KHTML, like Gecko) Version/26.5 Safari/605.1.15"
2001:8003:70e3:3b00:c9b7:55:5416:ce69 - - [13/Jun/2026:22:41:00 +1000] "GET /product/barra-tempura-fillets/ HTTP/1.1" 200 14029 "https://capalaba.aussieseafoodhouse.com.au/product-category/diy-fish-and-chips/" "Mozilla/5.0 (Macintosh; Intel Mac OS X 10_15_7) AppleWebKit/605.1.15 (KHTML, like Gecko) Version/26.5 Safari/605.1.15"
2001:8003:70e3:3b00:c9b7:55:5416:ce69 - - [13/Jun/2026:22:41:00 +1000] "GET /wp-content/uploads/sites/8/2017/11/Air-Fryers-6x6-1-100x100.jpg HTTP/1.1" 200 3577 "https://capalaba.aussieseafoodhouse.com.au/product/barra-tempura-fillets/" "Mozilla/5.0 (Macintosh; Intel Mac OS X 10_15_7) AppleWebKit/605.1.15 (KHTML, like Gecko) Version/26.5 Safari/605.1.15"
2001:8003:70e3:3b00:c9b7:55:5416:ce69 - - [13/Jun/2026:22:41:00 +1000] "GET /wp-content/uploads/sites/8/2017/03/Fish-Chips-7-6x6-1-100x100.jpg HTTP/1.1" 200 4017 "https://capalaba.aussieseafoodhouse.com.au/product/barra-tempura-fillets/" "Mozilla/5.0 (Macintosh; Intel Mac OS X 10_15_7) AppleWebKit/605.1.15 (KHTML, like Gecko) Version/26.5 Safari/605.1.15"
2001:8003:70e3:3b00:c9b7:55:5416:ce69 - - [13/Jun/2026:22:41:00 +1000] "GET /wp-content/uploads/sites/8/2017/11/Air-Fryers-6x6-1.jpg HTTP/1.1" 200 230157 "https://capalaba.aussieseafoodhouse.com.au/product/barra-tempura-fillets/" "Mozilla/5.0 (Macintosh; Intel Mac OS X 10_15_7) AppleWebKit/605.1.15 (KHTML, like Gecko) Version/26.5 Safari/605.1.15"
107.173.9.84 - - [13/Jun/2026:22:41:20 +1000] "GET /contact-us-2/contact-us/ HTTP/1.1" 200 9600 "-" "Uptime-Kuma/2.0.0-beta.4"
160.22.78.242 - - [13/Jun/2026:22:41:30 +1000] "POST /wp-cron.php?doing_wp_cron=1781354490.2398059368133544921875 HTTP/1.1" 200 - "https://capalaba.aussieseafoodhouse.com.au/wp-cron.php?doing_wp_cron=1781354490.2398059368133544921875" "WordPress/5.5.18; https://capalaba.aussieseafoodhouse.com.au"
2001:8003:70e3:3b00:c9b7:55:5416:ce69 - - [13/Jun/2026:22:41:30 +1000] "POST /?wc-ajax=get_refreshed_fragments HTTP/1.1" 200 161 "https://capalaba.aussieseafoodhouse.com.au/product-category/diy-fish-and-chips/" "Mozilla/5.0 (Macintosh; Intel Mac OS X 10_15_7) AppleWebKit/605.1.15 (KHTML, like Gecko) Version/26.5 Safari/605.1.15"
2001:8003:70e3:3b00:c9b7:55:5416:ce69 - - [13/Jun/2026:22:42:11 +1000] "GET /contact-us-2/contact-us/ HTTP/1.1" 200 11029 "https://capalaba.aussieseafoodhouse.com.au/" "Mozilla/5.0 (Macintosh; Intel Mac OS X 10_15_7) AppleWebKit/605.1.15 (KHTML, like Gecko) Version/26.5 Safari/605.1.15"
2001:8003:70e3:3b00:c9b7:55:5416:ce69 - - [13/Jun/2026:22:42:11 +1000] "GET /wp-content/plugins/siteorigin-panels/css/front-flex.min.css?ver=2.12.6 HTTP/1.1" 200 470 "https://capalaba.aussieseafoodhouse.com.au/contact-us-2/contact-us/" "Mozilla/5.0 (Macintosh; Intel Mac OS X 10_15_7) AppleWebKit/605.1.15 (KHTML, like Gecko) Version/26.5 Safari/605.1.15"
2001:8003:70e3:3b00:c9b7:55:5416:ce69 - - [13/Jun/2026:22:42:11 +1000] "GET /wp-content/uploads/sites/8/siteorigin-widgets/sow-contact-form-default-72becce0bc58-2603.css?ver=5.5.18 HTTP/1.1" 200 843 "https://capalaba.aussieseafoodhouse.com.au/contact-us-2/contact-us/" "Mozilla/5.0 (Macintosh; Intel Mac OS X 10_15_7) AppleWebKit/605.1.15 (KHTML, like Gecko) Version/26.5 Safari/605.1.15"
2001:8003:70e3:3b00:c9b7:55:5416:ce69 - - [13/Jun/2026:22:42:18 +1000] "POST /?wc-ajax=get_refreshed_fragments HTTP/1.1" 200 161 "https://capalaba.aussieseafoodhouse.com.au/" "Mozilla/5.0 (Macintosh; Intel Mac OS X 10_15_7) AppleWebKit/605.1.15 (KHTML, like Gecko) Version/26.5 Safari/605.1.15"
107.173.9.84 - - [13/Jun/2026:22:42:20 +1000] "GET /contact-us-2/contact-us/ HTTP/1.1" 200 9600 "-" "Uptime-Kuma/2.0.0-beta.4"
160.22.78.242 - - [13/Jun/2026:22:42:56 +1000] "POST /wp-cron.php?doing_wp_cron=1781354576.3538780212402343750000 HTTP/1.1" 200 - "https://capalaba.aussieseafoodhouse.com.au/wp-cron.php?doing_wp_cron=1781354576.3538780212402343750000" "WordPress/5.5.18; https://capalaba.aussieseafoodhouse.com.au"
100.29.107.38 - - [13/Jun/2026:22:42:56 +1000] "GET /wp-json/oembed/1.0/embed?format=xml&url=https://capalaba.aussieseafoodhouse.com.au/salmon-raw-side-6x6/ HTTP/1.1" 200 1281 "-" "Mozilla/5.0 AppleWebKit/537.36 (KHTML, like Gecko; compatible; Amazonbot/0.1; +https://developer.amazon.com/support/amazonbot) Chrome/119.0.6045.214 Safari/537.36"
52.45.15.233 - - [13/Jun/2026:22:43:14 +1000] "GET /wp-json/oembed/1.0/embed?url=https://capalaba.aussieseafoodhouse.com.au/kikaku-ika-geso-no-shichimi-yaki-grilled-squid-tentacles-with/ HTTP/1.1" 200 1323 "-" "Mozilla/5.0 AppleWebKit/537.36 (KHTML, like Gecko; compatible; Amazonbot/0.1; +https://developer.amazon.com/support/amazonbot) Chrome/119.0.6045.214 Safari/537.36"
52.202.52.82 - - [13/Jun/2026:22:43:18 +1000] "GET /wp-json/oembed/1.0/embed?format=xml&url=https://capalaba.aussieseafoodhouse.com.au/mac-and-cheese/ HTTP/1.1" 200 1246 "-" "Mozilla/5.0 AppleWebKit/537.36 (KHTML, like Gecko; compatible; Amazonbot/0.1; +https://developer.amazon.com/support/amazonbot) Chrome/119.0.6045.214 Safari/537.36"
107.173.9.84 - - [13/Jun/2026:22:43:20 +1000] "GET /contact-us-2/contact-us/ HTTP/1.1" 200 9600 "-" "Uptime-Kuma/2.0.0-beta.4"
160.22.78.242 - - [13/Jun/2026:22:43:23 +1000] "POST /wp-cron.php?doing_wp_cron=1781354603.1201169490814208984375 HTTP/1.1" 200 - "https://capalaba.aussieseafoodhouse.com.au/wp-cron.php?doing_wp_cron=1781354603.1201169490814208984375" "WordPress/5.5.18; https://capalaba.aussieseafoodhouse.com.au"
3.211.105.134 - - [13/Jun/2026:22:43:22 +1000] "GET /wp-json/oembed/1.0/embed?format=xml&url=https://capalaba.aussieseafoodhouse.com.au/tuna-pan-fried-6x6/ HTTP/1.1" 200 1274 "-" "Mozilla/5.0 AppleWebKit/537.36 (KHTML, like Gecko; compatible; Amazonbot/0.1; +https://developer.amazon.com/support/amazonbot) Chrome/119.0.6045.214 Safari/537.36"
44.195.145.102 - - [13/Jun/2026:22:43:27 +1000] "GET /wp-json/wp/v2/media/5934 HTTP/1.1" 200 1883 "-" "Mozilla/5.0 AppleWebKit/537.36 (KHTML, like Gecko; compatible; Amazonbot/0.1; +https://developer.amazon.com/support/amazonbot) Chrome/119.0.6045.214 Safari/537.36"
18.205.213.231 - - [13/Jun/2026:22:43:36 +1000] "GET /wp-json/oembed/1.0/embed?url=https://capalaba.aussieseafoodhouse.com.au/sushi-nigiri-sushi-with-prawns-and-salmon-6x6/ HTTP/1.1" 200 1287 "-" "Mozilla/5.0 AppleWebKit/537.36 (KHTML, like Gecko; compatible; Amazonbot/0.1; +https://developer.amazon.com/support/amazonbot) Chrome/119.0.6045.214 Safari/537.36"
2001:8003:70e3:3b00:c9b7:55:5416:ce69 - - [13/Jun/2026:22:43:40 +1000] "GET /product-category/shop/ HTTP/1.1" 301 - "https://capalaba.aussieseafoodhouse.com.au/" "Mozilla/5.0 (Macintosh; Intel Mac OS X 10_15_7) AppleWebKit/605.1.15 (KHTML, like Gecko) Version/26.5 Safari/605.1.15"
2001:8003:70e3:3b00:c9b7:55:5416:ce69 - - [13/Jun/2026:22:43:40 +1000] "GET /shop/ HTTP/1.1" 200 14935 "https://capalaba.aussieseafoodhouse.com.au/" "Mozilla/5.0 (Macintosh; Intel Mac OS X 10_15_7) AppleWebKit/605.1.15 (KHTML, like Gecko) Version/26.5 Safari/605.1.15"
52.70.138.176 - - [13/Jun/2026:22:43:44 +1000] "GET /wp-json/wp/v2/media/5827 HTTP/1.1" 200 2186 "-" "Mozilla/5.0 AppleWebKit/537.36 (KHTML, like Gecko; compatible; Amazonbot/0.1; +https://developer.amazon.com/support/amazonbot) Chrome/119.0.6045.214 Safari/537.36"
3.225.45.252 - - [13/Jun/2026:22:43:47 +1000] "GET /wp-json/oembed/1.0/embed?url=https://capalaba.aussieseafoodhouse.com.au/fish-steak-peas-6x6/ HTTP/1.1" 200 1268 "-" "Mozilla/5.0 AppleWebKit/537.36 (KHTML, like Gecko; compatible; Amazonbot/0.1; +https://developer.amazon.com/support/amazonbot) Chrome/119.0.6045.214 Safari/537.36"
52.167.144.192 - - [13/Jun/2026:22:43:57 +1000] "GET /wp-content/uploads/sites/8/2016/11/chips-11-m-shot.jpg HTTP/1.1" 200 277642 "-" "Mozilla/5.0 AppleWebKit/537.36 (KHTML, like Gecko; compatible; bingbot/2.0; +http://www.bing.com/bingbot.htm) Chrome/116.0.1938.76 Safari/537.36"
107.173.9.84 - - [13/Jun/2026:22:44:20 +1000] "GET /contact-us-2/contact-us/ HTTP/1.1" 200 9600 "-" "Uptime-Kuma/2.0.0-beta.4"
160.22.78.242 - - [13/Jun/2026:22:44:36 +1000] "POST /wp-cron.php?doing_wp_cron=1781354676.1040449142456054687500 HTTP/1.1" 200 - "https://capalaba.aussieseafoodhouse.com.au/wp-cron.php?doing_wp_cron=1781354676.1040449142456054687500" "WordPress/5.5.18; https://capalaba.aussieseafoodhouse.com.au"
2001:8003:70e3:3b00:c9b7:55:5416:ce69 - - [13/Jun/2026:22:44:35 +1000] "POST /?wc-ajax=get_refreshed_fragments HTTP/1.1" 200 161 "https://capalaba.aussieseafoodhouse.com.au/shop/" "Mozilla/5.0 (Macintosh; Intel Mac OS X 10_15_7) AppleWebKit/605.1.15 (KHTML, like Gecko) Version/26.5 Safari/605.1.15"
50.19.221.48 - - [13/Jun/2026:22:44:39 +1000] "GET /wp-json/oembed/1.0/embed?url=https://capalaba.aussieseafoodhouse.com.au/mum-spoil-6x6/ HTTP/1.1" 200 1247 "-" "Mozilla/5.0 AppleWebKit/537.36 (KHTML, like Gecko; compatible; Amazonbot/0.1; +https://developer.amazon.com/support/amazonbot) Chrome/119.0.6045.214 Safari/537.36"
188.26.219.235 - - [13/Jun/2026:22:44:49 +1000] "GET /wp-content/uploads/sites/8/2016/11/Mussels-greenlip-nz-2-6x6.jpg HTTP/1.1" 200 252431 "https://www.google.com" "Mozilla/5.0 (Windows NT 10.0; Win64; x64) AppleWebKit/537.36 (KHTML, like Gecko) Chrome/149.0.0.0 Safari/537.36"
2001:8003:70e3:3b00:c9b7:55:5416:ce69 - - [13/Jun/2026:22:44:55 +1000] "GET /product/barramundi-fillets/ HTTP/1.1" 200 14821 "https://capalaba.aussieseafoodhouse.com.au/shop/" "Mozilla/5.0 (Macintosh; Intel Mac OS X 10_15_7) AppleWebKit/605.1.15 (KHTML, like Gecko) Version/26.5 Safari/605.1.15"
107.173.9.84 - - [13/Jun/2026:22:45:20 +1000] "GET /contact-us-2/contact-us/ HTTP/1.1" 200 9600 "-" "Uptime-Kuma/2.0.0-beta.4"
160.22.78.242 - - [13/Jun/2026:22:46:22 +1000] "POST /wp-cron.php?doing_wp_cron=1781354782.4870541095733642578125 HTTP/1.1" 200 - "https://capalaba.aussieseafoodhouse.com.au/wp-cron.php?doing_wp_cron=1781354782.4870541095733642578125" "WordPress/5.5.18; https://capalaba.aussieseafoodhouse.com.au"
107.173.9.84 - - [13/Jun/2026:22:46:20 +1000] "GET /contact-us-2/contact-us/ HTTP/1.1" 200 9600 "-" "Uptime-Kuma/2.0.0-beta.4"
17.246.23.207 - - [13/Jun/2026:22:46:32 +1000] "POST /?wc-ajax=get_refreshed_fragments HTTP/1.1" 200 161 "https://capalaba.aussieseafoodhouse.com.au/salmon-lettuce-wraps-wit-avocado-sauce-everyday-healthy-recipes/" "Mozilla/5.0 (Macintosh; Intel Mac OS X 10_15_7) AppleWebKit/605.1.15 (KHTML, like Gecko) Version/17.4 Safari/605.1.15 (Applebot/0.1; +http://www.apple.com/go/applebot)"
2001:8003:70e3:3b00:c9b7:55:5416:ce69 - - [13/Jun/2026:22:46:46 +1000] "POST /?wc-ajax=get_refreshed_fragments HTTP/1.1" 200 161 "https://capalaba.aussieseafoodhouse.com.au/shop/" "Mozilla/5.0 (Macintosh; Intel Mac OS X 10_15_7) AppleWebKit/605.1.15 (KHTML, like Gecko) Version/26.5 Safari/605.1.15"
2403:5810:b0e4:0:6993:ef2c:f27d:1bd9 - - [13/Jun/2026:22:46:49 +1000] "GET /shop/ HTTP/1.1" 200 13614 "https://capalaba.aussieseafoodhouse.com.au/product/mud-crabs-b-nsw/" "Mozilla/5.0 (iPhone; CPU iPhone OS 18_7 like Mac OS X) AppleWebKit/605.1.15 (KHTML, like Gecko) Version/26.5 Mobile/15E148 Safari/604.1"
52.4.229.9 - - [13/Jun/2026:22:46:50 +1000] "GET /wp-json/oembed/1.0/embed?format=xml&url=https://capalaba.aussieseafoodhouse.com.au/swordfish-2/ HTTP/1.1" 200 1262 "-" "Mozilla/5.0 AppleWebKit/537.36 (KHTML, like Gecko; compatible; Amazonbot/0.1; +https://developer.amazon.com/support/amazonbot) Chrome/119.0.6045.214 Safari/537.36"
2403:5810:b0e4:0:6993:ef2c:f27d:1bd9 - - [13/Jun/2026:22:46:51 +1000] "POST /?wc-ajax=get_refreshed_fragments HTTP/1.1" 200 161 "https://capalaba.aussieseafoodhouse.com.au/shop/" "Mozilla/5.0 (iPhone; CPU iPhone OS 18_7 like Mac OS X) AppleWebKit/605.1.15 (KHTML, like Gecko) Version/26.5 Mobile/15E148 Safari/604.1"
2001:8003:70e3:3b00:c9b7:55:5416:ce69 - - [13/Jun/2026:22:46:52 +1000] "GET /product/battered-flathead/ HTTP/1.1" 200 14482 "https://capalaba.aussieseafoodhouse.com.au/shop/" "Mozilla/5.0 (Macintosh; Intel Mac OS X 10_15_7) AppleWebKit/605.1.15 (KHTML, like Gecko) Version/26.5 Safari/605.1.15"
2001:8003:70e3:3b00:c9b7:55:5416:ce69 - - [13/Jun/2026:22:46:53 +1000] "GET /wp-content/uploads/sites/8/2026/03/Fish-Battered-and-chips-6x6-1.jpg HTTP/1.1" 200 303085 "https://capalaba.aussieseafoodhouse.com.au/product/battered-flathead/" "Mozilla/5.0 (Macintosh; Intel Mac OS X 10_15_7) AppleWebKit/605.1.15 (KHTML, like Gecko) Version/26.5 Safari/605.1.15"
2001:8003:70e3:3b00:c9b7:55:5416:ce69 - - [13/Jun/2026:22:46:53 +1000] "GET /wp-content/uploads/sites/8/2017/11/Taco-with-Battered-fish-6x6-100x100.jpg HTTP/1.1" 200 5881 "https://capalaba.aussieseafoodhouse.com.au/product/battered-flathead/" "Mozilla/5.0 (Macintosh; Intel Mac OS X 10_15_7) AppleWebKit/605.1.15 (KHTML, like Gecko) Version/26.5 Safari/605.1.15"
8.229.51.16 - - [13/Jun/2026:22:47:14 +1000] "GET /wp-content/uploads/sites/8/2019/05/CrabLemon1Pasta-6x6-300x300.jpg HTTP/1.1" 200 24372 "-" "Mozilla/5.0 (X11; Linux x86_64) AppleWebKit/537.36 (KHTML, like Gecko) Chrome/91.0.4472.114 Safari/537.36"
107.173.9.84 - - [13/Jun/2026:22:47:20 +1000] "GET /contact-us-2/contact-us/ HTTP/1.1" 200 9600 "-" "Uptime-Kuma/2.0.0-beta.4"
160.22.78.242 - - [13/Jun/2026:22:47:37 +1000] "POST /wp-cron.php?doing_wp_cron=1781354857.0488789081573486328125 HTTP/1.1" 200 - "https://capalaba.aussieseafoodhouse.com.au/wp-cron.php?doing_wp_cron=1781354857.0488789081573486328125" "WordPress/5.5.18; https://capalaba.aussieseafoodhouse.com.au"
2001:8003:70e3:3b00:c9b7:55:5416:ce69 - - [13/Jun/2026:22:47:36 +1000] "POST /?wc-ajax=get_refreshed_fragments HTTP/1.1" 200 161 "https://capalaba.aussieseafoodhouse.com.au/shop/" "Mozilla/5.0 (Macintosh; Intel Mac OS X 10_15_7) AppleWebKit/605.1.15 (KHTML, like Gecko) Version/26.5 Safari/605.1.15"
2001:8003:70e3:3b00:c9b7:55:5416:ce69 - - [13/Jun/2026:22:48:00 +1000] "POST /?wc-ajax=get_refreshed_fragments HTTP/1.1" 200 161 "https://capalaba.aussieseafoodhouse.com.au/shop/" "Mozilla/5.0 (Macintosh; Intel Mac OS X 10_15_7) AppleWebKit/605.1.15 (KHTML, like Gecko) Version/26.5 Safari/605.1.15"
107.173.9.84 - - [13/Jun/2026:22:48:20 +1000] "GET /contact-us-2/contact-us/ HTTP/1.1" 200 9600 "-" "Uptime-Kuma/2.0.0-beta.4"
160.22.78.242 - - [13/Jun/2026:22:48:45 +1000] "POST /wp-cron.php?doing_wp_cron=1781354925.4881999492645263671875 HTTP/1.1" 200 - "https://capalaba.aussieseafoodhouse.com.au/wp-cron.php?doing_wp_cron=1781354925.4881999492645263671875" "WordPress/5.5.18; https://capalaba.aussieseafoodhouse.com.au"
2a03:2880:11ff:73:: - - [13/Jun/2026:22:48:45 +1000] "GET /wp-json/oembed/1.0/embed?url=https%3A%2F%2Fcapalaba.aussieseafoodhouse.com.au HTTP/1.1" 200 1217 "-" "meta-externalagent/1.1 (+https://developers.facebook.com/docs/sharing/webmasters/crawler)"
107.173.9.84 - - [13/Jun/2026:22:49:20 +1000] "GET /contact-us-2/contact-us/ HTTP/1.1" 200 9600 "-" "Uptime-Kuma/2.0.0-beta.4"
160.22.78.242 - - [13/Jun/2026:22:49:23 +1000] "POST /wp-cron.php?doing_wp_cron=1781354963.8299410343170166015625 HTTP/1.1" 200 - "https://capalaba.aussieseafoodhouse.com.au/wp-cron.php?doing_wp_cron=1781354963.8299410343170166015625" "WordPress/5.5.18; https://capalaba.aussieseafoodhouse.com.au"
3.221.244.28 - - [13/Jun/2026:22:49:23 +1000] "GET /wp-json/oembed/1.0/embed?format=xml&url=https://capalaba.aussieseafoodhouse.com.au/crab-bisque-6x6/ HTTP/1.1" 200 1266 "-" "Mozilla/5.0 AppleWebKit/537.36 (KHTML, like Gecko; compatible; Amazonbot/0.1; +https://developer.amazon.com/support/amazonbot) Chrome/119.0.6045.214 Safari/537.36"
40.77.167.77 - - [13/Jun/2026:22:49:30 +1000] "GET /wp-content/uploads/sites/8/2019/09/Jon-Dory-pan-fried-6x6.jpg HTTP/1.1" 200 410065 "-" "Mozilla/5.0 AppleWebKit/537.36 (KHTML, like Gecko; compatible; bingbot/2.0; +http://www.bing.com/bingbot.htm) Chrome/116.0.1938.76 Safari/537.36"
66.249.69.7 - - [13/Jun/2026:22:50:15 +1000] "GET /product/lobster-balls/ HTTP/1.1" 200 12466 "-" "Mozilla/5.0 (Linux; Android 6.0.1; Nexus 5X Build/MMB29P) AppleWebKit/537.36 (KHTML, like Gecko) Chrome/148.0.7778.96 Mobile Safari/537.36 (compatible; Googlebot/2.1; +http://www.google.com/bot.html)"
107.173.9.84 - - [13/Jun/2026:22:50:20 +1000] "GET /contact-us-2/contact-us/ HTTP/1.1" 200 9600 "-" "Uptime-Kuma/2.0.0-beta.4"
160.22.78.242 - - [13/Jun/2026:22:51:22 +1000] "POST /wp-cron.php?doing_wp_cron=1781355082.4423298835754394531250 HTTP/1.1" 200 - "https://capalaba.aussieseafoodhouse.com.au/wp-cron.php?doing_wp_cron=1781355082.4423298835754394531250" "WordPress/5.5.18; https://capalaba.aussieseafoodhouse.com.au"
107.173.9.84 - - [13/Jun/2026:22:51:20 +1000] "GET /contact-us-2/contact-us/ HTTP/1.1" 200 9600 "-" "Uptime-Kuma/2.0.0-beta.4"
78.142.18.172 - - [13/Jun/2026:22:52:14 +1000] "GET /wp-login.php HTTP/1.1" 200 2177 "-" "Mozilla/5.0 (Windows NT 10.0; Win64; x64) AppleWebKit/537.36 (KHTML, like Gecko) Chrome/133.0.0.0 Safari/537.36"
78.142.18.172 - - [13/Jun/2026:22:52:17 +1000] "POST /wp-login.php HTTP/1.1" 503 7074 "https://capalaba.aussieseafoodhouse.com.au/wp-login.php" "Mozilla/5.0 (Windows NT 10.0; Win64; x64) AppleWebKit/537.36 (KHTML, like Gecko) Chrome/133.0.0.0 Safari/537.36"
107.173.9.84 - - [13/Jun/2026:22:52:20 +1000] "GET /contact-us-2/contact-us/ HTTP/1.1" 200 9600 "-" "Uptime-Kuma/2.0.0-beta.4"
160.22.78.242 - - [13/Jun/2026:22:52:43 +1000] "POST /wp-cron.php?doing_wp_cron=1781355163.1418640613555908203125 HTTP/1.1" 200 - "https://capalaba.aussieseafoodhouse.com.au/wp-cron.php?doing_wp_cron=1781355163.1418640613555908203125" "WordPress/5.5.18; https://capalaba.aussieseafoodhouse.com.au"
98.82.40.168 - - [13/Jun/2026:22:52:42 +1000] "GET /wp-json/wp/v2/media/6841 HTTP/1.1" 200 1853 "-" "Mozilla/5.0 AppleWebKit/537.36 (KHTML, like Gecko; compatible; Amazonbot/0.1; +https://developer.amazon.com/support/amazonbot) Chrome/119.0.6045.214 Safari/537.36"
107.173.9.84 - - [13/Jun/2026:22:53:20 +1000] "GET /contact-us-2/contact-us/ HTTP/1.1" 200 9600 "-" "Uptime-Kuma/2.0.0-beta.4"
160.22.78.242 - - [13/Jun/2026:22:53:48 +1000] "POST /wp-cron.php?doing_wp_cron=1781355228.7782959938049316406250 HTTP/1.1" 200 - "https://capalaba.aussieseafoodhouse.com.au/wp-cron.php?doing_wp_cron=1781355228.7782959938049316406250" "WordPress/5.5.18; https://capalaba.aussieseafoodhouse.com.au"
40.77.167.224 - - [13/Jun/2026:22:53:48 +1000] "GET /wp-json/wp/v2/product/4344 HTTP/1.1" 200 1825 "-" "Mozilla/5.0 AppleWebKit/537.36 (KHTML, like Gecko; compatible; bingbot/2.0; +http://www.bing.com/bingbot.htm) Chrome/116.0.1938.76 Safari/537.36"
54.84.147.79 - - [13/Jun/2026:22:54:11 +1000] "GET /wp-json/oembed/1.0/embed?url=https://capalaba.aussieseafoodhouse.com.au/prawns-garlic-air-fryer-6x6/ HTTP/1.1" 200 1261 "-" "Mozilla/5.0 AppleWebKit/537.36 (KHTML, like Gecko; compatible; Amazonbot/0.1; +https://developer.amazon.com/support/amazonbot) Chrome/119.0.6045.214 Safari/537.36"
160.22.78.242 - - [13/Jun/2026:22:54:21 +1000] "POST /wp-cron.php?doing_wp_cron=1781355261.1568100452423095703125 HTTP/1.1" 200 - "https://capalaba.aussieseafoodhouse.com.au/wp-cron.php?doing_wp_cron=1781355261.1568100452423095703125" "WordPress/5.5.18; https://capalaba.aussieseafoodhouse.com.au"
107.173.9.84 - - [13/Jun/2026:22:54:20 +1000] "GET /contact-us-2/contact-us/ HTTP/1.1" 200 9600 "-" "Uptime-Kuma/2.0.0-beta.4"
44.249.143.173 - - [13/Jun/2026:22:55:11 +1000] "GET /wp-content/uploads/sites/8/2017/06/Red-Emperor-6x6-ash.jpg HTTP/1.1" 200 406842 "-" "Mozilla/5.0 (Windows NT 10.0; Win64; x64) AppleWebKit/537.36 (KHTML, like Gecko) Chrome/144.0.0.0 Safari/537.36"
160.22.78.242 - - [13/Jun/2026:22:55:22 +1000] "POST /wp-cron.php?doing_wp_cron=1781355322.7729859352111816406250 HTTP/1.1" 200 - "https://capalaba.aussieseafoodhouse.com.au/wp-cron.php?doing_wp_cron=1781355322.7729859352111816406250" "WordPress/5.5.18; https://capalaba.aussieseafoodhouse.com.au"
107.173.9.84 - - [13/Jun/2026:22:55:20 +1000] "GET /contact-us-2/contact-us/ HTTP/1.1" 200 9600 "-" "Uptime-Kuma/2.0.0-beta.4"
66.249.69.7 - - [13/Jun/2026:22:55:40 +1000] "GET /wp-content/uploads/sites/8/2018/07/Dim-Sims-Mini-Air-Fryer-6x6-1.jpg HTTP/1.1" 200 271601 "-" "Googlebot-Image/1.0"
98.82.66.172 - - [13/Jun/2026:22:56:03 +1000] "GET /sony-dsc-466/ HTTP/1.1" 200 10070 "-" "Mozilla/5.0 AppleWebKit/537.36 (KHTML, like Gecko; compatible; Amazonbot/0.1; +https://developer.amazon.com/support/amazonbot) Chrome/119.0.6045.214 Safari/537.36"
160.22.78.242 - - [13/Jun/2026:22:56:21 +1000] "POST /wp-cron.php?doing_wp_cron=1781355381.0134921073913574218750 HTTP/1.1" 200 - "https://capalaba.aussieseafoodhouse.com.au/wp-cron.php?doing_wp_cron=1781355381.0134921073913574218750" "WordPress/5.5.18; https://capalaba.aussieseafoodhouse.com.au"
107.173.9.84 - - [13/Jun/2026:22:56:20 +1000] "GET /contact-us-2/contact-us/ HTTP/1.1" 200 9600 "-" "Uptime-Kuma/2.0.0-beta.4"
100.29.155.89 - - [13/Jun/2026:22:56:24 +1000] "GET /squid-tubes/ HTTP/1.1" 200 10040 "-" "Mozilla/5.0 AppleWebKit/537.36 (KHTML, like Gecko; compatible; Amazonbot/0.1; +https://developer.amazon.com/support/amazonbot) Chrome/119.0.6045.214 Safari/537.36"
43.173.178.234 - - [13/Jun/2026:22:56:37 +1000] "GET /product/sand-crabs-raw/ HTTP/1.1" 200 14257 "-" "Mozilla/5.0 (Windows NT 10.0; Win64; x64) AppleWebKit/537.36 (KHTML, like Gecko) Chrome/108.0.0.0 Safari/537.36"
52.167.144.171 - - [13/Jun/2026:22:56:39 +1000] "GET /product/pinkies/ HTTP/1.1" 200 13814 "-" "Mozilla/5.0 AppleWebKit/537.36 (KHTML, like Gecko; compatible; bingbot/2.0; +http://www.bing.com/bingbot.htm) Chrome/116.0.1938.76 Safari/537.36"
43.173.176.12 - - [13/Jun/2026:22:56:39 +1000] "POST /?wc-ajax=get_refreshed_fragments HTTP/1.1" 200 161 "https://capalaba.aussieseafoodhouse.com.au/product/sand-crabs-raw/" "Mozilla/5.0 (Windows NT 10.0; Win64; x64) AppleWebKit/537.36 (KHTML, like Gecko) Chrome/108.0.0.0 Safari/537.36"
3.215.59.93 - - [13/Jun/2026:22:57:02 +1000] "GET /wp-json/wp/v2/media/6718 HTTP/1.1" 200 1913 "-" "Mozilla/5.0 AppleWebKit/537.36 (KHTML, like Gecko; compatible; Amazonbot/0.1; +https://developer.amazon.com/support/amazonbot) Chrome/119.0.6045.214 Safari/537.36"
160.22.78.242 - - [13/Jun/2026:22:57:21 +1000] "POST /wp-cron.php?doing_wp_cron=1781355441.3513159751892089843750 HTTP/1.1" 200 - "https://capalaba.aussieseafoodhouse.com.au/wp-cron.php?doing_wp_cron=1781355441.3513159751892089843750" "WordPress/5.5.18; https://capalaba.aussieseafoodhouse.com.au"
107.173.9.84 - - [13/Jun/2026:22:57:21 +1000] "GET /contact-us-2/contact-us/ HTTP/1.1" 200 9600 "-" "Uptime-Kuma/2.0.0-beta.4"
2001:8003:63eb:cc00:24fa:f9e1:65a7:bcb3 - - [13/Jun/2026:22:57:57 +1000] "GET / HTTP/1.1" 200 10049 "https://aussieseafoodhouse.com.au/" "Mozilla/5.0 (iPhone; CPU iPhone OS 18_7 like Mac OS X) AppleWebKit/605.1.15 (KHTML, like Gecko) Version/26.5 Mobile/15E148 Safari/604.1"
2001:8003:63eb:cc00:24fa:f9e1:65a7:bcb3 - - [13/Jun/2026:22:57:58 +1000] "POST /?wc-ajax=get_refreshed_fragments HTTP/1.1" 200 161 "https://capalaba.aussieseafoodhouse.com.au/" "Mozilla/5.0 (iPhone; CPU iPhone OS 18_7 like Mac OS X) AppleWebKit/605.1.15 (KHTML, like Gecko) Version/26.5 Mobile/15E148 Safari/604.1"
2001:8003:63eb:cc00:24fa:f9e1:65a7:bcb3 - - [13/Jun/2026:22:58:05 +1000] "GET /product-category/diy-fish-and-chips/ HTTP/1.1" 200 12001 "https://capalaba.aussieseafoodhouse.com.au/" "Mozilla/5.0 (iPhone; CPU iPhone OS 18_7 like Mac OS X) AppleWebKit/605.1.15 (KHTML, like Gecko) Version/26.5 Mobile/15E148 Safari/604.1"
107.173.9.84 - - [13/Jun/2026:22:58:21 +1000] "GET /contact-us-2/contact-us/ HTTP/1.1" 200 9600 "-" "Uptime-Kuma/2.0.0-beta.4"
160.22.78.242 - - [13/Jun/2026:22:58:21 +1000] "POST /wp-cron.php?doing_wp_cron=1781355501.0589549541473388671875 HTTP/1.1" 200 - "https://capalaba.aussieseafoodhouse.com.au/wp-cron.php?doing_wp_cron=1781355501.0589549541473388671875" "WordPress/5.5.18; https://capalaba.aussieseafoodhouse.com.au"
2001:8003:63eb:cc00:24fa:f9e1:65a7:bcb3 - - [13/Jun/2026:22:58:20 +1000] "GET /product-category/diy-fish-and-chips/page/2/ HTTP/1.1" 200 12069 "https://capalaba.aussieseafoodhouse.com.au/product-category/diy-fish-and-chips/" "Mozilla/5.0 (iPhone; CPU iPhone OS 18_7 like Mac OS X) AppleWebKit/605.1.15 (KHTML, like Gecko) Version/26.5 Mobile/15E148 Safari/604.1"
2001:8003:63eb:cc00:24fa:f9e1:65a7:bcb3 - - [13/Jun/2026:22:58:22 +1000] "GET /wp-content/uploads/sites/8/2017/12/Prawn-Cones-pw-6x6-2.jpg HTTP/1.1" 200 489683 "https://capalaba.aussieseafoodhouse.com.au/product-category/diy-fish-and-chips/page/2/" "Mozilla/5.0 (iPhone; CPU iPhone OS 18_7 like Mac OS X) AppleWebKit/605.1.15 (KHTML, like Gecko) Version/26.5 Mobile/15E148 Safari/604.1"
2001:8003:63eb:cc00:24fa:f9e1:65a7:bcb3 - - [13/Jun/2026:22:58:34 +1000] "GET /wp-content/uploads/sites/8/2016/11/Squid-Spiced-strips-6x6-1.jpg HTTP/1.1" 200 383816 "https://capalaba.aussieseafoodhouse.com.au/product-category/diy-fish-and-chips/page/2/" "Mozilla/5.0 (iPhone; CPU iPhone OS 18_7 like Mac OS X) AppleWebKit/605.1.15 (KHTML, like Gecko) Version/26.5 Mobile/15E148 Safari/604.1"
2001:8003:63eb:cc00:24fa:f9e1:65a7:bcb3 - - [13/Jun/2026:22:58:34 +1000] "GET /wp-content/uploads/sites/8/2020/04/Prawn-toast-Sesame-9-6x6-.jpg HTTP/1.1" 200 309610 "https://capalaba.aussieseafoodhouse.com.au/product-category/diy-fish-and-chips/page/2/" "Mozilla/5.0 (iPhone; CPU iPhone OS 18_7 like Mac OS X) AppleWebKit/605.1.15 (KHTML, like Gecko) Version/26.5 Mobile/15E148 Safari/604.1"
2001:8003:63eb:cc00:24fa:f9e1:65a7:bcb3 - - [13/Jun/2026:22:58:50 +1000] "GET /product-category/diy-fish-and-chips/page/3/ HTTP/1.1" 200 10744 "https://capalaba.aussieseafoodhouse.com.au/product-category/diy-fish-and-chips/page/2/" "Mozilla/5.0 (iPhone; CPU iPhone OS 18_7 like Mac OS X) AppleWebKit/605.1.15 (KHTML, like Gecko) Version/26.5 Mobile/15E148 Safari/604.1"
2001:8003:63eb:cc00:24fa:f9e1:65a7:bcb3 - - [13/Jun/2026:22:58:50 +1000] "GET /wp-content/uploads/sites/8/2017/06/Whiting-crumbed-6x6.jpg HTTP/1.1" 200 114320 "https://capalaba.aussieseafoodhouse.com.au/product-category/diy-fish-and-chips/page/3/" "Mozilla/5.0 (iPhone; CPU iPhone OS 18_7 like Mac OS X) AppleWebKit/605.1.15 (KHTML, like Gecko) Version/26.5 Mobile/15E148 Safari/604.1"
2001:8003:63eb:cc00:24fa:f9e1:65a7:bcb3 - - [13/Jun/2026:22:59:00 +1000] "POST /?wc-ajax=get_refreshed_fragments HTTP/1.1" 200 161 "https://capalaba.aussieseafoodhouse.com.au/product-category/diy-fish-and-chips/page/3/" "Mozilla/5.0 (iPhone; CPU iPhone OS 18_7 like Mac OS X) AppleWebKit/605.1.15 (KHTML, like Gecko) Version/26.5 Mobile/15E148 Safari/604.1"
2001:8003:63eb:cc00:24fa:f9e1:65a7:bcb3 - - [13/Jun/2026:22:59:01 +1000] "POST /?wc-ajax=get_refreshed_fragments HTTP/1.1" 200 161 "https://capalaba.aussieseafoodhouse.com.au/product-category/diy-fish-and-chips/page/2/" "Mozilla/5.0 (iPhone; CPU iPhone OS 18_7 like Mac OS X) AppleWebKit/605.1.15 (KHTML, like Gecko) Version/26.5 Mobile/15E148 Safari/604.1"
2001:8003:63eb:cc00:24fa:f9e1:65a7:bcb3 - - [13/Jun/2026:22:59:11 +1000] "GET /product-category/shop/ HTTP/1.1" 301 - "https://capalaba.aussieseafoodhouse.com.au/" "Mozilla/5.0 (iPhone; CPU iPhone OS 18_7 like Mac OS X) AppleWebKit/605.1.15 (KHTML, like Gecko) Version/26.5 Mobile/15E148 Safari/604.1"
2001:8003:63eb:cc00:24fa:f9e1:65a7:bcb3 - - [13/Jun/2026:22:59:12 +1000] "GET /shop/ HTTP/1.1" 200 13614 "https://capalaba.aussieseafoodhouse.com.au/" "Mozilla/5.0 (iPhone; CPU iPhone OS 18_7 like Mac OS X) AppleWebKit/605.1.15 (KHTML, like Gecko) Version/26.5 Mobile/15E148 Safari/604.1"
160.22.78.242 - - [13/Jun/2026:22:59:21 +1000] "POST /wp-cron.php?doing_wp_cron=1781355561.2903358936309814453125 HTTP/1.1" 200 - "https://capalaba.aussieseafoodhouse.com.au/wp-cron.php?doing_wp_cron=1781355561.2903358936309814453125" "WordPress/5.5.18; https://capalaba.aussieseafoodhouse.com.au"
107.173.9.84 - - [13/Jun/2026:22:59:21 +1000] "GET /contact-us-2/contact-us/ HTTP/1.1" 200 9600 "-" "Uptime-Kuma/2.0.0-beta.4"
2001:8003:63eb:cc00:24fa:f9e1:65a7:bcb3 - - [13/Jun/2026:22:59:38 +1000] "GET /shop/page/2/ HTTP/1.1" 200 12464 "https://capalaba.aussieseafoodhouse.com.au/shop/" "Mozilla/5.0 (iPhone; CPU iPhone OS 18_7 like Mac OS X) AppleWebKit/605.1.15 (KHTML, like Gecko) Version/26.5 Mobile/15E148 Safari/604.1"
40.77.167.224 - - [13/Jun/2026:22:59:39 +1000] "GET /wp-content/uploads/sites/8/2019/02/Tuna-9-6x6-300x300.jpg HTTP/1.1" 200 30017 "-" "Mozilla/5.0 AppleWebKit/537.36 (KHTML, like Gecko; compatible; bingbot/2.0; +http://www.bing.com/bingbot.htm) Chrome/116.0.1938.76 Safari/537.36"
2001:8003:63eb:cc00:24fa:f9e1:65a7:bcb3 - - [13/Jun/2026:22:59:51 +1000] "GET /shop/page/3/ HTTP/1.1" 200 12489 "https://capalaba.aussieseafoodhouse.com.au/shop/page/2/" "Mozilla/5.0 (iPhone; CPU iPhone OS 18_7 like Mac OS X) AppleWebKit/605.1.15 (KHTML, like Gecko) Version/26.5 Mobile/15E148 Safari/604.1"
2001:8003:63eb:cc00:24fa:f9e1:65a7:bcb3 - - [13/Jun/2026:23:00:01 +1000] "GET /shop/page/4/ HTTP/1.1" 200 12367 "https://capalaba.aussieseafoodhouse.com.au/shop/page/3/" "Mozilla/5.0 (iPhone; CPU iPhone OS 18_7 like Mac OS X) AppleWebKit/605.1.15 (KHTML, like Gecko) Version/26.5 Mobile/15E148 Safari/604.1"
2001:8003:63eb:cc00:24fa:f9e1:65a7:bcb3 - - [13/Jun/2026:23:00:12 +1000] "GET /shop/page/5/ HTTP/1.1" 200 12439 "https://capalaba.aussieseafoodhouse.com.au/shop/page/4/" "Mozilla/5.0 (iPhone; CPU iPhone OS 18_7 like Mac OS X) AppleWebKit/605.1.15 (KHTML, like Gecko) Version/26.5 Mobile/15E148 Safari/604.1"
160.22.78.242 - - [13/Jun/2026:23:00:21 +1000] "POST /wp-cron.php?doing_wp_cron=1781355621.4486279487609863281250 HTTP/1.1" 200 - "https://capalaba.aussieseafoodhouse.com.au/wp-cron.php?doing_wp_cron=1781355621.4486279487609863281250" "WordPress/5.5.18; https://capalaba.aussieseafoodhouse.com.au"
107.173.9.84 - - [13/Jun/2026:23:00:21 +1000] "GET /contact-us-2/contact-us/ HTTP/1.1" 200 9600 "-" "Uptime-Kuma/2.0.0-beta.4"
2001:8003:63eb:cc00:24fa:f9e1:65a7:bcb3 - - [13/Jun/2026:23:00:22 +1000] "GET /shop/page/6/ HTTP/1.1" 200 12420 "https://capalaba.aussieseafoodhouse.com.au/shop/page/5/" "Mozilla/5.0 (iPhone; CPU iPhone OS 18_7 like Mac OS X) AppleWebKit/605.1.15 (KHTML, like Gecko) Version/26.5 Mobile/15E148 Safari/604.1"
2001:8003:63eb:cc00:24fa:f9e1:65a7:bcb3 - - [13/Jun/2026:23:00:32 +1000] "GET /shop/page/7/ HTTP/1.1" 200 12494 "https://capalaba.aussieseafoodhouse.com.au/shop/page/6/" "Mozilla/5.0 (iPhone; CPU iPhone OS 18_7 like Mac OS X) AppleWebKit/605.1.15 (KHTML, like Gecko) Version/26.5 Mobile/15E148 Safari/604.1"
2001:8003:63eb:cc00:24fa:f9e1:65a7:bcb3 - - [13/Jun/2026:23:00:45 +1000] "GET /shop/page/8/ HTTP/1.1" 200 12400 "https://capalaba.aussieseafoodhouse.com.au/shop/page/7/" "Mozilla/5.0 (iPhone; CPU iPhone OS 18_7 like Mac OS X) AppleWebKit/605.1.15 (KHTML, like Gecko) Version/26.5 Mobile/15E148 Safari/604.1"
2001:8003:63eb:cc00:24fa:f9e1:65a7:bcb3 - - [13/Jun/2026:23:00:55 +1000] "GET /shop/page/9/ HTTP/1.1" 200 12591 "https://capalaba.aussieseafoodhouse.com.au/shop/page/8/" "Mozilla/5.0 (iPhone; CPU iPhone OS 18_7 like Mac OS X) AppleWebKit/605.1.15 (KHTML, like Gecko) Version/26.5 Mobile/15E148 Safari/604.1"
2001:8003:63eb:cc00:24fa:f9e1:65a7:bcb3 - - [13/Jun/2026:23:00:55 +1000] "GET /wp-content/uploads/sites/8/2019/06/Murry-River-Salt-6x6.jpg HTTP/1.1" 200 375287 "https://capalaba.aussieseafoodhouse.com.au/shop/page/9/" "Mozilla/5.0 (iPhone; CPU iPhone OS 18_7 like Mac OS X) AppleWebKit/605.1.15 (KHTML, like Gecko) Version/26.5 Mobile/15E148 Safari/604.1"
2001:8003:63eb:cc00:24fa:f9e1:65a7:bcb3 - - [13/Jun/2026:23:00:56 +1000] "GET /wp-content/uploads/sites/8/2016/11/Mussels-Marinated-4-selection-aus-website.jpg HTTP/1.1" 200 491368 "https://capalaba.aussieseafoodhouse.com.au/shop/page/9/" "Mozilla/5.0 (iPhone; CPU iPhone OS 18_7 like Mac OS X) AppleWebKit/605.1.15 (KHTML, like Gecko) Version/26.5 Mobile/15E148 Safari/604.1"
2001:8003:63eb:cc00:24fa:f9e1:65a7:bcb3 - - [13/Jun/2026:23:01:03 +1000] "GET /shop/page/10/ HTTP/1.1" 200 12411 "https://capalaba.aussieseafoodhouse.com.au/shop/page/9/" "Mozilla/5.0 (iPhone; CPU iPhone OS 18_7 like Mac OS X) AppleWebKit/605.1.15 (KHTML, like Gecko) Version/26.5 Mobile/15E148 Safari/604.1"
2001:8003:63eb:cc00:24fa:f9e1:65a7:bcb3 - - [13/Jun/2026:23:01:04 +1000] "GET /wp-content/uploads/sites/8/2016/11/Oysters-Jumbo-4-6x6-ash.jpg HTTP/1.1" 200 362012 "https://capalaba.aussieseafoodhouse.com.au/shop/page/10/" "Mozilla/5.0 (iPhone; CPU iPhone OS 18_7 like Mac OS X) AppleWebKit/605.1.15 (KHTML, like Gecko) Version/26.5 Mobile/15E148 Safari/604.1"
2001:8003:63eb:cc00:24fa:f9e1:65a7:bcb3 - - [13/Jun/2026:23:01:14 +1000] "GET /shop/page/11/ HTTP/1.1" 200 12454 "https://capalaba.aussieseafoodhouse.com.au/shop/page/10/" "Mozilla/5.0 (iPhone; CPU iPhone OS 18_7 like Mac OS X) AppleWebKit/605.1.15 (KHTML, like Gecko) Version/26.5 Mobile/15E148 Safari/604.1"
160.22.78.242 - - [13/Jun/2026:23:01:21 +1000] "POST /wp-cron.php?doing_wp_cron=1781355681.0808470249176025390625 HTTP/1.1" 200 - "https://capalaba.aussieseafoodhouse.com.au/wp-cron.php?doing_wp_cron=1781355681.0808470249176025390625" "WordPress/5.5.18; https://capalaba.aussieseafoodhouse.com.au"
107.173.9.84 - - [13/Jun/2026:23:01:20 +1000] "GET /contact-us-2/contact-us/ HTTP/1.1" 200 9600 "-" "Uptime-Kuma/2.0.0-beta.4"
220.181.108.146 - - [13/Jun/2026:23:01:25 +1000] "GET /product/prawn-cutlets/ HTTP/1.1" 200 14046 "-" "Mozilla/5.0 (compatible; Baiduspider/2.0; +http://www.baidu.com/search/spider.html)"
2001:8003:63eb:cc00:24fa:f9e1:65a7:bcb3 - - [13/Jun/2026:23:01:25 +1000] "GET /wp-content/uploads/sites/8/2020/01/Prawn-Risotto-6x6.jpg HTTP/1.1" 200 408506 "https://capalaba.aussieseafoodhouse.com.au/shop/page/11/" "Mozilla/5.0 (iPhone; CPU iPhone OS 18_7 like Mac OS X) AppleWebKit/605.1.15 (KHTML, like Gecko) Version/26.5 Mobile/15E148 Safari/604.1"
116.179.37.252 - - [13/Jun/2026:23:01:31 +1000] "GET /wp-content/uploads/sites/8/2016/11/seafood-salad-6x6-300x300.jpg HTTP/1.1" 200 31159 "https://capalaba.aussieseafoodhouse.com.au/product/prawn-cutlets/" "Mozilla/5.0 (compatible; Baiduspider-render/2.0; +http://www.baidu.com/search/spider.html)"
116.179.37.144 - - [13/Jun/2026:23:01:32 +1000] "GET /wp-content/uploads/sites/8/2017/08/Scallop-Mornay-002-6x6-aus-300x300.jpg HTTP/1.1" 200 28805 "https://capalaba.aussieseafoodhouse.com.au/product/prawn-cutlets/" "Mozilla/5.0 (compatible; Baiduspider-render/2.0; +http://www.baidu.com/search/spider.html)"
116.179.37.181 - - [13/Jun/2026:23:01:32 +1000] "POST /?wc-ajax=get_refreshed_fragments HTTP/1.1" 200 161 "https://capalaba.aussieseafoodhouse.com.au/product/prawn-cutlets/" "Mozilla/5.0 (compatible; Baiduspider-render/2.0; +http://www.baidu.com/search/spider.html)"
116.179.37.12 - - [13/Jun/2026:23:01:31 +1000] "GET /wp-content/uploads/sites/8/2016/11/Prawn-Cutlets-Crumbed-15-tray-6x6.jpg HTTP/1.1" 200 373079 "https://capalaba.aussieseafoodhouse.com.au/product/prawn-cutlets/" "Mozilla/5.0 (compatible; Baiduspider-render/2.0; +http://www.baidu.com/search/spider.html)"
2001:8003:63eb:cc00:24fa:f9e1:65a7:bcb3 - - [13/Jun/2026:23:01:35 +1000] "GET /shop/page/12/ HTTP/1.1" 200 12457 "https://capalaba.aussieseafoodhouse.com.au/shop/page/11/" "Mozilla/5.0 (iPhone; CPU iPhone OS 18_7 like Mac OS X) AppleWebKit/605.1.15 (KHTML, like Gecko) Version/26.5 Mobile/15E148 Safari/604.1"
52.167.144.171 - - [13/Jun/2026:23:01:38 +1000] "GET /wp-content/uploads/sites/8/2018/03/Marinara-mix-fresh-6x6-Aus.jpg HTTP/1.1" 200 531651 "-" "Mozilla/5.0 AppleWebKit/537.36 (KHTML, like Gecko; compatible; bingbot/2.0; +http://www.bing.com/bingbot.htm) Chrome/116.0.1938.76 Safari/537.36"
2001:8003:63eb:cc00:24fa:f9e1:65a7:bcb3 - - [13/Jun/2026:23:01:46 +1000] "GET /shop/page/13/ HTTP/1.1" 200 12526 "https://capalaba.aussieseafoodhouse.com.au/shop/page/12/" "Mozilla/5.0 (iPhone; CPU iPhone OS 18_7 like Mac OS X) AppleWebKit/605.1.15 (KHTML, like Gecko) Version/26.5 Mobile/15E148 Safari/604.1"
2001:8003:63eb:cc00:24fa:f9e1:65a7:bcb3 - - [13/Jun/2026:23:01:50 +1000] "GET /wp-content/uploads/sites/8/2017/06/Scallops-Fresh-099-6x6-1.jpg HTTP/1.1" 200 227570 "https://capalaba.aussieseafoodhouse.com.au/shop/page/13/" "Mozilla/5.0 (iPhone; CPU iPhone OS 18_7 like Mac OS X) AppleWebKit/605.1.15 (KHTML, like Gecko) Version/26.5 Mobile/15E148 Safari/604.1"
