File manager - Edit - /var/log/apache2/domlogs/aussies6/capalaba.aussieseafoodhouse.com.au-ssl_log
Back
160.22.78.242 - - [13/Jun/2026:22:04:21 +1000] "POST /wp-cron.php?doing_wp_cron=1781352261.6888010501861572265625 HTTP/1.1" 200 - "https://capalaba.aussieseafoodhouse.com.au/wp-cron.php?doing_wp_cron=1781352261.6888010501861572265625" "WordPress/5.5.18; https://capalaba.aussieseafoodhouse.com.au"
107.173.9.84 - - [13/Jun/2026:22:04:19 +1000] "GET /contact-us-2/contact-us/ HTTP/1.1" 200 9600 "-" "Uptime-Kuma/2.0.0-beta.4"
40.77.167.62 - - [13/Jun/2026:22:05:15 +1000] "GET /wp-content/uploads/sites/8/2016/11/seafood-salad-6x6-194x194.jpg HTTP/1.1" 200 14770 "-" "Mozilla/5.0 AppleWebKit/537.36 (KHTML, like Gecko; compatible; bingbot/2.0; +http://www.bing.com/bingbot.htm) Chrome/116.0.1938.76 Safari/537.36"
160.22.78.242 - - [13/Jun/2026:22:05:22 +1000] "POST /wp-cron.php?doing_wp_cron=1781352322.1501219272613525390625 HTTP/1.1" 200 - "https://capalaba.aussieseafoodhouse.com.au/wp-cron.php?doing_wp_cron=1781352322.1501219272613525390625" "WordPress/5.5.18; https://capalaba.aussieseafoodhouse.com.au"
107.173.9.84 - - [13/Jun/2026:22:05:20 +1000] "GET /contact-us-2/contact-us/ HTTP/1.1" 200 9600 "-" "Uptime-Kuma/2.0.0-beta.4"
160.22.78.242 - - [13/Jun/2026:22:06:21 +1000] "POST /wp-cron.php?doing_wp_cron=1781352381.9233479499816894531250 HTTP/1.1" 200 - "https://capalaba.aussieseafoodhouse.com.au/wp-cron.php?doing_wp_cron=1781352381.9233479499816894531250" "WordPress/5.5.18; https://capalaba.aussieseafoodhouse.com.au"
107.173.9.84 - - [13/Jun/2026:22:06:20 +1000] "GET /contact-us-2/contact-us/ HTTP/1.1" 200 9600 "-" "Uptime-Kuma/2.0.0-beta.4"
3.230.69.161 - - [13/Jun/2026:22:06:22 +1000] "GET /wp-json/wp/v2/media/6824 HTTP/1.1" 200 1908 "-" "Mozilla/5.0 AppleWebKit/537.36 (KHTML, like Gecko; compatible; Amazonbot/0.1; +https://developer.amazon.com/support/amazonbot) Chrome/119.0.6045.214 Safari/537.36"
54.197.114.76 - - [13/Jun/2026:22:06:38 +1000] "GET /wp-json/oembed/1.0/embed?url=https://capalaba.aussieseafoodhouse.com.au/product/whole-shell-q-l-d-sea-scallops/ HTTP/1.1" 200 1307 "-" "Mozilla/5.0 AppleWebKit/537.36 (KHTML, like Gecko; compatible; Amazonbot/0.1; +https://developer.amazon.com/support/amazonbot) Chrome/119.0.6045.214 Safari/537.36"
52.6.5.24 - - [13/Jun/2026:22:06:50 +1000] "GET /wp-json/oembed/1.0/embed?format=xml&url=https://capalaba.aussieseafoodhouse.com.au/grunter-bream/ HTTP/1.1" 200 1255 "-" "Mozilla/5.0 AppleWebKit/537.36 (KHTML, like Gecko; compatible; Amazonbot/0.1; +https://developer.amazon.com/support/amazonbot) Chrome/119.0.6045.214 Safari/537.36"
62.84.186.183 - - [13/Jun/2026:22:06:51 +1000] "GET /wp-login.php HTTP/1.1" 200 2177 "-" "Mozilla/5.0 (Macintosh; Intel Mac OS X 11_7_10) AppleWebKit/537.36 (KHTML, like Gecko) Chrome/133.0.0.0 Safari/537.36"
62.84.186.183 - - [13/Jun/2026:22:06:57 +1000] "POST /wp-login.php HTTP/1.1" 503 7074 "https://capalaba.aussieseafoodhouse.com.au/wp-login.php" "Mozilla/5.0 (Macintosh; Intel Mac OS X 11_7_10) AppleWebKit/537.36 (KHTML, like Gecko) Chrome/133.0.0.0 Safari/537.36"
107.173.9.84 - - [13/Jun/2026:22:07:20 +1000] "GET /contact-us-2/contact-us/ HTTP/1.1" 200 9600 "-" "Uptime-Kuma/2.0.0-beta.4"
160.22.78.242 - - [13/Jun/2026:22:08:22 +1000] "POST /wp-cron.php?doing_wp_cron=1781352502.0140039920806884765625 HTTP/1.1" 200 - "https://capalaba.aussieseafoodhouse.com.au/wp-cron.php?doing_wp_cron=1781352502.0140039920806884765625" "WordPress/5.5.18; https://capalaba.aussieseafoodhouse.com.au"
107.173.9.84 - - [13/Jun/2026:22:08:20 +1000] "GET /contact-us-2/contact-us/ HTTP/1.1" 200 9600 "-" "Uptime-Kuma/2.0.0-beta.4"
18.209.201.119 - - [13/Jun/2026:22:09:03 +1000] "GET /prawn-salsa-6x6/ HTTP/1.1" 200 10061 "-" "Mozilla/5.0 AppleWebKit/537.36 (KHTML, like Gecko; compatible; Amazonbot/0.1; +https://developer.amazon.com/support/amazonbot) Chrome/119.0.6045.214 Safari/537.36"
23.21.179.27 - - [13/Jun/2026:22:09:06 +1000] "GET /shrimp-pasta-primavera-11/ HTTP/1.1" 200 10121 "-" "Mozilla/5.0 AppleWebKit/537.36 (KHTML, like Gecko; compatible; Amazonbot/0.1; +https://developer.amazon.com/support/amazonbot) Chrome/119.0.6045.214 Safari/537.36"
44.193.115.232 - - [13/Jun/2026:22:09:10 +1000] "GET /salmon-smoked-whishy-sides-001-aus-6x6-19-99-kg-xmas-special/ HTTP/1.1" 200 10228 "-" "Mozilla/5.0 AppleWebKit/537.36 (KHTML, like Gecko; compatible; Amazonbot/0.1; +https://developer.amazon.com/support/amazonbot) Chrome/119.0.6045.214 Safari/537.36"
107.173.9.84 - - [13/Jun/2026:22:09:20 +1000] "GET /contact-us-2/contact-us/ HTTP/1.1" 200 9600 "-" "Uptime-Kuma/2.0.0-beta.4"
160.22.78.242 - - [13/Jun/2026:22:10:22 +1000] "POST /wp-cron.php?doing_wp_cron=1781352622.0934081077575683593750 HTTP/1.1" 200 - "https://capalaba.aussieseafoodhouse.com.au/wp-cron.php?doing_wp_cron=1781352622.0934081077575683593750" "WordPress/5.5.18; https://capalaba.aussieseafoodhouse.com.au"
107.173.9.84 - - [13/Jun/2026:22:10:20 +1000] "GET /contact-us-2/contact-us/ HTTP/1.1" 200 9600 "-" "Uptime-Kuma/2.0.0-beta.4"
52.167.144.175 - - [13/Jun/2026:22:10:36 +1000] "GET /wp-content/uploads/sites/8/2019/05/lasagne-fish-6x6-300x300.jpg HTTP/1.1" 200 20855 "-" "Mozilla/5.0 AppleWebKit/537.36 (KHTML, like Gecko; compatible; bingbot/2.0; +http://www.bing.com/bingbot.htm) Chrome/116.0.1938.76 Safari/537.36"
160.22.78.242 - - [13/Jun/2026:22:11:21 +1000] "POST /wp-cron.php?doing_wp_cron=1781352681.9396400451660156250000 HTTP/1.1" 200 - "https://capalaba.aussieseafoodhouse.com.au/wp-cron.php?doing_wp_cron=1781352681.9396400451660156250000" "WordPress/5.5.18; https://capalaba.aussieseafoodhouse.com.au"
107.173.9.84 - - [13/Jun/2026:22:11:20 +1000] "GET /contact-us-2/contact-us/ HTTP/1.1" 200 9600 "-" "Uptime-Kuma/2.0.0-beta.4"
160.22.78.242 - - [13/Jun/2026:22:12:21 +1000] "POST /wp-cron.php?doing_wp_cron=1781352741.8421049118041992187500 HTTP/1.1" 200 - "https://capalaba.aussieseafoodhouse.com.au/wp-cron.php?doing_wp_cron=1781352741.8421049118041992187500" "WordPress/5.5.18; https://capalaba.aussieseafoodhouse.com.au"
107.173.9.84 - - [13/Jun/2026:22:12:20 +1000] "GET /contact-us-2/contact-us/ HTTP/1.1" 200 9600 "-" "Uptime-Kuma/2.0.0-beta.4"
160.22.78.242 - - [13/Jun/2026:22:13:21 +1000] "POST /wp-cron.php?doing_wp_cron=1781352801.9271988868713378906250 HTTP/1.1" 200 - "https://capalaba.aussieseafoodhouse.com.au/wp-cron.php?doing_wp_cron=1781352801.9271988868713378906250" "WordPress/5.5.18; https://capalaba.aussieseafoodhouse.com.au"
107.173.9.84 - - [13/Jun/2026:22:13:20 +1000] "GET /contact-us-2/contact-us/ HTTP/1.1" 200 9600 "-" "Uptime-Kuma/2.0.0-beta.4"
149.28.167.253 - - [13/Jun/2026:22:13:53 +1000] "GET /wp-login.php HTTP/1.1" 200 2177 "-" "Mozilla/5.0 (Macintosh; Intel Mac OS X 10_15_7) AppleWebKit/605.1.15 (KHTML, like Gecko) Version/18.3 Safari/605.1.15"
149.28.167.253 - - [13/Jun/2026:22:13:57 +1000] "POST /wp-login.php HTTP/1.1" 503 7074 "https://capalaba.aussieseafoodhouse.com.au/wp-login.php" "Mozilla/5.0 (Macintosh; Intel Mac OS X 10_15_7) AppleWebKit/605.1.15 (KHTML, like Gecko) Version/18.3 Safari/605.1.15"
107.173.9.84 - - [13/Jun/2026:22:14:20 +1000] "GET /contact-us-2/contact-us/ HTTP/1.1" 200 9600 "-" "Uptime-Kuma/2.0.0-beta.4"
167.148.117.229 - - [13/Jun/2026:22:14:55 +1000] "GET /wp-content/uploads/sites/8/2017/06/Whiting-Freshly-Crumbed-6x6-ash.jpg HTTP/1.1" 200 348360 "https://capalaba.aussieseafoodhouse.com.au/" "Mozilla/5.0 (Windows NT 10.0; Win64; x64) AppleWebKit/537.36 (KHTML, like Gecko) Chrome/133.0.0.0 Safari/537.36"
160.22.78.242 - - [13/Jun/2026:22:15:19 +1000] "POST /wp-cron.php?doing_wp_cron=1781352919.5235149860382080078125 HTTP/1.1" 200 - "https://capalaba.aussieseafoodhouse.com.au/wp-cron.php?doing_wp_cron=1781352919.5235149860382080078125" "WordPress/5.5.18; https://capalaba.aussieseafoodhouse.com.au"
160.22.78.242 - - [13/Jun/2026:22:15:19 +1000] "POST /wp-cron.php?doing_wp_cron=1781352919.5234770774841308593750 HTTP/1.1" 200 - "https://capalaba.aussieseafoodhouse.com.au/wp-cron.php?doing_wp_cron=1781352919.5234770774841308593750" "WordPress/5.5.18; https://capalaba.aussieseafoodhouse.com.au"
40.77.178.223 - - [13/Jun/2026:22:15:17 +1000] "POST /?wc-ajax=get_refreshed_fragments HTTP/1.1" 200 161 "https://capalaba.aussieseafoodhouse.com.au/shop/page/4/" "Mozilla/5.0 AppleWebKit/537.36 (KHTML, like Gecko; compatible; bingbot/2.0; +http://www.bing.com/bingbot.htm) Chrome/136.0.0.0 Safari/537.36"
138.246.253.24 - - [13/Jun/2026:22:15:18 +1000] "GET /robots.txt HTTP/1.1" 200 125 "-" "Mozilla/5.0 (Windows NT 10.0; Win64; x64) AppleWebKit/537.36 (KHTML, like Gecko) Chrome/103.0.5060.134 Safari/537.36"
107.173.9.84 - - [13/Jun/2026:22:15:20 +1000] "GET /contact-us-2/contact-us/ HTTP/1.1" 200 9600 "-" "Uptime-Kuma/2.0.0-beta.4"
160.22.78.242 - - [13/Jun/2026:22:15:43 +1000] "POST /wp-cron.php?doing_wp_cron=1781352943.2514050006866455078125 HTTP/1.1" 200 - "https://capalaba.aussieseafoodhouse.com.au/wp-cron.php?doing_wp_cron=1781352943.2514050006866455078125" "WordPress/5.5.18; https://capalaba.aussieseafoodhouse.com.au"
34.234.197.175 - - [13/Jun/2026:22:15:43 +1000] "GET /wp-json/oembed/1.0/embed?format=xml&url=https://capalaba.aussieseafoodhouse.com.au/fish-crumbed-done-in-air-fryer-crunchy-2-6x6-2/ HTTP/1.1" 200 1332 "-" "Mozilla/5.0 AppleWebKit/537.36 (KHTML, like Gecko; compatible; Amazonbot/0.1; +https://developer.amazon.com/support/amazonbot) Chrome/119.0.6045.214 Safari/537.36"
18.205.91.101 - - [13/Jun/2026:22:15:47 +1000] "GET /product/mini-dagwood-dogs-5-for-5-99/ HTTP/1.1" 200 14048 "-" "Mozilla/5.0 AppleWebKit/537.36 (KHTML, like Gecko; compatible; Amazonbot/0.1; +https://developer.amazon.com/support/amazonbot) Chrome/119.0.6045.214 Safari/537.36"
43.173.174.36 - - [13/Jun/2026:22:15:57 +1000] "GET /wp-json/wp/v2/media/6409 HTTP/1.1" 200 1851 "-" "Mozilla/5.0 (Windows NT 10.0; Win64; x64) AppleWebKit/537.36 (KHTML, like Gecko) Chrome/104.0.5112.81 Safari/537.36"
107.173.9.84 - - [13/Jun/2026:22:16:20 +1000] "GET /contact-us-2/contact-us/ HTTP/1.1" 200 9600 "-" "Uptime-Kuma/2.0.0-beta.4"
160.22.78.242 - - [13/Jun/2026:22:17:22 +1000] "POST /wp-cron.php?doing_wp_cron=1781353042.0324280261993408203125 HTTP/1.1" 200 - "https://capalaba.aussieseafoodhouse.com.au/wp-cron.php?doing_wp_cron=1781353042.0324280261993408203125" "WordPress/5.5.18; https://capalaba.aussieseafoodhouse.com.au"
107.173.9.84 - - [13/Jun/2026:22:17:20 +1000] "GET /contact-us-2/contact-us/ HTTP/1.1" 200 9600 "-" "Uptime-Kuma/2.0.0-beta.4"
192.178.8.97 - - [13/Jun/2026:22:17:35 +1000] "GET /.well-known/traffic-advice HTTP/1.1" 404 9180 "-" "Chrome Privacy Preserving Prefetch Proxy"
2001:4860:7:801::fc - - [13/Jun/2026:22:17:38 +1000] "GET / HTTP/1.1" 200 10049 "https://www.google.com/" "Mozilla/5.0 (Linux; Android 10; K) AppleWebKit/537.36 (KHTML, like Gecko) Chrome/149.0.0.0 Mobile Safari/537.36"
17.246.19.73 - - [13/Jun/2026:22:17:45 +1000] "GET /product/featherback-fish-meat/ HTTP/1.1" 404 9180 "-" "Mozilla/5.0 (Macintosh; Intel Mac OS X 10_15_7) AppleWebKit/605.1.15 (KHTML, like Gecko) Version/17.4 Safari/605.1.15 (Applebot/0.1; +http://www.apple.com/go/applebot)"
107.173.9.84 - - [13/Jun/2026:22:18:20 +1000] "GET /contact-us-2/contact-us/ HTTP/1.1" 200 9600 "-" "Uptime-Kuma/2.0.0-beta.4"
160.22.78.242 - - [13/Jun/2026:22:19:22 +1000] "POST /wp-cron.php?doing_wp_cron=1781353162.5858669281005859375000 HTTP/1.1" 200 - "https://capalaba.aussieseafoodhouse.com.au/wp-cron.php?doing_wp_cron=1781353162.5858669281005859375000" "WordPress/5.5.18; https://capalaba.aussieseafoodhouse.com.au"
107.173.9.84 - - [13/Jun/2026:22:19:20 +1000] "GET /contact-us-2/contact-us/ HTTP/1.1" 200 9600 "-" "Uptime-Kuma/2.0.0-beta.4"
160.22.78.242 - - [13/Jun/2026:22:20:22 +1000] "POST /wp-cron.php?doing_wp_cron=1781353222.2439000606536865234375 HTTP/1.1" 200 - "https://capalaba.aussieseafoodhouse.com.au/wp-cron.php?doing_wp_cron=1781353222.2439000606536865234375" "WordPress/5.5.18; https://capalaba.aussieseafoodhouse.com.au"
107.173.9.84 - - [13/Jun/2026:22:20:20 +1000] "GET /contact-us-2/contact-us/ HTTP/1.1" 200 9600 "-" "Uptime-Kuma/2.0.0-beta.4"
160.22.78.242 - - [13/Jun/2026:22:21:22 +1000] "POST /wp-cron.php?doing_wp_cron=1781353282.1841609477996826171875 HTTP/1.1" 200 - "https://capalaba.aussieseafoodhouse.com.au/wp-cron.php?doing_wp_cron=1781353282.1841609477996826171875" "WordPress/5.5.18; https://capalaba.aussieseafoodhouse.com.au"
107.173.9.84 - - [13/Jun/2026:22:21:20 +1000] "GET /contact-us-2/contact-us/ HTTP/1.1" 200 9600 "-" "Uptime-Kuma/2.0.0-beta.4"
66.249.69.10 - - [13/Jun/2026:22:21:23 +1000] "GET /product/new-zealand-green-lip-mussels/ HTTP/1.1" 200 13461 "-" "Mozilla/5.0 (Linux; Android 6.0.1; Nexus 5X Build/MMB29P) AppleWebKit/537.36 (KHTML, like Gecko) Chrome/148.0.7778.96 Mobile Safari/537.36 (compatible; Googlebot/2.1; +http://www.google.com/bot.html)"
54.197.102.71 - - [13/Jun/2026:22:21:42 +1000] "GET /wp-json/wp/v2/media/3323 HTTP/1.1" 200 1802 "-" "Mozilla/5.0 AppleWebKit/537.36 (KHTML, like Gecko; compatible; Amazonbot/0.1; +https://developer.amazon.com/support/amazonbot) Chrome/119.0.6045.214 Safari/537.36"
107.173.9.84 - - [13/Jun/2026:22:22:20 +1000] "GET /contact-us-2/contact-us/ HTTP/1.1" 200 9600 "-" "Uptime-Kuma/2.0.0-beta.4"
177.125.57.149 - - [13/Jun/2026:22:23:18 +1000] "GET / HTTP/1.1" 200 10049 "-" "Mozilla/5.0 (Linux; Android 8.0; Pixel 2 Build/OPD3.170816.012) AppleWebKit/537.36 (KHTML, like Gecko) Chrome/40.0.7430.1279 Mobile Safari/537.36"
107.173.9.84 - - [13/Jun/2026:22:23:23 +1000] "GET /contact-us-2/contact-us/ HTTP/1.1" 200 9600 "-" "Uptime-Kuma/2.0.0-beta.4"
160.22.78.242 - - [13/Jun/2026:22:23:23 +1000] "POST /wp-cron.php?doing_wp_cron=1781353400.5127050876617431640625 HTTP/1.1" 200 - "https://capalaba.aussieseafoodhouse.com.au/wp-cron.php?doing_wp_cron=1781353400.5127050876617431640625" "WordPress/5.5.18; https://capalaba.aussieseafoodhouse.com.au"
185.99.28.98 - - [13/Jun/2026:22:23:26 +1000] "POST /?wc-ajax=get_refreshed_fragments HTTP/1.1" 200 161 "https://capalaba.aussieseafoodhouse.com.au/" "Mozilla/5.0 (Macintosh; Intel Mac OS X 10_13_0) AppleWebKit/537.36 (KHTML, like Gecko) Chrome/43.0.3150.1833 Safari/537.36"
185.99.28.98 - - [13/Jun/2026:22:23:26 +1000] "GET /wp-content/uploads/sites/8/2017/07/MUD1Q.jpg HTTP/1.1" 200 308688 "https://capalaba.aussieseafoodhouse.com.au/" "Mozilla/5.0 (Macintosh; Intel Mac OS X 10_13_0) AppleWebKit/537.36 (KHTML, like Gecko) Chrome/43.0.3150.1833 Safari/537.36"
185.99.28.98 - - [13/Jun/2026:22:23:28 +1000] "GET /wp-content/uploads/sites/8/2017/07/MUD1Q.jpg HTTP/1.1" 200 308688 "https://capalaba.aussieseafoodhouse.com.au/" "Mozilla/5.0 (Macintosh; Intel Mac OS X 10_13_0) AppleWebKit/537.36 (KHTML, like Gecko) Chrome/43.0.3150.1833 Safari/537.36"
2600:1900:4020:5ea:0:cb:: - - [13/Jun/2026:22:23:46 +1000] "GET /product-category/shop/ HTTP/1.1" 301 - "-" "Mozilla/5.0 (Linux; Android 8.1.0; Moto G (4)) AppleWebKit/537.36 (KHTML, like Gecko) Chrome/149.0.0.0 Mobile Safari/537.36 PTST/260602.124101"
2600:1900:4020:5ea:0:cb:: - - [13/Jun/2026:22:23:47 +1000] "GET /shop/ HTTP/1.1" 200 13614 "-" "Mozilla/5.0 (Linux; Android 8.1.0; Moto G (4)) AppleWebKit/537.36 (KHTML, like Gecko) Chrome/149.0.0.0 Mobile Safari/537.36 PTST/260602.124101"
2600:1900:4020:5ea:0:cb:: - - [13/Jun/2026:22:23:48 +1000] "GET /wp-content/themes/vantage/js/jquery.flexslider.min.js?ver=2.1 HTTP/1.1" 200 6232 "https://capalaba.aussieseafoodhouse.com.au/shop/" "Mozilla/5.0 (Linux; Android 8.1.0; Moto G (4)) AppleWebKit/537.36 (KHTML, like Gecko) Chrome/149.0.0.0 Mobile Safari/537.36 PTST/260602.124101"
2600:1900:4020:5ea:0:cb:: - - [13/Jun/2026:22:23:48 +1000] "GET /wp-content/uploads/sites/8/2019/08/Seafood-Fresh-click-to-shop-now-6x6.jpg HTTP/1.1" 200 555243 "https://capalaba.aussieseafoodhouse.com.au/shop/" "Mozilla/5.0 (Linux; Android 8.1.0; Moto G (4)) AppleWebKit/537.36 (KHTML, like Gecko) Chrome/149.0.0.0 Mobile Safari/537.36 PTST/260602.124101"
2600:1900:4020:5ea:0:cb:: - - [13/Jun/2026:22:23:48 +1000] "GET /wp-content/uploads/sites/8/2019/08/recipes-click-to-view-6x6.jpg HTTP/1.1" 200 421565 "https://capalaba.aussieseafoodhouse.com.au/shop/" "Mozilla/5.0 (Linux; Android 8.1.0; Moto G (4)) AppleWebKit/537.36 (KHTML, like Gecko) Chrome/149.0.0.0 Mobile Safari/537.36 PTST/260602.124101"
2600:1900:4020:5ea:0:cb:: - - [13/Jun/2026:22:23:49 +1000] "GET /wp-content/themes/vantage/fontawesome/fonts/fontawesome-webfont.woff2?v=4.7.0 HTTP/1.1" 200 77162 "https://capalaba.aussieseafoodhouse.com.au/wp-content/themes/vantage/fontawesome/css/font-awesome.css?ver=4.6.2" "Mozilla/5.0 (Linux; Android 8.1.0; Moto G (4)) AppleWebKit/537.36 (KHTML, like Gecko) Chrome/149.0.0.0 Mobile Safari/537.36 PTST/260602.124101"
2600:1900:4020:5ea:0:cb:: - - [13/Jun/2026:22:23:49 +1000] "GET /wp-content/uploads/sites/8/2020/11/Capture-300x300.jpg HTTP/1.1" 200 11937 "https://capalaba.aussieseafoodhouse.com.au/shop/" "Mozilla/5.0 (Linux; Android 8.1.0; Moto G (4)) AppleWebKit/537.36 (KHTML, like Gecko) Chrome/149.0.0.0 Mobile Safari/537.36 PTST/260602.124101"
2600:1900:4020:5ea:0:cb:: - - [13/Jun/2026:22:23:49 +1000] "GET /wp-content/uploads/sites/8/2019/08/Fish-fillets-click-to-view-6x6.jpg HTTP/1.1" 200 257403 "https://capalaba.aussieseafoodhouse.com.au/shop/" "Mozilla/5.0 (Linux; Android 8.1.0; Moto G (4)) AppleWebKit/537.36 (KHTML, like Gecko) Chrome/149.0.0.0 Mobile Safari/537.36 PTST/260602.124101"
2600:1900:4020:5ea:0:cb:: - - [13/Jun/2026:22:23:49 +1000] "GET /wp-content/uploads/sites/8/2024/04/Mussels-oysters-shellfish-clicki-to-view-6x6-1.jpg HTTP/1.1" 200 238348 "https://capalaba.aussieseafoodhouse.com.au/shop/" "Mozilla/5.0 (Linux; Android 8.1.0; Moto G (4)) AppleWebKit/537.36 (KHTML, like Gecko) Chrome/149.0.0.0 Mobile Safari/537.36 PTST/260602.124101"
2600:1900:4020:5ea:0:cb:: - - [13/Jun/2026:22:23:49 +1000] "POST /?wc-ajax=get_refreshed_fragments HTTP/1.1" 200 161 "https://capalaba.aussieseafoodhouse.com.au/shop/" "Mozilla/5.0 (Linux; Android 8.1.0; Moto G (4)) AppleWebKit/537.36 (KHTML, like Gecko) Chrome/149.0.0.0 Mobile Safari/537.36 PTST/260602.124101"
2600:1900:4020:5ea:0:cb:: - - [13/Jun/2026:22:23:49 +1000] "GET /wp-content/uploads/sites/8/2019/08/Whole-Fish-click-to-view-3-6x6.jpg HTTP/1.1" 200 494020 "https://capalaba.aussieseafoodhouse.com.au/shop/" "Mozilla/5.0 (Linux; Android 8.1.0; Moto G (4)) AppleWebKit/537.36 (KHTML, like Gecko) Chrome/149.0.0.0 Mobile Safari/537.36 PTST/260602.124101"
2600:1900:4020:5ea:0:cb:: - - [13/Jun/2026:22:23:49 +1000] "GET /wp-content/uploads/sites/8/2019/08/Fish-Chips-shop-Now.jpg HTTP/1.1" 200 316306 "https://capalaba.aussieseafoodhouse.com.au/shop/" "Mozilla/5.0 (Linux; Android 8.1.0; Moto G (4)) AppleWebKit/537.36 (KHTML, like Gecko) Chrome/149.0.0.0 Mobile Safari/537.36 PTST/260602.124101"
2600:1900:4020:5ea:0:cb:: - - [13/Jun/2026:22:23:49 +1000] "GET /wp-content/uploads/sites/8/2019/08/Whitebait-click-to-view-6x6.jpg HTTP/1.1" 200 342267 "https://capalaba.aussieseafoodhouse.com.au/shop/" "Mozilla/5.0 (Linux; Android 8.1.0; Moto G (4)) AppleWebKit/537.36 (KHTML, like Gecko) Chrome/149.0.0.0 Mobile Safari/537.36 PTST/260602.124101"
2600:1900:4020:5ea:0:cb:: - - [13/Jun/2026:22:23:49 +1000] "GET /wp-content/uploads/sites/8/2019/08/Salmon-everything-click-to-view-6x6.jpg HTTP/1.1" 200 383479 "https://capalaba.aussieseafoodhouse.com.au/shop/" "Mozilla/5.0 (Linux; Android 8.1.0; Moto G (4)) AppleWebKit/537.36 (KHTML, like Gecko) Chrome/149.0.0.0 Mobile Safari/537.36 PTST/260602.124101"
2600:1900:4020:5ea:0:cb:: - - [13/Jun/2026:22:23:49 +1000] "GET /wp-content/uploads/sites/8/2021/02/Prawns-click-to-view-2-6x6-1.jpg HTTP/1.1" 200 499950 "https://capalaba.aussieseafoodhouse.com.au/shop/" "Mozilla/5.0 (Linux; Android 8.1.0; Moto G (4)) AppleWebKit/537.36 (KHTML, like Gecko) Chrome/149.0.0.0 Mobile Safari/537.36 PTST/260602.124101"
2600:1900:4020:5ea:0:cb:: - - [13/Jun/2026:22:23:49 +1000] "GET /wp-content/uploads/sites/8/2019/08/Entertaining-click-to-view-6x6.jpg HTTP/1.1" 200 366984 "https://capalaba.aussieseafoodhouse.com.au/shop/" "Mozilla/5.0 (Linux; Android 8.1.0; Moto G (4)) AppleWebKit/537.36 (KHTML, like Gecko) Chrome/149.0.0.0 Mobile Safari/537.36 PTST/260602.124101"
2600:1900:4020:5ea:0:cb:: - - [13/Jun/2026:22:23:49 +1000] "GET /wp-content/uploads/sites/8/2019/08/Sauces-click-to-view-6x6.jpg HTTP/1.1" 200 440080 "https://capalaba.aussieseafoodhouse.com.au/shop/" "Mozilla/5.0 (Linux; Android 8.1.0; Moto G (4)) AppleWebKit/537.36 (KHTML, like Gecko) Chrome/149.0.0.0 Mobile Safari/537.36 PTST/260602.124101"
2600:1900:4020:5ea:0:cb:: - - [13/Jun/2026:22:24:11 +1000] "GET /sellers.json HTTP/1.1" 404 8444 "https://capalaba.aussieseafoodhouse.com.au/shop/" "Mozilla/5.0 (Linux; Android 8.1.0; Moto G (4)) AppleWebKit/537.36 (KHTML, like Gecko) Chrome/149.0.0.0 Mobile Safari/537.36 PTST/260602.124101"
2600:1900:4020:5ea:0:cb:: - - [13/Jun/2026:22:24:11 +1000] "GET /ads.txt HTTP/1.1" 404 8444 "https://capalaba.aussieseafoodhouse.com.au/shop/" "Mozilla/5.0 (Linux; Android 8.1.0; Moto G (4)) AppleWebKit/537.36 (KHTML, like Gecko) Chrome/149.0.0.0 Mobile Safari/537.36 PTST/260602.124101"
2600:1900:4020:5ea:0:cb:: - - [13/Jun/2026:22:24:11 +1000] "GET /app-ads.txt HTTP/1.1" 404 8444 "https://capalaba.aussieseafoodhouse.com.au/shop/" "Mozilla/5.0 (Linux; Android 8.1.0; Moto G (4)) AppleWebKit/537.36 (KHTML, like Gecko) Chrome/149.0.0.0 Mobile Safari/537.36 PTST/260602.124101"
2600:1900:4020:5ea:0:cb:: - - [13/Jun/2026:22:24:13 +1000] "GET /.well-known/apple-app-site-association HTTP/1.1" 404 8444 "https://capalaba.aussieseafoodhouse.com.au/shop/" "Mozilla/5.0 (Linux; Android 8.1.0; Moto G (4)) AppleWebKit/537.36 (KHTML, like Gecko) Chrome/149.0.0.0 Mobile Safari/537.36 PTST/260602.124101"
2600:1900:4020:5ea:0:cb:: - - [13/Jun/2026:22:24:13 +1000] "GET /.well-known/assetlinks.json HTTP/1.1" 404 8444 "https://capalaba.aussieseafoodhouse.com.au/shop/" "Mozilla/5.0 (Linux; Android 8.1.0; Moto G (4)) AppleWebKit/537.36 (KHTML, like Gecko) Chrome/149.0.0.0 Mobile Safari/537.36 PTST/260602.124101"
107.173.9.84 - - [13/Jun/2026:22:24:20 +1000] "GET /contact-us-2/contact-us/ HTTP/1.1" 200 9600 "-" "Uptime-Kuma/2.0.0-beta.4"
160.22.78.242 - - [13/Jun/2026:22:24:21 +1000] "POST /wp-cron.php?doing_wp_cron=1781353461.7404890060424804687500 HTTP/1.1" 200 - "https://capalaba.aussieseafoodhouse.com.au/wp-cron.php?doing_wp_cron=1781353461.7404890060424804687500" "WordPress/5.5.18; https://capalaba.aussieseafoodhouse.com.au"
2600:1900:4020:5ea:0:cb:: - - [13/Jun/2026:22:24:21 +1000] "GET /llms.txt HTTP/1.1" 404 8444 "https://capalaba.aussieseafoodhouse.com.au/shop/" "Mozilla/5.0 (Linux; Android 8.1.0; Moto G (4)) AppleWebKit/537.36 (KHTML, like Gecko) Chrome/149.0.0.0 Mobile Safari/537.36 PTST/260602.124101"
17.246.15.114 - - [13/Jun/2026:22:24:29 +1000] "POST /?wc-ajax=get_refreshed_fragments HTTP/1.1" 200 161 "https://capalaba.aussieseafoodhouse.com.au/product/featherback-fish-meat/" "Mozilla/5.0 (Macintosh; Intel Mac OS X 10_15_7) AppleWebKit/605.1.15 (KHTML, like Gecko) Version/17.4 Safari/605.1.15 (Applebot/0.1; +http://www.apple.com/go/applebot)"
96.0.73.164 - - [13/Jun/2026:22:24:29 +1000] "GET / HTTP/1.1" 200 11380 "https://www.google.com/" "Mozilla/5.0 (Windows NT 10.0; Win64; x64) AppleWebKit/537.36 (KHTML, like Gecko) Chrome/149.0.0.0 Safari/537.36 Edg/149.0.0.0"
96.0.73.164 - - [13/Jun/2026:22:24:31 +1000] "GET /wp-content/plugins/custom-share-buttons-with-floating-sidebar/css/csbwfs.css?ver=5.5.18 HTTP/1.1" 200 1555 "https://capalaba.aussieseafoodhouse.com.au/" "Mozilla/5.0 (Windows NT 10.0; Win64; x64) AppleWebKit/537.36 (KHTML, like Gecko) Chrome/149.0.0.0 Safari/537.36 Edg/149.0.0.0"
96.0.73.164 - - [13/Jun/2026:22:24:31 +1000] "GET /wp-content/plugins/siteorigin-premium/addons/theme/ajax-comments/js/ajax-comments.min.js?ver=1.0.3 HTTP/1.1" 200 398 "https://capalaba.aussieseafoodhouse.com.au/" "Mozilla/5.0 (Windows NT 10.0; Win64; x64) AppleWebKit/537.36 (KHTML, like Gecko) Chrome/149.0.0.0 Safari/537.36 Edg/149.0.0.0"
96.0.73.164 - - [13/Jun/2026:22:24:31 +1000] "GET /wp-content/uploads/sites/8/2019/08/Seafood-Fresh-click-to-shop-now-6x6-300x300.jpg HTTP/1.1" 200 38020 "https://capalaba.aussieseafoodhouse.com.au/" "Mozilla/5.0 (Windows NT 10.0; Win64; x64) AppleWebKit/537.36 (KHTML, like Gecko) Chrome/149.0.0.0 Safari/537.36 Edg/149.0.0.0"
96.0.73.164 - - [13/Jun/2026:22:24:31 +1000] "GET /wp-content/uploads/sites/8/2019/08/recipes-click-to-view-6x6-300x300.jpg HTTP/1.1" 200 32899 "https://capalaba.aussieseafoodhouse.com.au/" "Mozilla/5.0 (Windows NT 10.0; Win64; x64) AppleWebKit/537.36 (KHTML, like Gecko) Chrome/149.0.0.0 Safari/537.36 Edg/149.0.0.0"
96.0.73.164 - - [13/Jun/2026:22:24:31 +1000] "GET /wp-content/plugins/custom-share-buttons-with-floating-sidebar/images/hide-r.png HTTP/1.1" 200 2424 "https://capalaba.aussieseafoodhouse.com.au/" "Mozilla/5.0 (Windows NT 10.0; Win64; x64) AppleWebKit/537.36 (KHTML, like Gecko) Chrome/149.0.0.0 Safari/537.36 Edg/149.0.0.0"
96.0.73.164 - - [13/Jun/2026:22:24:32 +1000] "GET /wp-content/uploads/sites/8/2019/08/Fish-Chips-shop-Now-300x300.jpg HTTP/1.1" 200 22932 "https://capalaba.aussieseafoodhouse.com.au/" "Mozilla/5.0 (Windows NT 10.0; Win64; x64) AppleWebKit/537.36 (KHTML, like Gecko) Chrome/149.0.0.0 Safari/537.36 Edg/149.0.0.0"
96.0.73.164 - - [13/Jun/2026:22:24:32 +1000] "GET /wp-content/uploads/sites/8/2019/08/Whole-Fish-click-to-view-3-6x6-300x300.jpg HTTP/1.1" 200 34305 "https://capalaba.aussieseafoodhouse.com.au/" "Mozilla/5.0 (Windows NT 10.0; Win64; x64) AppleWebKit/537.36 (KHTML, like Gecko) Chrome/149.0.0.0 Safari/537.36 Edg/149.0.0.0"
96.0.73.164 - - [13/Jun/2026:22:24:32 +1000] "GET /wp-content/plugins/ml-slider-pro/modules/layer/assets/animate/animate.css?ver=2.7.1 HTTP/1.1" 200 5223 "https://capalaba.aussieseafoodhouse.com.au/" "Mozilla/5.0 (Windows NT 10.0; Win64; x64) AppleWebKit/537.36 (KHTML, like Gecko) Chrome/149.0.0.0 Safari/537.36 Edg/149.0.0.0"
96.0.73.164 - - [13/Jun/2026:22:24:32 +1000] "GET /wp-content/plugins/ml-slider-pro/assets/public.js?ver=2.7.1 HTTP/1.1" 200 512 "https://capalaba.aussieseafoodhouse.com.au/" "Mozilla/5.0 (Windows NT 10.0; Win64; x64) AppleWebKit/537.36 (KHTML, like Gecko) Chrome/149.0.0.0 Safari/537.36 Edg/149.0.0.0"
96.0.73.164 - - [13/Jun/2026:22:24:32 +1000] "GET /wp-content/plugins/custom-share-buttons-with-floating-sidebar/images/minify-social.png HTTP/1.1" 200 8019 "https://capalaba.aussieseafoodhouse.com.au/wp-content/plugins/custom-share-buttons-with-floating-sidebar/css/csbwfs.css?ver=5.5.18" "Mozilla/5.0 (Windows NT 10.0; Win64; x64) AppleWebKit/537.36 (KHTML, like Gecko) Chrome/149.0.0.0 Safari/537.36 Edg/149.0.0.0"
96.0.73.164 - - [13/Jun/2026:22:24:32 +1000] "GET /wp-content/plugins/custom-share-buttons-with-floating-sidebar/images/show.png HTTP/1.1" 200 1075 "https://capalaba.aussieseafoodhouse.com.au/" "Mozilla/5.0 (Windows NT 10.0; Win64; x64) AppleWebKit/537.36 (KHTML, like Gecko) Chrome/149.0.0.0 Safari/537.36 Edg/149.0.0.0"
96.0.73.164 - - [13/Jun/2026:22:24:32 +1000] "GET /wp-content/uploads/sites/8/2017/07/prawn-slider22363-1.jpg HTTP/1.1" 200 343193 "https://capalaba.aussieseafoodhouse.com.au/" "Mozilla/5.0 (Windows NT 10.0; Win64; x64) AppleWebKit/537.36 (KHTML, like Gecko) Chrome/149.0.0.0 Safari/537.36 Edg/149.0.0.0"
96.0.73.164 - - [13/Jun/2026:22:24:32 +1000] "POST /?wc-ajax=get_refreshed_fragments HTTP/1.1" 200 161 "https://capalaba.aussieseafoodhouse.com.au/" "Mozilla/5.0 (Windows NT 10.0; Win64; x64) AppleWebKit/537.36 (KHTML, like Gecko) Chrome/149.0.0.0 Safari/537.36 Edg/149.0.0.0"
96.0.73.164 - - [13/Jun/2026:22:24:32 +1000] "GET /wp-content/uploads/sites/8/2017/07/MUD1Q.jpg HTTP/1.1" 200 308688 "https://capalaba.aussieseafoodhouse.com.au/" "Mozilla/5.0 (Windows NT 10.0; Win64; x64) AppleWebKit/537.36 (KHTML, like Gecko) Chrome/149.0.0.0 Safari/537.36 Edg/149.0.0.0"
96.0.73.164 - - [13/Jun/2026:22:24:32 +1000] "GET /wp-content/uploads/sites/8/2017/07/sandies6798.jpg HTTP/1.1" 200 433045 "https://capalaba.aussieseafoodhouse.com.au/" "Mozilla/5.0 (Windows NT 10.0; Win64; x64) AppleWebKit/537.36 (KHTML, like Gecko) Chrome/149.0.0.0 Safari/537.36 Edg/149.0.0.0"
96.0.73.164 - - [13/Jun/2026:22:24:32 +1000] "GET /wp-content/uploads/sites/8/2017/07/salmon-222.png HTTP/1.1" 200 554330 "https://capalaba.aussieseafoodhouse.com.au/" "Mozilla/5.0 (Windows NT 10.0; Win64; x64) AppleWebKit/537.36 (KHTML, like Gecko) Chrome/149.0.0.0 Safari/537.36 Edg/149.0.0.0"
2600:1900:4020:5ea:0:cb:: - - [13/Jun/2026:22:24:32 +1000] "GET /dsrdelete.json HTTP/1.1" 404 8444 "https://capalaba.aussieseafoodhouse.com.au/shop/" "Mozilla/5.0 (Linux; Android 8.1.0; Moto G (4)) AppleWebKit/537.36 (KHTML, like Gecko) Chrome/149.0.0.0 Mobile Safari/537.36 PTST/260602.124101"
96.0.73.164 - - [13/Jun/2026:22:24:34 +1000] "GET /shop/ HTTP/1.1" 200 14935 "https://capalaba.aussieseafoodhouse.com.au/" "Mozilla/5.0 (Windows NT 10.0; Win64; x64) AppleWebKit/537.36 (KHTML, like Gecko) Chrome/149.0.0.0 Safari/537.36 Edg/149.0.0.0"
96.0.73.164 - - [13/Jun/2026:22:24:35 +1000] "GET /wp-content/uploads/sites/8/2024/04/Mussels-oysters-shellfish-clicki-to-view-6x6-1-300x300.jpg HTTP/1.1" 200 33210 "https://capalaba.aussieseafoodhouse.com.au/shop/" "Mozilla/5.0 (Windows NT 10.0; Win64; x64) AppleWebKit/537.36 (KHTML, like Gecko) Chrome/149.0.0.0 Safari/537.36 Edg/149.0.0.0"
96.0.73.164 - - [13/Jun/2026:22:24:35 +1000] "GET /wp-content/uploads/sites/8/2019/08/Fish-fillets-click-to-view-6x6-300x300.jpg HTTP/1.1" 200 20592 "https://capalaba.aussieseafoodhouse.com.au/shop/" "Mozilla/5.0 (Windows NT 10.0; Win64; x64) AppleWebKit/537.36 (KHTML, like Gecko) Chrome/149.0.0.0 Safari/537.36 Edg/149.0.0.0"
96.0.73.164 - - [13/Jun/2026:22:24:35 +1000] "GET /wp-content/uploads/sites/8/2020/11/Capture-300x300.jpg HTTP/1.1" 200 11937 "https://capalaba.aussieseafoodhouse.com.au/shop/" "Mozilla/5.0 (Windows NT 10.0; Win64; x64) AppleWebKit/537.36 (KHTML, like Gecko) Chrome/149.0.0.0 Safari/537.36 Edg/149.0.0.0"
96.0.73.164 - - [13/Jun/2026:22:24:35 +1000] "GET /wp-content/uploads/sites/8/2019/08/Whitebait-click-to-view-6x6-300x300.jpg HTTP/1.1" 200 24987 "https://capalaba.aussieseafoodhouse.com.au/shop/" "Mozilla/5.0 (Windows NT 10.0; Win64; x64) AppleWebKit/537.36 (KHTML, like Gecko) Chrome/149.0.0.0 Safari/537.36 Edg/149.0.0.0"
96.0.73.164 - - [13/Jun/2026:22:24:35 +1000] "GET /wp-content/uploads/sites/8/2019/08/Entertaining-click-to-view-6x6-300x300.jpg HTTP/1.1" 200 25414 "https://capalaba.aussieseafoodhouse.com.au/shop/" "Mozilla/5.0 (Windows NT 10.0; Win64; x64) AppleWebKit/537.36 (KHTML, like Gecko) Chrome/149.0.0.0 Safari/537.36 Edg/149.0.0.0"
96.0.73.164 - - [13/Jun/2026:22:24:35 +1000] "GET /wp-content/uploads/sites/8/2019/08/Sauces-click-to-view-6x6-300x300.jpg HTTP/1.1" 200 29274 "https://capalaba.aussieseafoodhouse.com.au/shop/" "Mozilla/5.0 (Windows NT 10.0; Win64; x64) AppleWebKit/537.36 (KHTML, like Gecko) Chrome/149.0.0.0 Safari/537.36 Edg/149.0.0.0"
96.0.73.164 - - [13/Jun/2026:22:24:35 +1000] "GET /wp-content/uploads/sites/8/2019/08/Salmon-everything-click-to-view-6x6-300x300.jpg HTTP/1.1" 200 28638 "https://capalaba.aussieseafoodhouse.com.au/shop/" "Mozilla/5.0 (Windows NT 10.0; Win64; x64) AppleWebKit/537.36 (KHTML, like Gecko) Chrome/149.0.0.0 Safari/537.36 Edg/149.0.0.0"
96.0.73.164 - - [13/Jun/2026:22:24:35 +1000] "GET /wp-content/uploads/sites/8/2019/05/Oven-Baked-fish-6x6-300x300.jpg HTTP/1.1" 200 39198 "https://capalaba.aussieseafoodhouse.com.au/shop/" "Mozilla/5.0 (Windows NT 10.0; Win64; x64) AppleWebKit/537.36 (KHTML, like Gecko) Chrome/149.0.0.0 Safari/537.36 Edg/149.0.0.0"
96.0.73.164 - - [13/Jun/2026:22:24:35 +1000] "GET /wp-content/uploads/sites/8/2021/02/Prawns-click-to-view-2-6x6-1-300x300.jpg HTTP/1.1" 200 32117 "https://capalaba.aussieseafoodhouse.com.au/shop/" "Mozilla/5.0 (Windows NT 10.0; Win64; x64) AppleWebKit/537.36 (KHTML, like Gecko) Chrome/149.0.0.0 Safari/537.36 Edg/149.0.0.0"
96.0.73.164 - - [13/Jun/2026:22:24:35 +1000] "GET /wp-content/uploads/sites/8/2021/01/Banana-Leaf-02-6x6-1-300x300.jpg HTTP/1.1" 200 19414 "https://capalaba.aussieseafoodhouse.com.au/shop/" "Mozilla/5.0 (Windows NT 10.0; Win64; x64) AppleWebKit/537.36 (KHTML, like Gecko) Chrome/149.0.0.0 Safari/537.36 Edg/149.0.0.0"
96.0.73.164 - - [13/Jun/2026:22:24:35 +1000] "GET /wp-content/uploads/sites/8/2020/06/Prawns-Banana-rea-wild-caught-2-3d-300x300.jpg HTTP/1.1" 200 60304 "https://capalaba.aussieseafoodhouse.com.au/shop/" "Mozilla/5.0 (Windows NT 10.0; Win64; x64) AppleWebKit/537.36 (KHTML, like Gecko) Chrome/149.0.0.0 Safari/537.36 Edg/149.0.0.0"
96.0.73.164 - - [13/Jun/2026:22:24:35 +1000] "GET /wp-content/uploads/sites/8/2016/11/banana-cutlet-600.600-300x300.jpg HTTP/1.1" 200 23138 "https://capalaba.aussieseafoodhouse.com.au/shop/" "Mozilla/5.0 (Windows NT 10.0; Win64; x64) AppleWebKit/537.36 (KHTML, like Gecko) Chrome/149.0.0.0 Safari/537.36 Edg/149.0.0.0"
96.0.73.164 - - [13/Jun/2026:22:24:35 +1000] "GET /wp-content/uploads/sites/8/2020/03/Fish-Marinade-6x6-300x300.jpg HTTP/1.1" 200 30751 "https://capalaba.aussieseafoodhouse.com.au/shop/" "Mozilla/5.0 (Windows NT 10.0; Win64; x64) AppleWebKit/537.36 (KHTML, like Gecko) Chrome/149.0.0.0 Safari/537.36 Edg/149.0.0.0"
96.0.73.164 - - [13/Jun/2026:22:24:35 +1000] "GET /wp-content/uploads/sites/8/2016/12/Trout-Rainbow-8-6x6-ASH-300x300.jpg HTTP/1.1" 200 35422 "https://capalaba.aussieseafoodhouse.com.au/shop/" "Mozilla/5.0 (Windows NT 10.0; Win64; x64) AppleWebKit/537.36 (KHTML, like Gecko) Chrome/149.0.0.0 Safari/537.36 Edg/149.0.0.0"
96.0.73.164 - - [13/Jun/2026:22:24:35 +1000] "GET /wp-content/uploads/sites/8/2017/03/Fish-Chips-7-6x6-1-300x300.jpg HTTP/1.1" 200 18346 "https://capalaba.aussieseafoodhouse.com.au/shop/" "Mozilla/5.0 (Windows NT 10.0; Win64; x64) AppleWebKit/537.36 (KHTML, like Gecko) Chrome/149.0.0.0 Safari/537.36 Edg/149.0.0.0"
96.0.73.164 - - [13/Jun/2026:22:24:35 +1000] "GET /wp-content/uploads/sites/8/2016/11/squid-large-922-6x6-aus-300x300.jpg HTTP/1.1" 200 25829 "https://capalaba.aussieseafoodhouse.com.au/shop/" "Mozilla/5.0 (Windows NT 10.0; Win64; x64) AppleWebKit/537.36 (KHTML, like Gecko) Chrome/149.0.0.0 Safari/537.36 Edg/149.0.0.0"
2600:1900:4020:5ea:0:cb:: - - [13/Jun/2026:22:24:42 +1000] "GET /.well-known/resource-that-should-not-exist-whose-status-code-should-not-be-200/ HTTP/1.1" 404 8444 "https://capalaba.aussieseafoodhouse.com.au/shop/" "Mozilla/5.0 (Linux; Android 8.1.0; Moto G (4)) AppleWebKit/537.36 (KHTML, like Gecko) Chrome/149.0.0.0 Mobile Safari/537.36 PTST/260602.124101"
2600:1900:4020:5ea:0:cb:: - - [13/Jun/2026:22:24:42 +1000] "GET /.well-known/passkey-endpoints HTTP/1.1" 404 8444 "https://capalaba.aussieseafoodhouse.com.au/shop/" "Mozilla/5.0 (Linux; Android 8.1.0; Moto G (4)) AppleWebKit/537.36 (KHTML, like Gecko) Chrome/149.0.0.0 Mobile Safari/537.36 PTST/260602.124101"
2600:1900:4020:5ea:0:cb:: - - [13/Jun/2026:22:24:42 +1000] "GET /.well-known/webauthn HTTP/1.1" 404 8444 "https://capalaba.aussieseafoodhouse.com.au/shop/" "Mozilla/5.0 (Linux; Android 8.1.0; Moto G (4)) AppleWebKit/537.36 (KHTML, like Gecko) Chrome/149.0.0.0 Mobile Safari/537.36 PTST/260602.124101"
2600:1900:4020:5ea:0:cb:: - - [13/Jun/2026:22:24:42 +1000] "GET /.well-known/apple-app-site-association HTTP/1.1" 404 8444 "https://capalaba.aussieseafoodhouse.com.au/shop/" "Mozilla/5.0 (Linux; Android 8.1.0; Moto G (4)) AppleWebKit/537.36 (KHTML, like Gecko) Chrome/149.0.0.0 Mobile Safari/537.36 PTST/260602.124101"
2600:1900:4020:5ea:0:cb:: - - [13/Jun/2026:22:24:42 +1000] "GET /.well-known/related-website-set.json HTTP/1.1" 404 8444 "https://capalaba.aussieseafoodhouse.com.au/shop/" "Mozilla/5.0 (Linux; Android 8.1.0; Moto G (4)) AppleWebKit/537.36 (KHTML, like Gecko) Chrome/149.0.0.0 Mobile Safari/537.36 PTST/260602.124101"
2600:1900:4020:5ea:0:cb:: - - [13/Jun/2026:22:24:42 +1000] "GET /.well-known/gpc.json HTTP/1.1" 404 8444 "https://capalaba.aussieseafoodhouse.com.au/shop/" "Mozilla/5.0 (Linux; Android 8.1.0; Moto G (4)) AppleWebKit/537.36 (KHTML, like Gecko) Chrome/149.0.0.0 Mobile Safari/537.36 PTST/260602.124101"
2600:1900:4020:5ea:0:cb:: - - [13/Jun/2026:22:24:42 +1000] "GET /.well-known/assetlinks.json HTTP/1.1" 404 8444 "https://capalaba.aussieseafoodhouse.com.au/shop/" "Mozilla/5.0 (Linux; Android 8.1.0; Moto G (4)) AppleWebKit/537.36 (KHTML, like Gecko) Chrome/149.0.0.0 Mobile Safari/537.36 PTST/260602.124101"
2600:1900:4020:5ea:0:cb:: - - [13/Jun/2026:22:24:42 +1000] "GET /.well-known/change-password HTTP/1.1" 404 8444 "https://capalaba.aussieseafoodhouse.com.au/shop/" "Mozilla/5.0 (Linux; Android 8.1.0; Moto G (4)) AppleWebKit/537.36 (KHTML, like Gecko) Chrome/149.0.0.0 Mobile Safari/537.36 PTST/260602.124101"
2600:1900:4020:5ea:0:cb:: - - [13/Jun/2026:22:24:42 +1000] "GET /.well-known/web-identity HTTP/1.1" 404 8444 "https://capalaba.aussieseafoodhouse.com.au/shop/" "Mozilla/5.0 (Linux; Android 8.1.0; Moto G (4)) AppleWebKit/537.36 (KHTML, like Gecko) Chrome/149.0.0.0 Mobile Safari/537.36 PTST/260602.124101"
2600:1900:4020:5ea:0:cb:: - - [13/Jun/2026:22:24:42 +1000] "GET /.well-known/privacy-sandbox-attestations.json HTTP/1.1" 404 8444 "https://capalaba.aussieseafoodhouse.com.au/shop/" "Mozilla/5.0 (Linux; Android 8.1.0; Moto G (4)) AppleWebKit/537.36 (KHTML, like Gecko) Chrome/149.0.0.0 Mobile Safari/537.36 PTST/260602.124101"
2600:1900:4020:5ea:0:cb:: - - [13/Jun/2026:22:24:42 +1000] "GET /.well-known/ucp HTTP/1.1" 404 8444 "https://capalaba.aussieseafoodhouse.com.au/shop/" "Mozilla/5.0 (Linux; Android 8.1.0; Moto G (4)) AppleWebKit/537.36 (KHTML, like Gecko) Chrome/149.0.0.0 Mobile Safari/537.36 PTST/260602.124101"
2600:1900:4020:5ea:0:cb:: - - [13/Jun/2026:22:24:42 +1000] "GET /.well-known/security.txt HTTP/1.1" 404 8444 "https://capalaba.aussieseafoodhouse.com.au/shop/" "Mozilla/5.0 (Linux; Android 8.1.0; Moto G (4)) AppleWebKit/537.36 (KHTML, like Gecko) Chrome/149.0.0.0 Mobile Safari/537.36 PTST/260602.124101"
96.0.73.164 - - [13/Jun/2026:22:24:43 +1000] "GET /?s=bug&post_type=product HTTP/1.1" 200 11913 "https://capalaba.aussieseafoodhouse.com.au/shop/" "Mozilla/5.0 (Windows NT 10.0; Win64; x64) AppleWebKit/537.36 (KHTML, like Gecko) Chrome/149.0.0.0 Safari/537.36 Edg/149.0.0.0"
96.0.73.164 - - [13/Jun/2026:22:24:43 +1000] "GET /wp-content/uploads/sites/8/2021/11/Bugs-Raw-tails-367-6x6-3d-300x300.jpg HTTP/1.1" 200 52726 "https://capalaba.aussieseafoodhouse.com.au/?s=bug&post_type=product" "Mozilla/5.0 (Windows NT 10.0; Win64; x64) AppleWebKit/537.36 (KHTML, like Gecko) Chrome/149.0.0.0 Safari/537.36 Edg/149.0.0.0"
96.0.73.164 - - [13/Jun/2026:22:24:43 +1000] "GET /wp-content/uploads/sites/8/2018/12/Bug-Lobster-Meat-02-6x6-3d-300x300.jpg HTTP/1.1" 200 53333 "https://capalaba.aussieseafoodhouse.com.au/?s=bug&post_type=product" "Mozilla/5.0 (Windows NT 10.0; Win64; x64) AppleWebKit/537.36 (KHTML, like Gecko) Chrome/149.0.0.0 Safari/537.36 Edg/149.0.0.0"
96.0.73.164 - - [13/Jun/2026:22:24:43 +1000] "GET /wp-content/uploads/sites/8/2016/12/bugsMoreton-Bay-Bugs-6x6-ash-300x300.jpg HTTP/1.1" 200 40521 "https://capalaba.aussieseafoodhouse.com.au/?s=bug&post_type=product" "Mozilla/5.0 (Windows NT 10.0; Win64; x64) AppleWebKit/537.36 (KHTML, like Gecko) Chrome/149.0.0.0 Safari/537.36 Edg/149.0.0.0"
96.0.73.164 - - [13/Jun/2026:22:24:43 +1000] "GET /wp-content/uploads/sites/8/2018/08/Seafood-Platter-6-6x6-ash-ready-Now-300x300.jpg HTTP/1.1" 200 66393 "https://capalaba.aussieseafoodhouse.com.au/?s=bug&post_type=product" "Mozilla/5.0 (Windows NT 10.0; Win64; x64) AppleWebKit/537.36 (KHTML, like Gecko) Chrome/149.0.0.0 Safari/537.36 Edg/149.0.0.0"
2600:1900:4020:5ea:0:cb:: - - [13/Jun/2026:22:24:57 +1000] "GET /product-category/shop/ HTTP/1.1" 301 - "-" "Mozilla/5.0 (Linux; Android 8.1.0; Moto G (4)) AppleWebKit/537.36 (KHTML like Gecko) Chrome/149.0.0.0 Mobile Safari/537.36 PTST/260602.124101"
96.0.73.164 - - [13/Jun/2026:22:24:57 +1000] "GET /product/moreton-bay-bug-meat-fresh-wild-caught/ HTTP/1.1" 200 14484 "https://capalaba.aussieseafoodhouse.com.au/?s=bug&post_type=product" "Mozilla/5.0 (Windows NT 10.0; Win64; x64) AppleWebKit/537.36 (KHTML, like Gecko) Chrome/149.0.0.0 Safari/537.36 Edg/149.0.0.0"
96.0.73.164 - - [13/Jun/2026:22:24:58 +1000] "GET /wp-content/uploads/sites/8/2017/08/Kings-6-6x6-last-nights-catch-val-day-300x300.jpg HTTP/1.1" 200 33813 "https://capalaba.aussieseafoodhouse.com.au/product/moreton-bay-bug-meat-fresh-wild-caught/" "Mozilla/5.0 (Windows NT 10.0; Win64; x64) AppleWebKit/537.36 (KHTML, like Gecko) Chrome/149.0.0.0 Safari/537.36 Edg/149.0.0.0"
96.0.73.164 - - [13/Jun/2026:22:24:58 +1000] "GET /wp-content/uploads/sites/8/2020/09/Kings-Jumbo-Ocean-Red-Spot-6x6-aus-300x300.jpg HTTP/1.1" 200 34248 "https://capalaba.aussieseafoodhouse.com.au/product/moreton-bay-bug-meat-fresh-wild-caught/" "Mozilla/5.0 (Windows NT 10.0; Win64; x64) AppleWebKit/537.36 (KHTML, like Gecko) Chrome/149.0.0.0 Safari/537.36 Edg/149.0.0.0"
96.0.73.164 - - [13/Jun/2026:22:24:58 +1000] "GET /wp-content/uploads/sites/8/2017/10/Lobsters-Cooked-on-plate-6x6-ash-300x300.jpg HTTP/1.1" 200 33492 "https://capalaba.aussieseafoodhouse.com.au/product/moreton-bay-bug-meat-fresh-wild-caught/" "Mozilla/5.0 (Windows NT 10.0; Win64; x64) AppleWebKit/537.36 (KHTML, like Gecko) Chrome/149.0.0.0 Safari/537.36 Edg/149.0.0.0"
96.0.73.164 - - [13/Jun/2026:22:24:58 +1000] "GET /wp-content/uploads/sites/8/2017/12/Lobster-Mornay-55-6x6-ash-300x300.jpg HTTP/1.1" 200 44393 "https://capalaba.aussieseafoodhouse.com.au/product/moreton-bay-bug-meat-fresh-wild-caught/" "Mozilla/5.0 (Windows NT 10.0; Win64; x64) AppleWebKit/537.36 (KHTML, like Gecko) Chrome/149.0.0.0 Safari/537.36 Edg/149.0.0.0"
96.0.73.164 - - [13/Jun/2026:22:24:58 +1000] "GET /wp-content/uploads/sites/8/2018/12/Fresh-Bug-Meat-or-Sand-Crab-roll-6x6-ash.jpg HTTP/1.1" 200 287357 "https://capalaba.aussieseafoodhouse.com.au/product/moreton-bay-bug-meat-fresh-wild-caught/" "Mozilla/5.0 (Windows NT 10.0; Win64; x64) AppleWebKit/537.36 (KHTML, like Gecko) Chrome/149.0.0.0 Safari/537.36 Edg/149.0.0.0"
96.0.73.164 - - [13/Jun/2026:22:24:58 +1000] "GET /wp-content/uploads/sites/8/2018/12/Bug-Lobster-Meat-02-6x6-3d.jpg HTTP/1.1" 200 382335 "https://capalaba.aussieseafoodhouse.com.au/product/moreton-bay-bug-meat-fresh-wild-caught/" "Mozilla/5.0 (Windows NT 10.0; Win64; x64) AppleWebKit/537.36 (KHTML, like Gecko) Chrome/149.0.0.0 Safari/537.36 Edg/149.0.0.0"
96.0.73.164 - - [13/Jun/2026:22:24:58 +1000] "GET /wp-content/uploads/sites/8/2020/04/seafood-crepes-Prawn-Bug-6x6-ash.jpg HTTP/1.1" 200 538813 "https://capalaba.aussieseafoodhouse.com.au/product/moreton-bay-bug-meat-fresh-wild-caught/" "Mozilla/5.0 (Windows NT 10.0; Win64; x64) AppleWebKit/537.36 (KHTML, like Gecko) Chrome/149.0.0.0 Safari/537.36 Edg/149.0.0.0"
96.0.73.164 - - [13/Jun/2026:22:24:58 +1000] "GET /wp-content/uploads/sites/8/2016/12/Bugs-Moreton-Bay-Ready-to-Eat-6x6-aus.jpg HTTP/1.1" 200 432330 "https://capalaba.aussieseafoodhouse.com.au/product/moreton-bay-bug-meat-fresh-wild-caught/" "Mozilla/5.0 (Windows NT 10.0; Win64; x64) AppleWebKit/537.36 (KHTML, like Gecko) Chrome/149.0.0.0 Safari/537.36 Edg/149.0.0.0"
96.0.73.164 - - [13/Jun/2026:22:24:58 +1000] "GET /wp-content/uploads/sites/8/2018/12/Bug-Lobster-Meat-02-6x6-3d-100x100.jpg HTTP/1.1" 200 23946 "https://capalaba.aussieseafoodhouse.com.au/product/moreton-bay-bug-meat-fresh-wild-caught/" "Mozilla/5.0 (Windows NT 10.0; Win64; x64) AppleWebKit/537.36 (KHTML, like Gecko) Chrome/149.0.0.0 Safari/537.36 Edg/149.0.0.0"
96.0.73.164 - - [13/Jun/2026:22:24:58 +1000] "GET /wp-content/uploads/sites/8/2018/12/Fresh-Bug-Meat-or-Sand-Crab-roll-6x6-ash-100x100.jpg HTTP/1.1" 200 4579 "https://capalaba.aussieseafoodhouse.com.au/product/moreton-bay-bug-meat-fresh-wild-caught/" "Mozilla/5.0 (Windows NT 10.0; Win64; x64) AppleWebKit/537.36 (KHTML, like Gecko) Chrome/149.0.0.0 Safari/537.36 Edg/149.0.0.0"
96.0.73.164 - - [13/Jun/2026:22:24:58 +1000] "GET /wp-content/uploads/sites/8/2016/12/Bugs-Moreton-Bay-Ready-to-Eat-6x6-aus-100x100.jpg HTTP/1.1" 200 4650 "https://capalaba.aussieseafoodhouse.com.au/product/moreton-bay-bug-meat-fresh-wild-caught/" "Mozilla/5.0 (Windows NT 10.0; Win64; x64) AppleWebKit/537.36 (KHTML, like Gecko) Chrome/149.0.0.0 Safari/537.36 Edg/149.0.0.0"
96.0.73.164 - - [13/Jun/2026:22:24:58 +1000] "GET /wp-content/uploads/sites/8/2020/04/seafood-crepes-Prawn-Bug-6x6-ash-100x100.jpg HTTP/1.1" 200 4924 "https://capalaba.aussieseafoodhouse.com.au/product/moreton-bay-bug-meat-fresh-wild-caught/" "Mozilla/5.0 (Windows NT 10.0; Win64; x64) AppleWebKit/537.36 (KHTML, like Gecko) Chrome/149.0.0.0 Safari/537.36 Edg/149.0.0.0"
2600:1900:4020:5ea:0:cb:: - - [13/Jun/2026:22:24:58 +1000] "GET /shop/ HTTP/1.1" 200 13614 "-" "Mozilla/5.0 (Linux; Android 8.1.0; Moto G (4)) AppleWebKit/537.36 (KHTML like Gecko) Chrome/149.0.0.0 Mobile Safari/537.36 PTST/260602.124101"
2600:1900:4020:5ea:0:cb:: - - [13/Jun/2026:22:25:01 +1000] "POST /?wc-ajax=get_refreshed_fragments HTTP/1.1" 200 161 "https://capalaba.aussieseafoodhouse.com.au/shop/" "Mozilla/5.0 (Linux; Android 8.1.0; Moto G (4)) AppleWebKit/537.36 (KHTML like Gecko) Chrome/149.0.0.0 Mobile Safari/537.36 PTST/260602.124101"
107.173.9.84 - - [13/Jun/2026:22:25:20 +1000] "GET /contact-us-2/contact-us/ HTTP/1.1" 200 9600 "-" "Uptime-Kuma/2.0.0-beta.4"
160.22.78.242 - - [13/Jun/2026:22:25:26 +1000] "POST /wp-cron.php?doing_wp_cron=1781353526.0829229354858398437500 HTTP/1.1" 200 - "https://capalaba.aussieseafoodhouse.com.au/wp-cron.php?doing_wp_cron=1781353526.0829229354858398437500" "WordPress/5.5.18; https://capalaba.aussieseafoodhouse.com.au"
2600:1900:4020:5ea:0:cb:: - - [13/Jun/2026:22:25:25 +1000] "GET /llms.txt HTTP/1.1" 404 8434 "-" "Mozilla/5.0 (X11; Linux x86_64) AppleWebKit/537.36 (KHTML, like Gecko) HeadlessChrome/149.0.0.0 Safari/537.36"
96.0.73.164 - - [13/Jun/2026:22:25:31 +1000] "GET /about/locations/ HTTP/1.1" 200 10015 "https://capalaba.aussieseafoodhouse.com.au/product/moreton-bay-bug-meat-fresh-wild-caught/" "Mozilla/5.0 (Windows NT 10.0; Win64; x64) AppleWebKit/537.36 (KHTML, like Gecko) Chrome/149.0.0.0 Safari/537.36 Edg/149.0.0.0"
2600:1900:4020:5ea:0:cb:: - - [13/Jun/2026:22:25:31 +1000] "GET /wp-content/uploads/sites/8/2016/11/banana-cutlet-600.600.jpg HTTP/1.1" 200 415763 "https://capalaba.aussieseafoodhouse.com.au/shop/" "Mozilla/5.0 (Linux; Android 8.1.0; Moto G (4)) AppleWebKit/537.36 (KHTML like Gecko) Chrome/149.0.0.0 Mobile Safari/537.36 PTST/260602.124101"
40.77.167.6 - - [13/Jun/2026:22:25:48 +1000] "GET /wp-content/uploads/sites/8/2019/06/Kipper-Fillets-Scottish-6x6-100x100.jpg HTTP/1.1" 200 4499 "-" "Mozilla/5.0 AppleWebKit/537.36 (KHTML, like Gecko; compatible; bingbot/2.0; +http://www.bing.com/bingbot.htm) Chrome/116.0.1938.76 Safari/537.36"
178.20.44.82 - - [13/Jun/2026:22:26:02 +1000] "GET /product/hairtail-ribbonfish-fresh-wild-caught/ HTTP/1.1" 200 14350 "https://capalaba.aussieseafoodhouse.com.au/product/hairtail-ribbonfish-fresh-wild-caught/" "Mozilla/5.0 (Windows NT 10.0; Win64; x64) AppleWebKit/537.36 (KHTML, like Gecko) Chrome/130.0.0.0 Safari/537.36"
178.20.44.82 - - [13/Jun/2026:22:26:03 +1000] "GET /contact-us-2/contact-us/ HTTP/1.1" 200 11029 "https://capalaba.aussieseafoodhouse.com.au/contact-us-2/contact-us/" "Mozilla/5.0 (Windows NT 10.0; Win64; x64) AppleWebKit/537.36 (KHTML, like Gecko) Chrome/130.0.0.0 Safari/537.36"
178.20.44.82 - - [13/Jun/2026:22:26:04 +1000] "POST /contact-us-2/contact-us/ HTTP/1.1" 200 11748 "https://capalaba.aussieseafoodhouse.com.au/contact-us-2/contact-us/" "Mozilla/5.0 (Windows NT 10.0; Win64; x64) AppleWebKit/537.36 (KHTML, like Gecko) Chrome/130.0.0.0 Safari/537.36"
96.0.73.164 - - [13/Jun/2026:22:26:07 +1000] "POST /?wc-ajax=get_refreshed_fragments HTTP/1.1" 200 161 "https://capalaba.aussieseafoodhouse.com.au/" "Mozilla/5.0 (Windows NT 10.0; Win64; x64) AppleWebKit/537.36 (KHTML, like Gecko) Chrome/149.0.0.0 Safari/537.36 Edg/149.0.0.0"
107.173.9.84 - - [13/Jun/2026:22:26:20 +1000] "GET /contact-us-2/contact-us/ HTTP/1.1" 200 9600 "-" "Uptime-Kuma/2.0.0-beta.4"
160.22.78.242 - - [13/Jun/2026:22:26:33 +1000] "POST /wp-cron.php?doing_wp_cron=1781353593.6687328815460205078125 HTTP/1.1" 200 - "https://capalaba.aussieseafoodhouse.com.au/wp-cron.php?doing_wp_cron=1781353593.6687328815460205078125" "WordPress/5.5.18; https://capalaba.aussieseafoodhouse.com.au"
176.65.139.231 - - [13/Jun/2026:22:26:33 +1000] "GET /.env HTTP/1.1" 404 9180 "-" "Mozilla/5.0 (Windows NT 10.0; Win64; x64) AppleWebKit/537.36 (KHTML, like Gecko) Chrome/147.0.0.0 Safari/537.36"
160.22.78.242 - - [13/Jun/2026:22:27:22 +1000] "POST /wp-cron.php?doing_wp_cron=1781353642.2111260890960693359375 HTTP/1.1" 200 - "https://capalaba.aussieseafoodhouse.com.au/wp-cron.php?doing_wp_cron=1781353642.2111260890960693359375" "WordPress/5.5.18; https://capalaba.aussieseafoodhouse.com.au"
107.173.9.84 - - [13/Jun/2026:22:27:20 +1000] "GET /contact-us-2/contact-us/ HTTP/1.1" 200 9600 "-" "Uptime-Kuma/2.0.0-beta.4"
160.22.78.242 - - [13/Jun/2026:22:28:22 +1000] "POST /wp-cron.php?doing_wp_cron=1781353702.4177670478820800781250 HTTP/1.1" 200 - "https://capalaba.aussieseafoodhouse.com.au/wp-cron.php?doing_wp_cron=1781353702.4177670478820800781250" "WordPress/5.5.18; https://capalaba.aussieseafoodhouse.com.au"
160.22.78.242 - - [13/Jun/2026:22:28:21 +1000] "POST /?wordfence_syncAttackData=1781353701.9644 HTTP/1.1" 200 - "https://capalaba.aussieseafoodhouse.com.au/?wordfence_syncAttackData=1781353701.9644" "WordPress/5.5.18; https://capalaba.aussieseafoodhouse.com.au"
160.22.78.242 - - [13/Jun/2026:22:28:22 +1000] "POST /wp-cron.php?doing_wp_cron=1781353702.8197090625762939453125 HTTP/1.1" 200 - "https://capalaba.aussieseafoodhouse.com.au/wp-cron.php?doing_wp_cron=1781353702.8197090625762939453125" "WordPress/5.5.18; https://capalaba.aussieseafoodhouse.com.au"
107.173.9.84 - - [13/Jun/2026:22:28:20 +1000] "GET /contact-us-2/contact-us/ HTTP/1.1" 200 9600 "-" "Uptime-Kuma/2.0.0-beta.4"
